{"id":1937,"date":"2023-07-11T12:57:12","date_gmt":"2023-07-11T15:57:12","guid":{"rendered":"https:\/\/www.ing.uc.cl\/electrica\/?page_id=1937"},"modified":"2023-07-25T15:27:06","modified_gmt":"2023-07-25T18:27:06","slug":"comite-directivo","status":"publish","type":"page","link":"https:\/\/www.ing.uc.cl\/electrica\/departamento\/comite-directivo\/","title":{"rendered":"Comit\u00e9 Directivo"},"content":{"rendered":"<div id=\"pl-gb1937-69f8c5e2b52a6\"  class=\"panel-layout\" ><div id=\"pg-gb1937-69f8c5e2b52a6-0\"  class=\"panel-grid panel-no-style\" ><div id=\"pgc-gb1937-69f8c5e2b52a6-0-0\"  class=\"panel-grid-cell\" ><div id=\"panel-gb1937-69f8c5e2b52a6-0-0-0\" class=\"so-panel widget widget_sow-editor panel-first-child panel-last-child\" data-index=\"0\" ><div class=\"uc-title panel-widget-style panel-widget-style-for-gb1937-69f8c5e2b52a6-0-0-0\" ><div\n\t\t\t\n\t\t\tclass=\"so-widget-sow-editor so-widget-sow-editor-base\"\n\t\t\t\n\t\t>\n<div class=\"siteorigin-widget-tinymce textwidget\">\n\t<h3>Comit\u00e9 Directivo<\/h3>\n<\/div>\n<\/div><\/div><\/div><\/div><\/div><\/div>\n\n\n<p>El Comit\u00e9 Directivo de nuestro departamento lo componen los siguientes integrantes:<\/p>\n\n\n<div class='rt-container-fluid rt-team-container rt-pos-r rt-team-container-1962' id='rt-team-container-3646034586'  data-layout='layout1' data-desktop-col='4'  data-tab-col='2'  data-mobile-col='1' data-sc-id='1962' data-popup-bg=''><div data-title='Loading ...' class='rt-row rt-content-loader layout1 ttp-even ttp-pre-loader'><div class=\"rt-col-md-3 rt-col-sm-6 rt-col-xs-12  even-grid-item rt-grid-item\" data-id=\"1958\"><div class=\"single-team-area\"><div class=\"single-team\"><figure><img width=\"300\" height=\"300\" src=\"https:\/\/www.ing.uc.cl\/electrica\/wp-content\/uploads\/2023\/07\/Negrete300.png\" class=\"img-responsive rt-team-img\" alt=\"Mat\u00edas Negrete\" \/><\/figure><\/div><div class=\"tlp-content\"><h3><span class=\"team-name\">Mat\u00edas Negrete<\/span><\/h3><\/div><div class=\"short-bio\"><p><b>Director Departamento Ingenier\u00eda El\u00e9ctrica<\/b><\/p>\n<\/div><\/div><\/div><div class=\"rt-col-md-3 rt-col-sm-6 rt-col-xs-12  even-grid-item rt-grid-item\" data-id=\"1960\"><div class=\"single-team-area\"><div class=\"single-team\"><figure><img width=\"300\" height=\"300\" src=\"https:\/\/www.ing.uc.cl\/electrica\/wp-content\/uploads\/2023\/07\/Rojas300.png\" class=\"img-responsive rt-team-img\" alt=\"F\u00e9lix Rojas\" \/><\/figure><\/div><div class=\"tlp-content\"><h3><span class=\"team-name\">F\u00e9lix Rojas<\/span><\/h3><\/div><div class=\"short-bio\"><p><b>Jefe de \u00c1rea - Programa Mag\u00edster<\/b><\/p>\n<\/div><\/div><\/div><div class=\"rt-col-md-3 rt-col-sm-6 rt-col-xs-12  even-grid-item rt-grid-item\" data-id=\"1968\"><div class=\"single-team-area\"><div class=\"single-team\"><figure><img width=\"300\" height=\"300\" src=\"https:\/\/www.ing.uc.cl\/electrica\/wp-content\/uploads\/2023\/07\/Tejos300.png\" class=\"img-responsive rt-team-img\" alt=\"Cristi\u00e1n Tejos\" \/><\/figure><\/div><div class=\"tlp-content\"><h3><span class=\"team-name\">Cristi\u00e1n Tejos<\/span><\/h3><\/div><div class=\"short-bio\"><p><b>Jefe de \u00c1rea - Programa Doctorado<\/b><\/p>\n<\/div><\/div><\/div><div class=\"rt-col-md-3 rt-col-sm-6 rt-col-xs-12  even-grid-item rt-grid-item\" data-id=\"1970\"><div class=\"single-team-area\"><div class=\"single-team\"><figure><img width=\"300\" height=\"300\" src=\"https:\/\/www.ing.uc.cl\/electrica\/wp-content\/uploads\/2023\/07\/Delacuadra300.png\" class=\"img-responsive rt-team-img\" alt=\"Patricio de La Cuadra\" \/><\/figure><\/div><div class=\"tlp-content\"><h3><span class=\"team-name\">Patricio de La Cuadra<\/span><\/h3><\/div><div class=\"short-bio\"><p><b>Representante de Pregrado<\/b><\/p>\n<\/div><\/div><\/div><div class=\"rt-col-md-3 rt-col-sm-6 rt-col-xs-12  even-grid-item rt-grid-item\" data-id=\"1972\"><div class=\"single-team-area\"><div class=\"single-team\"><figure><img width=\"400\" height=\"400\" src=\"https:\/\/www.ing.uc.cl\/electrica\/wp-content\/uploads\/2023\/07\/Alvarado400.png\" class=\"img-responsive rt-team-img\" alt=\"Carolina Alvarado\" \/><\/figure><\/div><div class=\"tlp-content\"><h3><span class=\"team-name\">Carolina Alvarado<\/span><\/h3><\/div><div class=\"short-bio\"><p><b>Jefa de Proyectos y Gesti\u00f3n<\/b><\/p>\n<\/div><\/div><\/div><div class=\"rt-col-md-3 rt-col-sm-6 rt-col-xs-12  even-grid-item rt-grid-item\" data-id=\"1974\"><div class=\"single-team-area\"><div class=\"single-team\"><figure><img width=\"300\" height=\"300\" src=\"https:\/\/www.ing.uc.cl\/electrica\/wp-content\/uploads\/2023\/07\/Nunez300.png\" class=\"img-responsive rt-team-img\" alt=\"Felipe N\u00fa\u00f1ez\" \/><\/figure><\/div><div class=\"tlp-content\"><h3><span class=\"team-name\">Felipe N\u00fa\u00f1ez<\/span><\/h3><\/div><div class=\"short-bio\"><p><b>Coordinador Curricular<\/b><\/p>\n<\/div><\/div><\/div><div class=\"rt-col-md-3 rt-col-sm-6 rt-col-xs-12  even-grid-item rt-grid-item\" data-id=\"11911\"><div class=\"single-team-area\"><div class=\"single-team\"><figure><img width=\"300\" height=\"300\" src=\"https:\/\/www.ing.uc.cl\/electrica\/wp-content\/uploads\/2023\/07\/Pereda3002.png\" class=\"img-responsive rt-team-img\" alt=\"Javier Pereda\" \/><\/figure><\/div><div class=\"tlp-content\"><h3><span class=\"team-name\">Javier Pereda<\/span><\/h3><\/div><div class=\"short-bio\"><p><b>Jefe Major<\/b><\/p>\n<\/div><\/div><\/div><div class=\"rt-loading-overlay\"><\/div><div class=\"rt-loading rt-ball-clip-rotate\"><div><\/div><\/div><\/div><\/div>\n","protected":false},"excerpt":{"rendered":"<p>El Comit\u00e9 Directivo de nuestro departamento lo componen los siguientes integrantes:<\/p>\n","protected":false},"author":4,"featured_media":0,"parent":772,"menu_order":4,"comment_status":"closed","ping_status":"closed","template":"","meta":{"_acf_changed":false,"_eb_attr":"","site-sidebar-layout":"default","site-content-layout":"","ast-site-content-layout":"default","site-content-style":"default","site-sidebar-style":"default","ast-global-header-display":"","ast-banner-title-visibility":"","ast-main-header-display":"","ast-hfb-above-header-display":"","ast-hfb-below-header-display":"","ast-hfb-mobile-header-display":"","site-post-title":"disabled","ast-breadcrumbs-content":"","ast-featured-img":"","footer-sml-layout":"","ast-disable-related-posts":"","theme-transparent-header-meta":"","adv-header-id-meta":"","stick-header-meta":"","header-above-stick-meta":"","header-main-stick-meta":"","header-below-stick-meta":"","astra-migrate-meta-layouts":"default","ast-page-background-enabled":"default","ast-page-background-meta":{"desktop":{"background-color":"","background-image":"","background-repeat":"repeat","background-position":"center center","background-size":"auto","background-attachment":"scroll","background-type":"","background-media":"","overlay-type":"","overlay-color":"","overlay-opacity":"","overlay-gradient":""},"tablet":{"background-color":"","background-image":"","background-repeat":"repeat","background-position":"center center","background-size":"auto","background-attachment":"scroll","background-type":"","background-media":"","overlay-type":"","overlay-color":"","overlay-opacity":"","overlay-gradient":""},"mobile":{"background-color":"","background-image":"","background-repeat":"repeat","background-position":"center center","background-size":"auto","background-attachment":"scroll","background-type":"","background-media":"","overlay-type":"","overlay-color":"","overlay-opacity":"","overlay-gradient":""}},"ast-content-background-meta":{"desktop":{"background-color":"var(--ast-global-color-5)","background-image":"","background-repeat":"repeat","background-position":"center center","background-size":"auto","background-attachment":"scroll","background-type":"","background-media":"","overlay-type":"","overlay-color":"","overlay-opacity":"","overlay-gradient":""},"tablet":{"background-color":"var(--ast-global-color-5)","background-image":"","background-repeat":"repeat","background-position":"center center","background-size":"auto","background-attachment":"scroll","background-type":"","background-media":"","overlay-type":"","overlay-color":"","overlay-opacity":"","overlay-gradient":""},"mobile":{"background-color":"var(--ast-global-color-5)","background-image":"","background-repeat":"repeat","background-position":"center center","background-size":"auto","background-attachment":"scroll","background-type":"","background-media":"","overlay-type":"","overlay-color":"","overlay-opacity":"","overlay-gradient":""}},"footnotes":""},"class_list":["post-1937","page","type-page","status-publish","hentry"],"acf":[],"yoast_head":"<!-- This site is optimized with the Yoast SEO plugin v27.5 - https:\/\/yoast.com\/product\/yoast-seo-wordpress\/ -->\n<title>Comit\u00e9 Directivo - DEPARTAMENTO DE INGENIER\u00cdA EL\u00c9CTRICA<\/title>\n<meta name=\"robots\" content=\"index, follow, max-snippet:-1, max-image-preview:large, max-video-preview:-1\" \/>\n<link rel=\"canonical\" href=\"https:\/\/www.ing.uc.cl\/electrica\/departamento\/comite-directivo\/\" \/>\n<meta property=\"og:locale\" content=\"es_ES\" \/>\n<meta property=\"og:type\" content=\"article\" \/>\n<meta property=\"og:title\" content=\"Comit\u00e9 Directivo - DEPARTAMENTO DE INGENIER\u00cdA EL\u00c9CTRICA\" \/>\n<meta property=\"og:description\" content=\"El Comit\u00e9 Directivo de nuestro departamento lo componen los siguientes integrantes:\" \/>\n<meta property=\"og:url\" content=\"https:\/\/www.ing.uc.cl\/electrica\/departamento\/comite-directivo\/\" \/>\n<meta property=\"og:site_name\" content=\"DEPARTAMENTO DE INGENIER\u00cdA EL\u00c9CTRICA\" \/>\n<meta property=\"article:modified_time\" content=\"2023-07-25T18:27:06+00:00\" \/>\n<meta name=\"twitter:card\" content=\"summary_large_image\" \/>\n<meta name=\"twitter:label1\" content=\"Tiempo estimado de lectura\" \/>\n\t<meta name=\"twitter:data1\" content=\"1 minuto\" \/>\n<script type=\"application\/ld+json\" class=\"yoast-schema-graph\">{\"@context\":\"https:\\\/\\\/schema.org\",\"@graph\":[{\"@type\":\"WebPage\",\"@id\":\"https:\\\/\\\/www.ing.uc.cl\\\/electrica\\\/departamento\\\/comite-directivo\\\/\",\"url\":\"https:\\\/\\\/www.ing.uc.cl\\\/electrica\\\/departamento\\\/comite-directivo\\\/\",\"name\":\"Comit\u00e9 Directivo - DEPARTAMENTO DE INGENIER\u00cdA EL\u00c9CTRICA\",\"isPartOf\":{\"@id\":\"https:\\\/\\\/www.ing.uc.cl\\\/electrica\\\/#website\"},\"datePublished\":\"2023-07-11T15:57:12+00:00\",\"dateModified\":\"2023-07-25T18:27:06+00:00\",\"breadcrumb\":{\"@id\":\"https:\\\/\\\/www.ing.uc.cl\\\/electrica\\\/departamento\\\/comite-directivo\\\/#breadcrumb\"},\"inLanguage\":\"es-CL\",\"potentialAction\":[{\"@type\":\"ReadAction\",\"target\":[\"https:\\\/\\\/www.ing.uc.cl\\\/electrica\\\/departamento\\\/comite-directivo\\\/\"]}]},{\"@type\":\"BreadcrumbList\",\"@id\":\"https:\\\/\\\/www.ing.uc.cl\\\/electrica\\\/departamento\\\/comite-directivo\\\/#breadcrumb\",\"itemListElement\":[{\"@type\":\"ListItem\",\"position\":1,\"name\":\"Portada\",\"item\":\"https:\\\/\\\/www.ing.uc.cl\\\/electrica\\\/\"},{\"@type\":\"ListItem\",\"position\":2,\"name\":\"Departamento\",\"item\":\"https:\\\/\\\/www.ing.uc.cl\\\/electrica\\\/departamento\\\/\"},{\"@type\":\"ListItem\",\"position\":3,\"name\":\"Comit\u00e9 Directivo\"}]},{\"@type\":\"WebSite\",\"@id\":\"https:\\\/\\\/www.ing.uc.cl\\\/electrica\\\/#website\",\"url\":\"https:\\\/\\\/www.ing.uc.cl\\\/electrica\\\/\",\"name\":\"DEPARTAMENTO DE INGENIER\u00cdA EL\u00c9CTRICA\",\"description\":\"\",\"publisher\":{\"@id\":\"https:\\\/\\\/www.ing.uc.cl\\\/electrica\\\/#organization\"},\"potentialAction\":[{\"@type\":\"SearchAction\",\"target\":{\"@type\":\"EntryPoint\",\"urlTemplate\":\"https:\\\/\\\/www.ing.uc.cl\\\/electrica\\\/?s={search_term_string}\"},\"query-input\":{\"@type\":\"PropertyValueSpecification\",\"valueRequired\":true,\"valueName\":\"search_term_string\"}}],\"inLanguage\":\"es-CL\"},{\"@type\":\"Organization\",\"@id\":\"https:\\\/\\\/www.ing.uc.cl\\\/electrica\\\/#organization\",\"name\":\"DEPARTAMENTO DE INGENIER\u00cdA EL\u00c9CTRICA\",\"url\":\"https:\\\/\\\/www.ing.uc.cl\\\/electrica\\\/\",\"logo\":{\"@type\":\"ImageObject\",\"inLanguage\":\"es-CL\",\"@id\":\"https:\\\/\\\/www.ing.uc.cl\\\/electrica\\\/#\\\/schema\\\/logo\\\/image\\\/\",\"url\":\"https:\\\/\\\/www.ing.uc.cl\\\/electrica\\\/wp-content\\\/uploads\\\/2020\\\/03\\\/logo-uc-03.svg\",\"contentUrl\":\"https:\\\/\\\/www.ing.uc.cl\\\/electrica\\\/wp-content\\\/uploads\\\/2020\\\/03\\\/logo-uc-03.svg\",\"width\":156,\"height\":90,\"caption\":\"DEPARTAMENTO DE INGENIER\u00cdA EL\u00c9CTRICA\"},\"image\":{\"@id\":\"https:\\\/\\\/www.ing.uc.cl\\\/electrica\\\/#\\\/schema\\\/logo\\\/image\\\/\"}}]}<\/script>\n<!-- \/ Yoast SEO plugin. -->","yoast_head_json":{"title":"Comit\u00e9 Directivo - DEPARTAMENTO DE INGENIER\u00cdA EL\u00c9CTRICA","robots":{"index":"index","follow":"follow","max-snippet":"max-snippet:-1","max-image-preview":"max-image-preview:large","max-video-preview":"max-video-preview:-1"},"canonical":"https:\/\/www.ing.uc.cl\/electrica\/departamento\/comite-directivo\/","og_locale":"es_ES","og_type":"article","og_title":"Comit\u00e9 Directivo - DEPARTAMENTO DE INGENIER\u00cdA EL\u00c9CTRICA","og_description":"El Comit\u00e9 Directivo de nuestro departamento lo componen los siguientes integrantes:","og_url":"https:\/\/www.ing.uc.cl\/electrica\/departamento\/comite-directivo\/","og_site_name":"DEPARTAMENTO DE INGENIER\u00cdA EL\u00c9CTRICA","article_modified_time":"2023-07-25T18:27:06+00:00","twitter_card":"summary_large_image","twitter_misc":{"Tiempo estimado de lectura":"1 minuto"},"schema":{"@context":"https:\/\/schema.org","@graph":[{"@type":"WebPage","@id":"https:\/\/www.ing.uc.cl\/electrica\/departamento\/comite-directivo\/","url":"https:\/\/www.ing.uc.cl\/electrica\/departamento\/comite-directivo\/","name":"Comit\u00e9 Directivo - DEPARTAMENTO DE INGENIER\u00cdA EL\u00c9CTRICA","isPartOf":{"@id":"https:\/\/www.ing.uc.cl\/electrica\/#website"},"datePublished":"2023-07-11T15:57:12+00:00","dateModified":"2023-07-25T18:27:06+00:00","breadcrumb":{"@id":"https:\/\/www.ing.uc.cl\/electrica\/departamento\/comite-directivo\/#breadcrumb"},"inLanguage":"es-CL","potentialAction":[{"@type":"ReadAction","target":["https:\/\/www.ing.uc.cl\/electrica\/departamento\/comite-directivo\/"]}]},{"@type":"BreadcrumbList","@id":"https:\/\/www.ing.uc.cl\/electrica\/departamento\/comite-directivo\/#breadcrumb","itemListElement":[{"@type":"ListItem","position":1,"name":"Portada","item":"https:\/\/www.ing.uc.cl\/electrica\/"},{"@type":"ListItem","position":2,"name":"Departamento","item":"https:\/\/www.ing.uc.cl\/electrica\/departamento\/"},{"@type":"ListItem","position":3,"name":"Comit\u00e9 Directivo"}]},{"@type":"WebSite","@id":"https:\/\/www.ing.uc.cl\/electrica\/#website","url":"https:\/\/www.ing.uc.cl\/electrica\/","name":"DEPARTAMENTO DE INGENIER\u00cdA EL\u00c9CTRICA","description":"","publisher":{"@id":"https:\/\/www.ing.uc.cl\/electrica\/#organization"},"potentialAction":[{"@type":"SearchAction","target":{"@type":"EntryPoint","urlTemplate":"https:\/\/www.ing.uc.cl\/electrica\/?s={search_term_string}"},"query-input":{"@type":"PropertyValueSpecification","valueRequired":true,"valueName":"search_term_string"}}],"inLanguage":"es-CL"},{"@type":"Organization","@id":"https:\/\/www.ing.uc.cl\/electrica\/#organization","name":"DEPARTAMENTO DE INGENIER\u00cdA EL\u00c9CTRICA","url":"https:\/\/www.ing.uc.cl\/electrica\/","logo":{"@type":"ImageObject","inLanguage":"es-CL","@id":"https:\/\/www.ing.uc.cl\/electrica\/#\/schema\/logo\/image\/","url":"https:\/\/www.ing.uc.cl\/electrica\/wp-content\/uploads\/2020\/03\/logo-uc-03.svg","contentUrl":"https:\/\/www.ing.uc.cl\/electrica\/wp-content\/uploads\/2020\/03\/logo-uc-03.svg","width":156,"height":90,"caption":"DEPARTAMENTO DE INGENIER\u00cdA EL\u00c9CTRICA"},"image":{"@id":"https:\/\/www.ing.uc.cl\/electrica\/#\/schema\/logo\/image\/"}}]}},"_links":{"self":[{"href":"https:\/\/www.ing.uc.cl\/electrica\/wp-json\/wp\/v2\/pages\/1937","targetHints":{"allow":["GET"]}}],"collection":[{"href":"https:\/\/www.ing.uc.cl\/electrica\/wp-json\/wp\/v2\/pages"}],"about":[{"href":"https:\/\/www.ing.uc.cl\/electrica\/wp-json\/wp\/v2\/types\/page"}],"author":[{"embeddable":true,"href":"https:\/\/www.ing.uc.cl\/electrica\/wp-json\/wp\/v2\/users\/4"}],"replies":[{"embeddable":true,"href":"https:\/\/www.ing.uc.cl\/electrica\/wp-json\/wp\/v2\/comments?post=1937"}],"version-history":[{"count":6,"href":"https:\/\/www.ing.uc.cl\/electrica\/wp-json\/wp\/v2\/pages\/1937\/revisions"}],"predecessor-version":[{"id":14105,"href":"https:\/\/www.ing.uc.cl\/electrica\/wp-json\/wp\/v2\/pages\/1937\/revisions\/14105"}],"up":[{"embeddable":true,"href":"https:\/\/www.ing.uc.cl\/electrica\/wp-json\/wp\/v2\/pages\/772"}],"wp:attachment":[{"href":"https:\/\/www.ing.uc.cl\/electrica\/wp-json\/wp\/v2\/media?parent=1937"}],"curies":[{"name":"wp","href":"https:\/\/api.w.org\/{rel}","templated":true}]}}