{"id":1575,"date":"2024-06-18T14:14:45","date_gmt":"2024-06-18T17:14:45","guid":{"rendered":"https:\/\/www.ing.uc.cl\/estructural-y-geotecnica\/?page_id=1575"},"modified":"2024-08-21T13:02:45","modified_gmt":"2024-08-21T16:02:45","slug":"centros","status":"publish","type":"page","link":"https:\/\/www.ing.uc.cl\/estructural-y-geotecnica\/investigacion\/centros\/","title":{"rendered":"Centros"},"content":{"rendered":"\t\t<div data-elementor-type=\"wp-page\" data-elementor-id=\"1575\" class=\"elementor elementor-1575\">\n\t\t\t\t\t\t<section class=\"elementor-section elementor-top-section elementor-element elementor-element-ff98e2b elementor-section-boxed elementor-section-height-default elementor-section-height-default wpr-particle-no wpr-jarallax-no wpr-parallax-no wpr-sticky-section-no wpr-equal-height-no\" data-id=\"ff98e2b\" data-element_type=\"section\" data-e-type=\"section\">\n\t\t\t\t\t\t<div class=\"elementor-container elementor-column-gap-default\">\n\t\t\t\t\t<div class=\"elementor-column elementor-col-100 elementor-top-column elementor-element elementor-element-c4dd574\" data-id=\"c4dd574\" data-element_type=\"column\" data-e-type=\"column\">\n\t\t\t<div class=\"elementor-widget-wrap elementor-element-populated\">\n\t\t\t\t\t\t<div class=\"elementor-element elementor-element-b048ee7 elementor-widget elementor-widget-html\" data-id=\"b048ee7\" data-element_type=\"widget\" data-e-type=\"widget\" data-widget_type=\"html.default\">\n\t\t\t\t<div class=\"elementor-widget-container\">\n\t\t\t\t\t<div class=\"uc-title panel-widget-style\"><div>\r\n<div class=\"siteorigin-widget-tinymce textwidget\">\r\n\t<h3>Centros<\/h3>\r\n<\/div>\r\n<\/div><\/div>\t\t\t\t<\/div>\n\t\t\t\t<\/div>\n\t\t\t\t<div class=\"elementor-element elementor-element-201d5f0 elementor-widget elementor-widget-text-editor\" data-id=\"201d5f0\" data-element_type=\"widget\" data-e-type=\"widget\" data-widget_type=\"text-editor.default\">\n\t\t\t\t<div class=\"elementor-widget-container\">\n\t\t\t\t\t\t\t\t\t<p>A trav\u00e9s de los centros asociados a la Escuela de Ingenier\u00eda los acad\u00e9micos desarrollan una ardua labor investigativa.<\/p>\t\t\t\t\t\t\t\t<\/div>\n\t\t\t\t<\/div>\n\t\t\t\t\t<\/div>\n\t\t<\/div>\n\t\t\t\t\t<\/div>\n\t\t<\/section>\n\t\t\t\t<section class=\"elementor-section elementor-top-section elementor-element elementor-element-7ea1b16 elementor-section-boxed elementor-section-height-default elementor-section-height-default wpr-particle-no wpr-jarallax-no wpr-parallax-no wpr-sticky-section-no wpr-equal-height-no\" data-id=\"7ea1b16\" data-element_type=\"section\" data-e-type=\"section\">\n\t\t\t\t\t\t<div class=\"elementor-container elementor-column-gap-default\">\n\t\t\t\t\t<div class=\"elementor-column elementor-col-50 elementor-top-column elementor-element elementor-element-2f8d0e4\" data-id=\"2f8d0e4\" data-element_type=\"column\" data-e-type=\"column\">\n\t\t\t<div class=\"elementor-widget-wrap elementor-element-populated\">\n\t\t\t\t\t\t<div class=\"elementor-element elementor-element-b06d90a elementor-widget elementor-widget-html\" data-id=\"b06d90a\" data-element_type=\"widget\" data-e-type=\"widget\" data-widget_type=\"html.default\">\n\t\t\t\t<div class=\"elementor-widget-container\">\n\t\t\t\t\t<div class=\"uc-title panel-widget-style\"><div>\r\n<div class=\"siteorigin-widget-tinymce textwidget\">\r\n\t<h4>FONDAP<\/h4>\r\n<\/div>\r\n<\/div><\/div>\t\t\t\t<\/div>\n\t\t\t\t<\/div>\n\t\t\t\t<div class=\"elementor-element elementor-element-7aba9b7 elementor-widget elementor-widget-image\" data-id=\"7aba9b7\" data-element_type=\"widget\" data-e-type=\"widget\" data-widget_type=\"image.default\">\n\t\t\t\t<div class=\"elementor-widget-container\">\n\t\t\t\t\t\t\t\t\t\t\t\t\t\t\t<img fetchpriority=\"high\" decoding=\"async\" width=\"1024\" height=\"687\" src=\"https:\/\/www.ing.uc.cl\/estructural-y-geotecnica\/wp-content\/uploads\/2024\/07\/30-31Mar2015-0660067.jpg\" class=\"attachment-large size-large wp-image-4502\" alt=\"\" srcset=\"https:\/\/www.ing.uc.cl\/estructural-y-geotecnica\/wp-content\/uploads\/2024\/07\/30-31Mar2015-0660067.jpg 1024w, https:\/\/www.ing.uc.cl\/estructural-y-geotecnica\/wp-content\/uploads\/2024\/07\/30-31Mar2015-0660067-300x201.jpg 300w, https:\/\/www.ing.uc.cl\/estructural-y-geotecnica\/wp-content\/uploads\/2024\/07\/30-31Mar2015-0660067-768x515.jpg 768w, https:\/\/www.ing.uc.cl\/estructural-y-geotecnica\/wp-content\/uploads\/2024\/07\/30-31Mar2015-0660067-272x182.jpg 272w\" sizes=\"(max-width: 1024px) 100vw, 1024px\" \/>\t\t\t\t\t\t\t\t\t\t\t\t\t\t\t<\/div>\n\t\t\t\t<\/div>\n\t\t\t\t<div class=\"elementor-element elementor-element-5dc2eda elementor-widget elementor-widget-heading\" data-id=\"5dc2eda\" data-element_type=\"widget\" data-e-type=\"widget\" data-widget_type=\"heading.default\">\n\t\t\t\t<div class=\"elementor-widget-container\">\n\t\t\t\t\t<h5 class=\"elementor-heading-title elementor-size-default\">Centro de Excelencia en Geotermia de Los Andes  (CEGA)<\/h5>\t\t\t\t<\/div>\n\t\t\t\t<\/div>\n\t\t\t\t<div class=\"elementor-element elementor-element-818eecb elementor-widget elementor-widget-text-editor\" data-id=\"818eecb\" data-element_type=\"widget\" data-e-type=\"widget\" data-widget_type=\"text-editor.default\">\n\t\t\t\t<div class=\"elementor-widget-container\">\n\t\t\t\t\t\t\t\t\t<p>El Centro de Excelencia en Geotermia de Los Andes (<a href=\"https:\/\/www.cega-uchile.cl\/\" target=\"_blank\" rel=\"noopener\">CEGA<\/a>) trabaja para mejorar y aumentar el conocimiento cient\u00edfico sobre la geotermia en Chile. Su misi\u00f3n es hacer de la energ\u00eda geot\u00e9rmica un recurso sostenible, amigable con el medio ambiente y econ\u00f3micamente competitivo para aportar a los requerimientos energ\u00e9ticos de Chile y Am\u00e9rica Latina. Es liderado por la Facultad de Ciencias F\u00edsicas y Matem\u00e1ticas de la Universidad de Chile y co-liderado por la Escuela de Ingenier\u00eda de la UC.<\/p>\t\t\t\t\t\t\t\t<\/div>\n\t\t\t\t<\/div>\n\t\t\t\t<div class=\"elementor-element elementor-element-e094668 elementor-widget elementor-widget-heading\" data-id=\"e094668\" data-element_type=\"widget\" data-e-type=\"widget\" data-widget_type=\"heading.default\">\n\t\t\t\t<div class=\"elementor-widget-container\">\n\t\t\t\t\t<h5 class=\"elementor-heading-title elementor-size-default\">Centro de Investigaci\u00f3n para la Gesti\u00f3n Integrada de Desastres Naturales (CIGIDEN)<\/h5>\t\t\t\t<\/div>\n\t\t\t\t<\/div>\n\t\t\t\t<div class=\"elementor-element elementor-element-3b78a1e elementor-widget elementor-widget-text-editor\" data-id=\"3b78a1e\" data-element_type=\"widget\" data-e-type=\"widget\" data-widget_type=\"text-editor.default\">\n\t\t\t\t<div class=\"elementor-widget-container\">\n\t\t\t\t\t\t\t\t\t<p>El Centro de Investigaci\u00f3n para la Gesti\u00f3n Integrada de Desastres Naturales (<a href=\"https:\/\/www.cigiden.cl\/\" target=\"_blank\" rel=\"noopener\">CIGIDEN<\/a>) busca generar un nuevo enfoque en la prevenci\u00f3n y gesti\u00f3n de desastres naturales, a trav\u00e9s de un equipo multidisciplinario de investigadores. Esto con el objetivo de contribuir a la mitigaci\u00f3n del impacto sociol\u00f3gico, psicol\u00f3gico, material y econ\u00f3mico que generan los desastres naturales, aprovechando que Chile es uno de los laboratorios naturales m\u00e1s importantes en el mundo para estudiar en profundidad estos fen\u00f3menos. El centro es liderado por la Escuela de Ingenier\u00eda de la UC y copatrocinado por Universidad Cat\u00f3lica del Norte, la Universidad T\u00e9cnica Federico Santa Mar\u00eda y la Universidad Andr\u00e9s Bello.<\/p>\t\t\t\t\t\t\t\t<\/div>\n\t\t\t\t<\/div>\n\t\t\t\t\t<\/div>\n\t\t<\/div>\n\t\t\t\t<div class=\"elementor-column elementor-col-50 elementor-top-column elementor-element elementor-element-902881c\" data-id=\"902881c\" data-element_type=\"column\" data-e-type=\"column\">\n\t\t\t<div class=\"elementor-widget-wrap elementor-element-populated\">\n\t\t\t\t\t\t<div class=\"elementor-element elementor-element-617dd21 elementor-widget elementor-widget-html\" data-id=\"617dd21\" data-element_type=\"widget\" data-e-type=\"widget\" data-widget_type=\"html.default\">\n\t\t\t\t<div class=\"elementor-widget-container\">\n\t\t\t\t\t<div class=\"uc-title panel-widget-style\"><div>\r\n<div class=\"siteorigin-widget-tinymce textwidget\">\r\n\t<h4>Centros UC<\/h4>\r\n<\/div>\r\n<\/div><\/div>\t\t\t\t<\/div>\n\t\t\t\t<\/div>\n\t\t\t\t<div class=\"elementor-element elementor-element-f109925 elementor-widget elementor-widget-image\" data-id=\"f109925\" data-element_type=\"widget\" data-e-type=\"widget\" data-widget_type=\"image.default\">\n\t\t\t\t<div class=\"elementor-widget-container\">\n\t\t\t\t\t\t\t\t\t\t\t\t\t\t\t<img decoding=\"async\" width=\"800\" height=\"600\" src=\"https:\/\/www.ing.uc.cl\/estructural-y-geotecnica\/wp-content\/uploads\/2024\/07\/proyecto-acoplamiento-3d.jpg\" class=\"attachment-large size-large wp-image-4503\" alt=\"\" srcset=\"https:\/\/www.ing.uc.cl\/estructural-y-geotecnica\/wp-content\/uploads\/2024\/07\/proyecto-acoplamiento-3d.jpg 800w, https:\/\/www.ing.uc.cl\/estructural-y-geotecnica\/wp-content\/uploads\/2024\/07\/proyecto-acoplamiento-3d-300x225.jpg 300w, https:\/\/www.ing.uc.cl\/estructural-y-geotecnica\/wp-content\/uploads\/2024\/07\/proyecto-acoplamiento-3d-768x576.jpg 768w\" sizes=\"(max-width: 800px) 100vw, 800px\" \/>\t\t\t\t\t\t\t\t\t\t\t\t\t\t\t<\/div>\n\t\t\t\t<\/div>\n\t\t\t\t<div class=\"elementor-element elementor-element-fb678f4 elementor-widget elementor-widget-heading\" data-id=\"fb678f4\" data-element_type=\"widget\" data-e-type=\"widget\" data-widget_type=\"heading.default\">\n\t\t\t\t<div class=\"elementor-widget-container\">\n\t\t\t\t\t<h5 class=\"elementor-heading-title elementor-size-default\">Centro de Innovaci\u00f3n en Madera<\/h5>\t\t\t\t<\/div>\n\t\t\t\t<\/div>\n\t\t\t\t<div class=\"elementor-element elementor-element-ed31ed7 elementor-widget elementor-widget-text-editor\" data-id=\"ed31ed7\" data-element_type=\"widget\" data-e-type=\"widget\" data-widget_type=\"text-editor.default\">\n\t\t\t\t<div class=\"elementor-widget-container\">\n\t\t\t\t\t\t\t\t\t<p>Este <a href=\"https:\/\/madera.uc.cl\/\" target=\"_blank\" rel=\"noopener\">centro<\/a> busca la realizaci\u00f3n de investigaci\u00f3n y desarrollo de soluciones constructivas en madera, con el fin de difundir y promover soluciones innovadoras y de calidad utilizando madera nacional como elemento principal, en colaboraci\u00f3n con los principales actores nacionales e internacionales del \u00e1mbito de construcci\u00f3n en madera, creando valor y haciendo ver a la comunidad las oportunidades que se presentan en relaci\u00f3n al desarrollo de esta industria.<\/p>\t\t\t\t\t\t\t\t<\/div>\n\t\t\t\t<\/div>\n\t\t\t\t<div class=\"elementor-element elementor-element-61ab639 elementor-widget elementor-widget-heading\" data-id=\"61ab639\" data-element_type=\"widget\" data-e-type=\"widget\" data-widget_type=\"heading.default\">\n\t\t\t\t<div class=\"elementor-widget-container\">\n\t\t\t\t\t<h5 class=\"elementor-heading-title elementor-size-default\">Centro de Innovaci\u00f3n del Hormig\u00f3n<\/h5>\t\t\t\t<\/div>\n\t\t\t\t<\/div>\n\t\t\t\t<div class=\"elementor-element elementor-element-b2d5664 elementor-widget elementor-widget-text-editor\" data-id=\"b2d5664\" data-element_type=\"widget\" data-e-type=\"widget\" data-widget_type=\"text-editor.default\">\n\t\t\t\t<div class=\"elementor-widget-container\">\n\t\t\t\t\t\t\t\t\t<p>El Centro de Innovaci\u00f3n del Hormig\u00f3n UC (<a href=\"https:\/\/centrohormigon.uc.cl\/\" target=\"_blank\" rel=\"noopener\">CIH UC<\/a>), es un grupo interdisciplinario compuesto por academia e industria, que investiga, desarrolla e innova sobre construcci\u00f3n en hormig\u00f3n, colaborando en un amplio espectro del conocimiento tales como: ciencias de los materiales; qu\u00edmica del cemento y del hormig\u00f3n; modelaci\u00f3n del material a nano, micro y macroescala; ensayos y t\u00e9cnicas avanzadas de caracterizaci\u00f3n, entre muchos otros temas m\u00e1s.<\/p><p>El Centro est\u00e1 constituido por expertos del sector p\u00fablico, sector privado y acad\u00e9micos de la Pontificia Universidad Cat\u00f3lica de Chile y otras 4 universidades nacionales. Contamos tambi\u00e9n con una red de colaboraci\u00f3n internacional constituida por acad\u00e9micos pertenecientes a las mejores universidades del mundo.<\/p>\t\t\t\t\t\t\t\t<\/div>\n\t\t\t\t<\/div>\n\t\t\t\t\t<\/div>\n\t\t<\/div>\n\t\t\t\t\t<\/div>\n\t\t<\/section>\n\t\t\t\t<\/div>\n\t\t","protected":false},"excerpt":{"rendered":"<p>Centros A trav\u00e9s de los centros asociados a la Escuela de Ingenier\u00eda los acad\u00e9micos desarrollan una ardua labor investigativa. FONDAP Centro de Excelencia en Geotermia de Los Andes (CEGA) El Centro de Excelencia en Geotermia de Los Andes (CEGA) trabaja para mejorar y aumentar el conocimiento cient\u00edfico sobre la geotermia en Chile. Su misi\u00f3n es hacer de la energ\u00eda geot\u00e9rmica un recurso sostenible, amigable con el medio ambiente y econ\u00f3micamente competitivo para aportar a los requerimientos energ\u00e9ticos de Chile y Am\u00e9rica Latina. Es liderado por la Facultad de Ciencias F\u00edsicas y Matem\u00e1ticas de la Universidad de Chile y co-liderado por la Escuela de Ingenier\u00eda de la UC. Centro de Investigaci\u00f3n para la Gesti\u00f3n Integrada de Desastres Naturales (CIGIDEN) El Centro de Investigaci\u00f3n para la Gesti\u00f3n Integrada de Desastres Naturales (CIGIDEN) busca generar un nuevo enfoque en la prevenci\u00f3n y gesti\u00f3n de desastres naturales, a trav\u00e9s de un equipo multidisciplinario de investigadores. Esto con el objetivo de contribuir a la mitigaci\u00f3n del impacto sociol\u00f3gico, psicol\u00f3gico, material y econ\u00f3mico que generan los desastres naturales, aprovechando que Chile es uno de los laboratorios naturales m\u00e1s importantes en el mundo para estudiar en profundidad estos fen\u00f3menos. El centro es liderado por la Escuela de Ingenier\u00eda de la UC y copatrocinado por Universidad Cat\u00f3lica del Norte, la Universidad T\u00e9cnica Federico Santa Mar\u00eda y la Universidad Andr\u00e9s Bello. Centros UC Centro de Innovaci\u00f3n en Madera Este centro busca la realizaci\u00f3n de investigaci\u00f3n y desarrollo de soluciones constructivas en madera, con el fin de difundir y promover soluciones innovadoras y de calidad utilizando madera nacional como elemento principal, en colaboraci\u00f3n con los principales actores nacionales e internacionales del \u00e1mbito de construcci\u00f3n en madera, creando valor y haciendo ver a la comunidad las oportunidades que se presentan en relaci\u00f3n al desarrollo de esta industria. Centro de Innovaci\u00f3n del Hormig\u00f3n El Centro de Innovaci\u00f3n del Hormig\u00f3n UC (CIH UC), es un grupo interdisciplinario compuesto por academia e industria, que investiga, desarrolla e innova sobre construcci\u00f3n en hormig\u00f3n, colaborando en un amplio espectro del conocimiento tales como: ciencias de los materiales; qu\u00edmica del cemento y del hormig\u00f3n; modelaci\u00f3n del material a nano, micro y macroescala; ensayos y t\u00e9cnicas avanzadas de caracterizaci\u00f3n, entre muchos otros temas m\u00e1s. El Centro est\u00e1 constituido por expertos del sector p\u00fablico, sector privado y acad\u00e9micos de la Pontificia Universidad Cat\u00f3lica de Chile y otras 4 universidades nacionales. Contamos tambi\u00e9n con una red de colaboraci\u00f3n internacional constituida por acad\u00e9micos pertenecientes a las mejores universidades del mundo.<\/p>\n","protected":false},"author":5,"featured_media":0,"parent":1240,"menu_order":4,"comment_status":"closed","ping_status":"closed","template":"","meta":{"site-sidebar-layout":"no-sidebar","site-content-layout":"page-builder","ast-site-content-layout":"full-width-container","site-content-style":"default","site-sidebar-style":"default","ast-global-header-display":"","ast-banner-title-visibility":"","ast-main-header-display":"","ast-hfb-above-header-display":"","ast-hfb-below-header-display":"","ast-hfb-mobile-header-display":"","site-post-title":"disabled","ast-breadcrumbs-content":"","ast-featured-img":"disabled","footer-sml-layout":"","ast-disable-related-posts":"","theme-transparent-header-meta":"","adv-header-id-meta":"","stick-header-meta":"","header-above-stick-meta":"","header-main-stick-meta":"","header-below-stick-meta":"","astra-migrate-meta-layouts":"set","ast-page-background-enabled":"default","ast-page-background-meta":{"desktop":{"background-color":"","background-image":"","background-repeat":"repeat","background-position":"center center","background-size":"auto","background-attachment":"scroll","background-type":"","background-media":"","overlay-type":"","overlay-color":"","overlay-opacity":"","overlay-gradient":""},"tablet":{"background-color":"","background-image":"","background-repeat":"repeat","background-position":"center center","background-size":"auto","background-attachment":"scroll","background-type":"","background-media":"","overlay-type":"","overlay-color":"","overlay-opacity":"","overlay-gradient":""},"mobile":{"background-color":"","background-image":"","background-repeat":"repeat","background-position":"center center","background-size":"auto","background-attachment":"scroll","background-type":"","background-media":"","overlay-type":"","overlay-color":"","overlay-opacity":"","overlay-gradient":""}},"ast-content-background-meta":{"desktop":{"background-color":"var(--ast-global-color-5)","background-image":"","background-repeat":"repeat","background-position":"center center","background-size":"auto","background-attachment":"scroll","background-type":"","background-media":"","overlay-type":"","overlay-color":"","overlay-opacity":"","overlay-gradient":""},"tablet":{"background-color":"var(--ast-global-color-5)","background-image":"","background-repeat":"repeat","background-position":"center center","background-size":"auto","background-attachment":"scroll","background-type":"","background-media":"","overlay-type":"","overlay-color":"","overlay-opacity":"","overlay-gradient":""},"mobile":{"background-color":"var(--ast-global-color-5)","background-image":"","background-repeat":"repeat","background-position":"center center","background-size":"auto","background-attachment":"scroll","background-type":"","background-media":"","overlay-type":"","overlay-color":"","overlay-opacity":"","overlay-gradient":""}},"footnotes":""},"class_list":["post-1575","page","type-page","status-publish","hentry"],"_links":{"self":[{"href":"https:\/\/www.ing.uc.cl\/estructural-y-geotecnica\/wp-json\/wp\/v2\/pages\/1575","targetHints":{"allow":["GET"]}}],"collection":[{"href":"https:\/\/www.ing.uc.cl\/estructural-y-geotecnica\/wp-json\/wp\/v2\/pages"}],"about":[{"href":"https:\/\/www.ing.uc.cl\/estructural-y-geotecnica\/wp-json\/wp\/v2\/types\/page"}],"author":[{"embeddable":true,"href":"https:\/\/www.ing.uc.cl\/estructural-y-geotecnica\/wp-json\/wp\/v2\/users\/5"}],"replies":[{"embeddable":true,"href":"https:\/\/www.ing.uc.cl\/estructural-y-geotecnica\/wp-json\/wp\/v2\/comments?post=1575"}],"version-history":[{"count":13,"href":"https:\/\/www.ing.uc.cl\/estructural-y-geotecnica\/wp-json\/wp\/v2\/pages\/1575\/revisions"}],"predecessor-version":[{"id":5115,"href":"https:\/\/www.ing.uc.cl\/estructural-y-geotecnica\/wp-json\/wp\/v2\/pages\/1575\/revisions\/5115"}],"up":[{"embeddable":true,"href":"https:\/\/www.ing.uc.cl\/estructural-y-geotecnica\/wp-json\/wp\/v2\/pages\/1240"}],"wp:attachment":[{"href":"https:\/\/www.ing.uc.cl\/estructural-y-geotecnica\/wp-json\/wp\/v2\/media?parent=1575"}],"curies":[{"name":"wp","href":"https:\/\/api.w.org\/{rel}","templated":true}]}}