{"id":1666,"date":"2024-03-06T09:09:35","date_gmt":"2024-03-06T12:09:35","guid":{"rendered":"https:\/\/www.ing.uc.cl\/hidraulica-y-ambiental\/?page_id=1666"},"modified":"2024-03-06T09:09:36","modified_gmt":"2024-03-06T12:09:36","slug":"premios","status":"publish","type":"page","link":"https:\/\/www.ing.uc.cl\/hidraulica-y-ambiental\/premios\/","title":{"rendered":"Premios"},"content":{"rendered":"<div id=\"pl-gb1666-69f7b3a76af24\"  class=\"panel-layout\" ><div id=\"pg-gb1666-69f7b3a76af24-0\"  class=\"panel-grid panel-no-style\" ><div id=\"pgc-gb1666-69f7b3a76af24-0-0\"  class=\"panel-grid-cell\" ><div id=\"panel-gb1666-69f7b3a76af24-0-0-0\" class=\"so-panel widget widget_sow-editor panel-first-child\" data-index=\"0\" ><div class=\"uc-title panel-widget-style panel-widget-style-for-gb1666-69f7b3a76af24-0-0-0\" ><div\n\t\t\t\n\t\t\tclass=\"so-widget-sow-editor so-widget-sow-editor-base\"\n\t\t\t\n\t\t>\n<div class=\"siteorigin-widget-tinymce textwidget\">\n\t<h2>Premios<\/h2>\n<\/div>\n<\/div><\/div><\/div><div id=\"panel-gb1666-69f7b3a76af24-0-0-1\" class=\"so-panel widget widget_sow-editor panel-last-child\" data-index=\"1\" ><div class=\"contenido panel-widget-style panel-widget-style-for-gb1666-69f7b3a76af24-0-0-1\" ><div\n\t\t\t\n\t\t\tclass=\"so-widget-sow-editor so-widget-sow-editor-base\"\n\t\t\t\n\t\t>\n<div class=\"siteorigin-widget-tinymce textwidget\">\n\t<p><strong>PROMOCION 2015<\/strong><br \/>\nMejor Alumno : Josefina Herrera Ronda<br \/>\nMejor Compa\u00f1ero: Magdalena Brain Ram\u00edrez<br \/>\nMejor Memoria : Josefina Herrera Ronda<\/p>\n<p><strong>PROMOCION 2014<\/strong><br \/>\nMejor Alumno : Mar\u00eda Asunci\u00f3n Vildosola Benavente<br \/>\nMejor Compa\u00f1ero: Mar\u00eda Bel\u00e9n Fern\u00e1ndez Fern\u00e1ndez<br \/>\nMejor Memoria : Vicente Zuazo Eche\u00f1ique<\/p>\n<p><strong>PROMOCION 2013<\/strong><br \/>\nMejor Alumno : Gabriel Huber Soto<br \/>\nMejor Compa\u00f1ero: Macarena Larra\u00edn Mac-Lean<br \/>\nMejor Memoria : Michelle Thenoux Acu\u00f1a<\/p>\n<p><strong>PROMOCION 2012<\/strong><br \/>\nMejor Alumno : Ignacio Cristi Feliu<br \/>\nMejor Compa\u00f1ero: Javier Andonie Castillo<br \/>\nMejor Memoria : Domenico Sciolla Pi\u00f1eyro<\/p>\n<p><strong>PROMOCION 2011<\/strong><br \/>\nMejor Alumno : Jos\u00e9 Campino Garc\u00eda-Huidobro<br \/>\nMejor Compa\u00f1ero: Patrick Halley-Harris Aresti<br \/>\nMejor Memoria : Boris Rodr\u00edguez Cornejo<\/p>\n<p><strong>PROMOCION 2010<\/strong><br \/>\nMejor Alumno : Jorge Ram\u00edrez Pinto<br \/>\nMejor Compa\u00f1ero: Constanza Kutscher Monckeberg<br \/>\nMejor Memoria : Maricarmen Guerra Paris<\/p>\n<p><strong>PROMOCION 2009<\/strong><br \/>\nMejor Alumno : Alejandro Florenzano Alvo<br \/>\nMejor Compa\u00f1ero: Ana Luisa Charlin Garcia<br \/>\nMejor Memoria : Claudia Nu\u00f1ez Julia<\/p>\n<p><strong>PROMOCION 2008<\/strong><br \/>\nMejor Alumno : Macarena Zegpi Sep\u00falveda<br \/>\nMejor Compa\u00f1ero: Macarena Zegpi Sep\u00falveda<br \/>\nMejor Memoria : Felipe Tarud Garrido<\/p>\n<p><strong>PROMOCION 2007<\/strong><br \/>\nMejor Alumno : Juan Prieto Dom\u00ednguez<br \/>\nMejor Compa\u00f1ero: Andrea Kutscher Monckeberg<br \/>\nMejor Memoria : Ignacio Vargas Cucurella<\/p>\n<p><strong>PROMOCION 2006<\/strong><br \/>\nMejor Alumno : Alejandra Vega Contreras<br \/>\nMejor Compa\u00f1ero: Catalina Marambio Jones<br \/>\nMejor Compa\u00f1ero: Pablo Galdames Venegas<br \/>\nMejor Memoria : Francisco Su\u00e1rez Poch<\/p>\n<p><strong>PROMOCION 2005<\/strong><br \/>\nMejor Alumno : Sebasti\u00e1n Aguilera Casanueva<\/p>\n<\/div>\n<\/div><\/div><\/div><\/div><\/div><\/div>","protected":false},"excerpt":{"rendered":"<p>Premios PROMOCION 2015 Mejor Alumno : Josefina Herrera Ronda Mejor Compa\u00f1ero: Magdalena Brain Ram\u00edrez Mejor Memoria : Josefina Herrera Ronda PROMOCION 2014 Mejor Alumno : Mar\u00eda Asunci\u00f3n Vildosola Benavente Mejor Compa\u00f1ero: Mar\u00eda Bel\u00e9n Fern\u00e1ndez Fern\u00e1ndez Mejor Memoria : Vicente Zuazo Eche\u00f1ique PROMOCION 2013 Mejor Alumno : Gabriel Huber Soto Mejor Compa\u00f1ero: Macarena Larra\u00edn Mac-Lean Mejor Memoria : Michelle Thenoux Acu\u00f1a PROMOCION 2012 Mejor Alumno : Ignacio Cristi Feliu Mejor Compa\u00f1ero: Javier Andonie Castillo Mejor Memoria : Domenico Sciolla Pi\u00f1eyro PROMOCION 2011 Mejor Alumno : Jos\u00e9 Campino Garc\u00eda-Huidobro Mejor Compa\u00f1ero: Patrick Halley-Harris Aresti Mejor Memoria : Boris Rodr\u00edguez Cornejo PROMOCION 2010 Mejor Alumno : Jorge Ram\u00edrez Pinto Mejor Compa\u00f1ero: Constanza Kutscher Monckeberg Mejor Memoria : Maricarmen Guerra Paris PROMOCION 2009 Mejor Alumno : Alejandro Florenzano Alvo Mejor Compa\u00f1ero: Ana Luisa Charlin Garcia Mejor Memoria : Claudia Nu\u00f1ez Julia PROMOCION 2008 Mejor Alumno : Macarena Zegpi Sep\u00falveda Mejor Compa\u00f1ero: Macarena Zegpi Sep\u00falveda Mejor Memoria : Felipe Tarud Garrido PROMOCION 2007 Mejor Alumno : Juan Prieto Dom\u00ednguez Mejor Compa\u00f1ero: Andrea Kutscher Monckeberg Mejor Memoria : Ignacio Vargas Cucurella PROMOCION 2006 Mejor Alumno : Alejandra Vega Contreras Mejor Compa\u00f1ero: Catalina Marambio Jones Mejor Compa\u00f1ero: Pablo Galdames Venegas Mejor Memoria : Francisco Su\u00e1rez Poch PROMOCION 2005 Mejor Alumno : Sebasti\u00e1n Aguilera Casanueva<\/p>\n","protected":false},"author":4,"featured_media":0,"parent":0,"menu_order":0,"comment_status":"closed","ping_status":"closed","template":"","meta":{"_acf_changed":false,"site-sidebar-layout":"default","site-content-layout":"","ast-site-content-layout":"default","site-content-style":"default","site-sidebar-style":"default","ast-global-header-display":"","ast-banner-title-visibility":"","ast-main-header-display":"","ast-hfb-above-header-display":"","ast-hfb-below-header-display":"","ast-hfb-mobile-header-display":"","site-post-title":"disabled","ast-breadcrumbs-content":"","ast-featured-img":"","footer-sml-layout":"","ast-disable-related-posts":"","theme-transparent-header-meta":"","adv-header-id-meta":"","stick-header-meta":"","header-above-stick-meta":"","header-main-stick-meta":"","header-below-stick-meta":"","astra-migrate-meta-layouts":"set","ast-page-background-enabled":"default","ast-page-background-meta":{"desktop":{"background-color":"","background-image":"","background-repeat":"repeat","background-position":"center center","background-size":"auto","background-attachment":"scroll","background-type":"","background-media":"","overlay-type":"","overlay-color":"","overlay-opacity":"","overlay-gradient":""},"tablet":{"background-color":"","background-image":"","background-repeat":"repeat","background-position":"center center","background-size":"auto","background-attachment":"scroll","background-type":"","background-media":"","overlay-type":"","overlay-color":"","overlay-opacity":"","overlay-gradient":""},"mobile":{"background-color":"","background-image":"","background-repeat":"repeat","background-position":"center center","background-size":"auto","background-attachment":"scroll","background-type":"","background-media":"","overlay-type":"","overlay-color":"","overlay-opacity":"","overlay-gradient":""}},"ast-content-background-meta":{"desktop":{"background-color":"var(--ast-global-color-5)","background-image":"","background-repeat":"repeat","background-position":"center center","background-size":"auto","background-attachment":"scroll","background-type":"","background-media":"","overlay-type":"","overlay-color":"","overlay-opacity":"","overlay-gradient":""},"tablet":{"background-color":"var(--ast-global-color-5)","background-image":"","background-repeat":"repeat","background-position":"center center","background-size":"auto","background-attachment":"scroll","background-type":"","background-media":"","overlay-type":"","overlay-color":"","overlay-opacity":"","overlay-gradient":""},"mobile":{"background-color":"var(--ast-global-color-5)","background-image":"","background-repeat":"repeat","background-position":"center center","background-size":"auto","background-attachment":"scroll","background-type":"","background-media":"","overlay-type":"","overlay-color":"","overlay-opacity":"","overlay-gradient":""}},"footnotes":""},"class_list":["post-1666","page","type-page","status-publish","hentry"],"acf":[],"yoast_head":"<!-- This site is optimized with the Yoast SEO plugin v27.5 - https:\/\/yoast.com\/product\/yoast-seo-wordpress\/ -->\n<title>Premios - Departamento Ingenier\u00eda Hidr\u00e1ulica y Ambiental<\/title>\n<meta name=\"robots\" content=\"index, follow, max-snippet:-1, max-image-preview:large, max-video-preview:-1\" \/>\n<link rel=\"canonical\" href=\"https:\/\/www.ing.uc.cl\/hidraulica-y-ambiental\/premios\/\" \/>\n<meta property=\"og:locale\" content=\"es_ES\" \/>\n<meta property=\"og:type\" content=\"article\" \/>\n<meta property=\"og:title\" content=\"Premios - Departamento Ingenier\u00eda Hidr\u00e1ulica y Ambiental\" \/>\n<meta property=\"og:description\" content=\"Premios PROMOCION 2015 Mejor Alumno : Josefina Herrera Ronda Mejor Compa\u00f1ero: Magdalena Brain Ram\u00edrez Mejor Memoria : Josefina Herrera Ronda PROMOCION 2014 Mejor Alumno : Mar\u00eda Asunci\u00f3n Vildosola Benavente Mejor Compa\u00f1ero: Mar\u00eda Bel\u00e9n Fern\u00e1ndez Fern\u00e1ndez Mejor Memoria : Vicente Zuazo Eche\u00f1ique PROMOCION 2013 Mejor Alumno : Gabriel Huber Soto Mejor Compa\u00f1ero: Macarena Larra\u00edn Mac-Lean Mejor Memoria : Michelle Thenoux Acu\u00f1a PROMOCION 2012 Mejor Alumno : Ignacio Cristi Feliu Mejor Compa\u00f1ero: Javier Andonie Castillo Mejor Memoria : Domenico Sciolla Pi\u00f1eyro PROMOCION 2011 Mejor Alumno : Jos\u00e9 Campino Garc\u00eda-Huidobro Mejor Compa\u00f1ero: Patrick Halley-Harris Aresti Mejor Memoria : Boris Rodr\u00edguez Cornejo PROMOCION 2010 Mejor Alumno : Jorge Ram\u00edrez Pinto Mejor Compa\u00f1ero: Constanza Kutscher Monckeberg Mejor Memoria : Maricarmen Guerra Paris PROMOCION 2009 Mejor Alumno : Alejandro Florenzano Alvo Mejor Compa\u00f1ero: Ana Luisa Charlin Garcia Mejor Memoria : Claudia Nu\u00f1ez Julia PROMOCION 2008 Mejor Alumno : Macarena Zegpi Sep\u00falveda Mejor Compa\u00f1ero: Macarena Zegpi Sep\u00falveda Mejor Memoria : Felipe Tarud Garrido PROMOCION 2007 Mejor Alumno : Juan Prieto Dom\u00ednguez Mejor Compa\u00f1ero: Andrea Kutscher Monckeberg Mejor Memoria : Ignacio Vargas Cucurella PROMOCION 2006 Mejor Alumno : Alejandra Vega Contreras Mejor Compa\u00f1ero: Catalina Marambio Jones Mejor Compa\u00f1ero: Pablo Galdames Venegas Mejor Memoria : Francisco Su\u00e1rez Poch PROMOCION 2005 Mejor Alumno : Sebasti\u00e1n Aguilera Casanueva\" \/>\n<meta property=\"og:url\" content=\"https:\/\/www.ing.uc.cl\/hidraulica-y-ambiental\/premios\/\" \/>\n<meta property=\"og:site_name\" content=\"Departamento Ingenier\u00eda Hidr\u00e1ulica y Ambiental\" \/>\n<meta property=\"article:modified_time\" content=\"2024-03-06T12:09:36+00:00\" \/>\n<meta name=\"twitter:card\" content=\"summary_large_image\" \/>\n<meta name=\"twitter:label1\" content=\"Tiempo estimado de lectura\" \/>\n\t<meta name=\"twitter:data1\" content=\"1 minuto\" \/>\n<script type=\"application\/ld+json\" class=\"yoast-schema-graph\">{\"@context\":\"https:\\\/\\\/schema.org\",\"@graph\":[{\"@type\":\"WebPage\",\"@id\":\"https:\\\/\\\/www.ing.uc.cl\\\/hidraulica-y-ambiental\\\/premios\\\/\",\"url\":\"https:\\\/\\\/www.ing.uc.cl\\\/hidraulica-y-ambiental\\\/premios\\\/\",\"name\":\"Premios - Departamento Ingenier\u00eda Hidr\u00e1ulica y Ambiental\",\"isPartOf\":{\"@id\":\"https:\\\/\\\/www.ing.uc.cl\\\/hidraulica-y-ambiental\\\/#website\"},\"datePublished\":\"2024-03-06T12:09:35+00:00\",\"dateModified\":\"2024-03-06T12:09:36+00:00\",\"breadcrumb\":{\"@id\":\"https:\\\/\\\/www.ing.uc.cl\\\/hidraulica-y-ambiental\\\/premios\\\/#breadcrumb\"},\"inLanguage\":\"es-CL\",\"potentialAction\":[{\"@type\":\"ReadAction\",\"target\":[\"https:\\\/\\\/www.ing.uc.cl\\\/hidraulica-y-ambiental\\\/premios\\\/\"]}]},{\"@type\":\"BreadcrumbList\",\"@id\":\"https:\\\/\\\/www.ing.uc.cl\\\/hidraulica-y-ambiental\\\/premios\\\/#breadcrumb\",\"itemListElement\":[{\"@type\":\"ListItem\",\"position\":1,\"name\":\"Portada\",\"item\":\"https:\\\/\\\/www.ing.uc.cl\\\/hidraulica-y-ambiental\\\/\"},{\"@type\":\"ListItem\",\"position\":2,\"name\":\"Premios\"}]},{\"@type\":\"WebSite\",\"@id\":\"https:\\\/\\\/www.ing.uc.cl\\\/hidraulica-y-ambiental\\\/#website\",\"url\":\"https:\\\/\\\/www.ing.uc.cl\\\/hidraulica-y-ambiental\\\/\",\"name\":\"Departamento Ingenier\u00eda Hidr\u00e1ulica y Ambiental\",\"description\":\"Escuela de Ingenier\u00eda\",\"publisher\":{\"@id\":\"https:\\\/\\\/www.ing.uc.cl\\\/hidraulica-y-ambiental\\\/#organization\"},\"potentialAction\":[{\"@type\":\"SearchAction\",\"target\":{\"@type\":\"EntryPoint\",\"urlTemplate\":\"https:\\\/\\\/www.ing.uc.cl\\\/hidraulica-y-ambiental\\\/?s={search_term_string}\"},\"query-input\":{\"@type\":\"PropertyValueSpecification\",\"valueRequired\":true,\"valueName\":\"search_term_string\"}}],\"inLanguage\":\"es-CL\"},{\"@type\":\"Organization\",\"@id\":\"https:\\\/\\\/www.ing.uc.cl\\\/hidraulica-y-ambiental\\\/#organization\",\"name\":\"Departamento Ingenier\u00eda Hidr\u00e1ulica y Ambiental\",\"url\":\"https:\\\/\\\/www.ing.uc.cl\\\/hidraulica-y-ambiental\\\/\",\"logo\":{\"@type\":\"ImageObject\",\"inLanguage\":\"es-CL\",\"@id\":\"https:\\\/\\\/www.ing.uc.cl\\\/hidraulica-y-ambiental\\\/#\\\/schema\\\/logo\\\/image\\\/\",\"url\":\"https:\\\/\\\/www.ing.uc.cl\\\/hidraulica-y-ambiental\\\/wp-content\\\/uploads\\\/2025\\\/05\\\/cropped-cropped-Favicon.png\",\"contentUrl\":\"https:\\\/\\\/www.ing.uc.cl\\\/hidraulica-y-ambiental\\\/wp-content\\\/uploads\\\/2025\\\/05\\\/cropped-cropped-Favicon.png\",\"width\":512,\"height\":512,\"caption\":\"Departamento Ingenier\u00eda Hidr\u00e1ulica y Ambiental\"},\"image\":{\"@id\":\"https:\\\/\\\/www.ing.uc.cl\\\/hidraulica-y-ambiental\\\/#\\\/schema\\\/logo\\\/image\\\/\"}}]}<\/script>\n<!-- \/ Yoast SEO plugin. -->","yoast_head_json":{"title":"Premios - Departamento Ingenier\u00eda Hidr\u00e1ulica y Ambiental","robots":{"index":"index","follow":"follow","max-snippet":"max-snippet:-1","max-image-preview":"max-image-preview:large","max-video-preview":"max-video-preview:-1"},"canonical":"https:\/\/www.ing.uc.cl\/hidraulica-y-ambiental\/premios\/","og_locale":"es_ES","og_type":"article","og_title":"Premios - Departamento Ingenier\u00eda Hidr\u00e1ulica y Ambiental","og_description":"Premios PROMOCION 2015 Mejor Alumno : Josefina Herrera Ronda Mejor Compa\u00f1ero: Magdalena Brain Ram\u00edrez Mejor Memoria : Josefina Herrera Ronda PROMOCION 2014 Mejor Alumno : Mar\u00eda Asunci\u00f3n Vildosola Benavente Mejor Compa\u00f1ero: Mar\u00eda Bel\u00e9n Fern\u00e1ndez Fern\u00e1ndez Mejor Memoria : Vicente Zuazo Eche\u00f1ique PROMOCION 2013 Mejor Alumno : Gabriel Huber Soto Mejor Compa\u00f1ero: Macarena Larra\u00edn Mac-Lean Mejor Memoria : Michelle Thenoux Acu\u00f1a PROMOCION 2012 Mejor Alumno : Ignacio Cristi Feliu Mejor Compa\u00f1ero: Javier Andonie Castillo Mejor Memoria : Domenico Sciolla Pi\u00f1eyro PROMOCION 2011 Mejor Alumno : Jos\u00e9 Campino Garc\u00eda-Huidobro Mejor Compa\u00f1ero: Patrick Halley-Harris Aresti Mejor Memoria : Boris Rodr\u00edguez Cornejo PROMOCION 2010 Mejor Alumno : Jorge Ram\u00edrez Pinto Mejor Compa\u00f1ero: Constanza Kutscher Monckeberg Mejor Memoria : Maricarmen Guerra Paris PROMOCION 2009 Mejor Alumno : Alejandro Florenzano Alvo Mejor Compa\u00f1ero: Ana Luisa Charlin Garcia Mejor Memoria : Claudia Nu\u00f1ez Julia PROMOCION 2008 Mejor Alumno : Macarena Zegpi Sep\u00falveda Mejor Compa\u00f1ero: Macarena Zegpi Sep\u00falveda Mejor Memoria : Felipe Tarud Garrido PROMOCION 2007 Mejor Alumno : Juan Prieto Dom\u00ednguez Mejor Compa\u00f1ero: Andrea Kutscher Monckeberg Mejor Memoria : Ignacio Vargas Cucurella PROMOCION 2006 Mejor Alumno : Alejandra Vega Contreras Mejor Compa\u00f1ero: Catalina Marambio Jones Mejor Compa\u00f1ero: Pablo Galdames Venegas Mejor Memoria : Francisco Su\u00e1rez Poch PROMOCION 2005 Mejor Alumno : Sebasti\u00e1n Aguilera Casanueva","og_url":"https:\/\/www.ing.uc.cl\/hidraulica-y-ambiental\/premios\/","og_site_name":"Departamento Ingenier\u00eda Hidr\u00e1ulica y Ambiental","article_modified_time":"2024-03-06T12:09:36+00:00","twitter_card":"summary_large_image","twitter_misc":{"Tiempo estimado de lectura":"1 minuto"},"schema":{"@context":"https:\/\/schema.org","@graph":[{"@type":"WebPage","@id":"https:\/\/www.ing.uc.cl\/hidraulica-y-ambiental\/premios\/","url":"https:\/\/www.ing.uc.cl\/hidraulica-y-ambiental\/premios\/","name":"Premios - Departamento Ingenier\u00eda Hidr\u00e1ulica y Ambiental","isPartOf":{"@id":"https:\/\/www.ing.uc.cl\/hidraulica-y-ambiental\/#website"},"datePublished":"2024-03-06T12:09:35+00:00","dateModified":"2024-03-06T12:09:36+00:00","breadcrumb":{"@id":"https:\/\/www.ing.uc.cl\/hidraulica-y-ambiental\/premios\/#breadcrumb"},"inLanguage":"es-CL","potentialAction":[{"@type":"ReadAction","target":["https:\/\/www.ing.uc.cl\/hidraulica-y-ambiental\/premios\/"]}]},{"@type":"BreadcrumbList","@id":"https:\/\/www.ing.uc.cl\/hidraulica-y-ambiental\/premios\/#breadcrumb","itemListElement":[{"@type":"ListItem","position":1,"name":"Portada","item":"https:\/\/www.ing.uc.cl\/hidraulica-y-ambiental\/"},{"@type":"ListItem","position":2,"name":"Premios"}]},{"@type":"WebSite","@id":"https:\/\/www.ing.uc.cl\/hidraulica-y-ambiental\/#website","url":"https:\/\/www.ing.uc.cl\/hidraulica-y-ambiental\/","name":"Departamento Ingenier\u00eda Hidr\u00e1ulica y Ambiental","description":"Escuela de Ingenier\u00eda","publisher":{"@id":"https:\/\/www.ing.uc.cl\/hidraulica-y-ambiental\/#organization"},"potentialAction":[{"@type":"SearchAction","target":{"@type":"EntryPoint","urlTemplate":"https:\/\/www.ing.uc.cl\/hidraulica-y-ambiental\/?s={search_term_string}"},"query-input":{"@type":"PropertyValueSpecification","valueRequired":true,"valueName":"search_term_string"}}],"inLanguage":"es-CL"},{"@type":"Organization","@id":"https:\/\/www.ing.uc.cl\/hidraulica-y-ambiental\/#organization","name":"Departamento Ingenier\u00eda Hidr\u00e1ulica y Ambiental","url":"https:\/\/www.ing.uc.cl\/hidraulica-y-ambiental\/","logo":{"@type":"ImageObject","inLanguage":"es-CL","@id":"https:\/\/www.ing.uc.cl\/hidraulica-y-ambiental\/#\/schema\/logo\/image\/","url":"https:\/\/www.ing.uc.cl\/hidraulica-y-ambiental\/wp-content\/uploads\/2025\/05\/cropped-cropped-Favicon.png","contentUrl":"https:\/\/www.ing.uc.cl\/hidraulica-y-ambiental\/wp-content\/uploads\/2025\/05\/cropped-cropped-Favicon.png","width":512,"height":512,"caption":"Departamento Ingenier\u00eda Hidr\u00e1ulica y Ambiental"},"image":{"@id":"https:\/\/www.ing.uc.cl\/hidraulica-y-ambiental\/#\/schema\/logo\/image\/"}}]}},"rttpg_featured_image_url":null,"rttpg_author":{"display_name":"Francisco H","author_link":"https:\/\/www.ing.uc.cl\/hidraulica-y-ambiental\/author\/fherreros\/"},"rttpg_comment":0,"rttpg_category":null,"rttpg_excerpt":"Premios PROMOCION 2015 Mejor Alumno : Josefina Herrera Ronda Mejor Compa\u00f1ero: Magdalena Brain Ram\u00edrez Mejor Memoria : Josefina Herrera Ronda PROMOCION 2014 Mejor Alumno : Mar\u00eda Asunci\u00f3n Vildosola Benavente Mejor Compa\u00f1ero: Mar\u00eda Bel\u00e9n Fern\u00e1ndez Fern\u00e1ndez Mejor Memoria : Vicente Zuazo Eche\u00f1ique PROMOCION 2013 Mejor Alumno : Gabriel Huber Soto Mejor Compa\u00f1ero: Macarena Larra\u00edn Mac-Lean Mejor&hellip;","_links":{"self":[{"href":"https:\/\/www.ing.uc.cl\/hidraulica-y-ambiental\/wp-json\/wp\/v2\/pages\/1666","targetHints":{"allow":["GET"]}}],"collection":[{"href":"https:\/\/www.ing.uc.cl\/hidraulica-y-ambiental\/wp-json\/wp\/v2\/pages"}],"about":[{"href":"https:\/\/www.ing.uc.cl\/hidraulica-y-ambiental\/wp-json\/wp\/v2\/types\/page"}],"author":[{"embeddable":true,"href":"https:\/\/www.ing.uc.cl\/hidraulica-y-ambiental\/wp-json\/wp\/v2\/users\/4"}],"replies":[{"embeddable":true,"href":"https:\/\/www.ing.uc.cl\/hidraulica-y-ambiental\/wp-json\/wp\/v2\/comments?post=1666"}],"version-history":[{"count":0,"href":"https:\/\/www.ing.uc.cl\/hidraulica-y-ambiental\/wp-json\/wp\/v2\/pages\/1666\/revisions"}],"wp:attachment":[{"href":"https:\/\/www.ing.uc.cl\/hidraulica-y-ambiental\/wp-json\/wp\/v2\/media?parent=1666"}],"curies":[{"name":"wp","href":"https:\/\/api.w.org\/{rel}","templated":true}]}}