{"id":1245,"date":"2023-05-16T11:16:30","date_gmt":"2023-05-16T14:16:30","guid":{"rendered":"https:\/\/www.ing.uc.cl\/industrial-y-sistemas\/?page_id=1245"},"modified":"2025-04-10T18:26:25","modified_gmt":"2025-04-10T21:26:25","slug":"capitulo-estudiantil-ceiins","status":"publish","type":"page","link":"https:\/\/www.ing.uc.cl\/industrial-y-sistemas\/departamento\/capitulo-estudiantil-ceiins\/","title":{"rendered":"Cap\u00edtulo Estudiantil (CEIINS)"},"content":{"rendered":"\t\t<div data-elementor-type=\"wp-page\" data-elementor-id=\"1245\" class=\"elementor elementor-1245\">\n\t\t\t\t\t\t<section class=\"elementor-section elementor-top-section elementor-element elementor-element-d663f37 elementor-section-boxed elementor-section-height-default elementor-section-height-default wpr-particle-no wpr-jarallax-no wpr-parallax-no wpr-sticky-section-no wpr-equal-height-no\" data-id=\"d663f37\" data-element_type=\"section\" data-e-type=\"section\">\n\t\t\t\t\t\t<div class=\"elementor-container elementor-column-gap-default\">\n\t\t\t\t\t<div class=\"elementor-column elementor-col-100 elementor-top-column elementor-element elementor-element-b26f1d6\" data-id=\"b26f1d6\" data-element_type=\"column\" data-e-type=\"column\">\n\t\t\t<div class=\"elementor-widget-wrap elementor-element-populated\">\n\t\t\t\t\t\t<div class=\"elementor-element elementor-element-d03e146 elementor-widget elementor-widget-html\" data-id=\"d03e146\" data-element_type=\"widget\" data-e-type=\"widget\" data-widget_type=\"html.default\">\n\t\t\t\t<div class=\"elementor-widget-container\">\n\t\t\t\t\t<div class=\"uc-title panel-widget-style\"><div>\r\n<div class=\"siteorigin-widget-tinymce textwidget\">\r\n\t<h3>Cap\u00edtulo Estudiantil (CEIINS)<\/h3>\r\n<\/div>\r\n<\/div><\/div>\t\t\t\t<\/div>\n\t\t\t\t<\/div>\n\t\t\t\t<section class=\"elementor-section elementor-inner-section elementor-element elementor-element-021a21d elementor-section-boxed elementor-section-height-default elementor-section-height-default wpr-particle-no wpr-jarallax-no wpr-parallax-no wpr-sticky-section-no wpr-equal-height-no\" data-id=\"021a21d\" data-element_type=\"section\" data-e-type=\"section\">\n\t\t\t\t\t\t<div class=\"elementor-container elementor-column-gap-default\">\n\t\t\t\t\t<div class=\"elementor-column elementor-col-50 elementor-inner-column elementor-element elementor-element-ec790fa\" data-id=\"ec790fa\" data-element_type=\"column\" data-e-type=\"column\">\n\t\t\t<div class=\"elementor-widget-wrap elementor-element-populated\">\n\t\t\t\t\t\t<div class=\"elementor-element elementor-element-fa20346 elementor-widget elementor-widget-text-editor\" data-id=\"fa20346\" data-element_type=\"widget\" data-e-type=\"widget\" data-widget_type=\"text-editor.default\">\n\t\t\t\t<div class=\"elementor-widget-container\">\n\t\t\t\t\t\t\t\t\t<p>El Cap\u00edtulo Estudiantil de Ingenier\u00eda Industrial y de Sistemas (CEIINS) actualmente es un cap\u00edtulo miembro del Institute for Operations Research and the Management Sciences (INFORMS) y realiza sus actividades bajo el amparo del Departamento de Ingenier\u00eda Industrial y de Sistemas de la Pontificia Universidad Cat\u00f3lica de Chile. Es una organizaci\u00f3n independiente de la universidad, creada por alumnos de pre y postgrado de la carrera de Ingenier\u00eda Civil Industrial. Su misi\u00f3n es desarrollar un sentido de pertenencia entre alumnos, profesores y funcionarios del Departamento de Ingenier\u00eda Industrial UC, permitiendo crear nuevas instancias de aprendizaje y colaboraci\u00f3n, para una mejor formaci\u00f3n personal y que se alinee con las necesidades del pa\u00eds.<\/p>\t\t\t\t\t\t\t\t<\/div>\n\t\t\t\t<\/div>\n\t\t\t\t\t<\/div>\n\t\t<\/div>\n\t\t\t\t<div class=\"elementor-column elementor-col-50 elementor-inner-column elementor-element elementor-element-01360ed\" data-id=\"01360ed\" data-element_type=\"column\" data-e-type=\"column\">\n\t\t\t<div class=\"elementor-widget-wrap elementor-element-populated\">\n\t\t\t\t\t\t<div class=\"elementor-element elementor-element-555e5e9 elementor-widget elementor-widget-text-editor\" data-id=\"555e5e9\" data-element_type=\"widget\" data-e-type=\"widget\" data-widget_type=\"text-editor.default\">\n\t\t\t\t<div class=\"elementor-widget-container\">\n\t\t\t\t\t\t\t\t\t<p>Sus actividades se dividen en 6 comisiones: Comunidad, Academia, Conexi\u00f3n Empresas, Social, Difusi\u00f3n y, desde 2020, Postgrado. Las comisiones generan distintos proyectos en los cuales colaboran estudiantes de pre y postgrado, profesores y administrativos de la comunidad. El cap\u00edtulo realiza proyectos entre los cuales se encuentran la organizaci\u00f3n de actividades comunitarias, encuentros de investigaci\u00f3n, invitaci\u00f3n de personas destacadas, actividades acad\u00e9micas y proyectos de impacto social con equipos de estudiantes de ingenier\u00eda, bajo el seguimiento de profesores del departamento.<\/p>\t\t\t\t\t\t\t\t<\/div>\n\t\t\t\t<\/div>\n\t\t\t\t\t<\/div>\n\t\t<\/div>\n\t\t\t\t\t<\/div>\n\t\t<\/section>\n\t\t\t\t<div class=\"elementor-element elementor-element-0b2386b elementor-widget elementor-widget-image\" data-id=\"0b2386b\" data-element_type=\"widget\" data-e-type=\"widget\" data-widget_type=\"image.default\">\n\t\t\t\t<div class=\"elementor-widget-container\">\n\t\t\t\t\t\t\t\t\t\t\t\t\t\t\t<img fetchpriority=\"high\" decoding=\"async\" width=\"1024\" height=\"513\" src=\"https:\/\/www.ing.uc.cl\/industrial-y-sistemas\/wp-content\/uploads\/2025\/04\/9-CEIINS-1024x513-1.png\" class=\"attachment-large size-large wp-image-1553\" alt=\"\" srcset=\"https:\/\/www.ing.uc.cl\/industrial-y-sistemas\/wp-content\/uploads\/2025\/04\/9-CEIINS-1024x513-1.png 1024w, https:\/\/www.ing.uc.cl\/industrial-y-sistemas\/wp-content\/uploads\/2025\/04\/9-CEIINS-1024x513-1-300x150.png 300w, https:\/\/www.ing.uc.cl\/industrial-y-sistemas\/wp-content\/uploads\/2025\/04\/9-CEIINS-1024x513-1-768x385.png 768w\" sizes=\"(max-width: 1024px) 100vw, 1024px\" \/>\t\t\t\t\t\t\t\t\t\t\t\t\t\t\t<\/div>\n\t\t\t\t<\/div>\n\t\t\t\t<div class=\"elementor-element elementor-element-bad2277 elementor-shape-rounded elementor-grid-0 e-grid-align-center elementor-widget elementor-widget-social-icons\" data-id=\"bad2277\" data-element_type=\"widget\" data-e-type=\"widget\" data-widget_type=\"social-icons.default\">\n\t\t\t\t<div class=\"elementor-widget-container\">\n\t\t\t\t\t\t\t<div class=\"elementor-social-icons-wrapper elementor-grid\" role=\"list\">\n\t\t\t\t\t\t\t<span class=\"elementor-grid-item\" role=\"listitem\">\n\t\t\t\t\t<a class=\"elementor-icon elementor-social-icon elementor-social-icon-linkedin elementor-repeater-item-7b150ca\" href=\"https:\/\/cl.linkedin.com\/company\/ceiinsuc\" target=\"_blank\">\n\t\t\t\t\t\t<span class=\"elementor-screen-only\">Linkedin<\/span>\n\t\t\t\t\t\t<i aria-hidden=\"true\" class=\"fab fa-linkedin\"><\/i>\t\t\t\t\t<\/a>\n\t\t\t\t<\/span>\n\t\t\t\t\t\t\t<span class=\"elementor-grid-item\" role=\"listitem\">\n\t\t\t\t\t<a class=\"elementor-icon elementor-social-icon elementor-social-icon-instagram elementor-repeater-item-5930fd3\" href=\"https:\/\/www.secure.instagram.com\/ceiins\/\" target=\"_blank\">\n\t\t\t\t\t\t<span class=\"elementor-screen-only\">Instagram<\/span>\n\t\t\t\t\t\t<i aria-hidden=\"true\" class=\"fab fa-instagram\"><\/i>\t\t\t\t\t<\/a>\n\t\t\t\t<\/span>\n\t\t\t\t\t<\/div>\n\t\t\t\t\t\t<\/div>\n\t\t\t\t<\/div>\n\t\t\t\t\t<\/div>\n\t\t<\/div>\n\t\t\t\t\t<\/div>\n\t\t<\/section>\n\t\t\t\t<\/div>\n\t\t","protected":false},"excerpt":{"rendered":"<p>Cap\u00edtulo Estudiantil (CEIINS) El Cap\u00edtulo Estudiantil de Ingenier\u00eda Industrial y de Sistemas (CEIINS) actualmente es un cap\u00edtulo miembro del Institute for Operations Research and the Management Sciences (INFORMS) y realiza sus actividades bajo el amparo del Departamento de Ingenier\u00eda Industrial y de Sistemas de la Pontificia Universidad Cat\u00f3lica de Chile. Es una organizaci\u00f3n independiente de la universidad, creada por alumnos de pre y postgrado de la carrera de Ingenier\u00eda Civil Industrial. Su misi\u00f3n es desarrollar un sentido de pertenencia entre alumnos, profesores y funcionarios del Departamento de Ingenier\u00eda Industrial UC, permitiendo crear nuevas instancias de aprendizaje y colaboraci\u00f3n, para una mejor formaci\u00f3n personal y que se alinee con las necesidades del pa\u00eds. Sus actividades se dividen en 6 comisiones: Comunidad, Academia, Conexi\u00f3n Empresas, Social, Difusi\u00f3n y, desde 2020, Postgrado. Las comisiones generan distintos proyectos en los cuales colaboran estudiantes de pre y postgrado, profesores y administrativos de la comunidad. El cap\u00edtulo realiza proyectos entre los cuales se encuentran la organizaci\u00f3n de actividades comunitarias, encuentros de investigaci\u00f3n, invitaci\u00f3n de personas destacadas, actividades acad\u00e9micas y proyectos de impacto social con equipos de estudiantes de ingenier\u00eda, bajo el seguimiento de profesores del departamento. Linkedin Instagram<\/p>\n","protected":false},"author":4,"featured_media":0,"parent":772,"menu_order":0,"comment_status":"closed","ping_status":"closed","template":"","meta":{"site-sidebar-layout":"no-sidebar","site-content-layout":"page-builder","ast-site-content-layout":"full-width-container","site-content-style":"default","site-sidebar-style":"default","ast-global-header-display":"","ast-banner-title-visibility":"","ast-main-header-display":"","ast-hfb-above-header-display":"","ast-hfb-below-header-display":"","ast-hfb-mobile-header-display":"","site-post-title":"disabled","ast-breadcrumbs-content":"","ast-featured-img":"disabled","footer-sml-layout":"","ast-disable-related-posts":"","theme-transparent-header-meta":"","adv-header-id-meta":"","stick-header-meta":"","header-above-stick-meta":"","header-main-stick-meta":"","header-below-stick-meta":"","astra-migrate-meta-layouts":"set","ast-page-background-enabled":"default","ast-page-background-meta":{"desktop":{"background-color":"","background-image":"","background-repeat":"repeat","background-position":"center center","background-size":"auto","background-attachment":"scroll","background-type":"","background-media":"","overlay-type":"","overlay-color":"","overlay-opacity":"","overlay-gradient":""},"tablet":{"background-color":"","background-image":"","background-repeat":"repeat","background-position":"center center","background-size":"auto","background-attachment":"scroll","background-type":"","background-media":"","overlay-type":"","overlay-color":"","overlay-opacity":"","overlay-gradient":""},"mobile":{"background-color":"","background-image":"","background-repeat":"repeat","background-position":"center center","background-size":"auto","background-attachment":"scroll","background-type":"","background-media":"","overlay-type":"","overlay-color":"","overlay-opacity":"","overlay-gradient":""}},"ast-content-background-meta":{"desktop":{"background-color":"var(--ast-global-color-5)","background-image":"","background-repeat":"repeat","background-position":"center center","background-size":"auto","background-attachment":"scroll","background-type":"","background-media":"","overlay-type":"","overlay-color":"","overlay-opacity":"","overlay-gradient":""},"tablet":{"background-color":"var(--ast-global-color-5)","background-image":"","background-repeat":"repeat","background-position":"center center","background-size":"auto","background-attachment":"scroll","background-type":"","background-media":"","overlay-type":"","overlay-color":"","overlay-opacity":"","overlay-gradient":""},"mobile":{"background-color":"var(--ast-global-color-5)","background-image":"","background-repeat":"repeat","background-position":"center center","background-size":"auto","background-attachment":"scroll","background-type":"","background-media":"","overlay-type":"","overlay-color":"","overlay-opacity":"","overlay-gradient":""}},"footnotes":""},"class_list":["post-1245","page","type-page","status-publish","hentry"],"yoast_head":"<!-- This site is optimized with the Yoast SEO plugin v26.9 - https:\/\/yoast.com\/product\/yoast-seo-wordpress\/ -->\n<title>Cap\u00edtulo Estudiantil (CEIINS) - Departamento de Ingenier\u00eda Industrial y de Sistemas<\/title>\n<meta name=\"robots\" content=\"index, follow, max-snippet:-1, max-image-preview:large, max-video-preview:-1\" \/>\n<link rel=\"canonical\" href=\"https:\/\/www.ing.uc.cl\/industrial-y-sistemas\/postulacion-2\/becas-y-beneficios\/\" \/>\n<meta property=\"og:locale\" content=\"es_ES\" \/>\n<meta property=\"og:type\" content=\"article\" \/>\n<meta property=\"og:title\" content=\"Cap\u00edtulo Estudiantil (CEIINS) - Departamento de Ingenier\u00eda Industrial y de Sistemas\" \/>\n<meta property=\"og:description\" content=\"Cap\u00edtulo Estudiantil (CEIINS) El Cap\u00edtulo Estudiantil de Ingenier\u00eda Industrial y de Sistemas (CEIINS) actualmente es un cap\u00edtulo miembro del Institute for Operations Research and the Management Sciences (INFORMS) y realiza sus actividades bajo el amparo del Departamento de Ingenier\u00eda Industrial y de Sistemas de la Pontificia Universidad Cat\u00f3lica de Chile. Es una organizaci\u00f3n independiente de la universidad, creada por alumnos de pre y postgrado de la carrera de Ingenier\u00eda Civil Industrial. Su misi\u00f3n es desarrollar un sentido de pertenencia entre alumnos, profesores y funcionarios del Departamento de Ingenier\u00eda Industrial UC, permitiendo crear nuevas instancias de aprendizaje y colaboraci\u00f3n, para una mejor formaci\u00f3n personal y que se alinee con las necesidades del pa\u00eds. Sus actividades se dividen en 6 comisiones: Comunidad, Academia, Conexi\u00f3n Empresas, Social, Difusi\u00f3n y, desde 2020, Postgrado. Las comisiones generan distintos proyectos en los cuales colaboran estudiantes de pre y postgrado, profesores y administrativos de la comunidad. El cap\u00edtulo realiza proyectos entre los cuales se encuentran la organizaci\u00f3n de actividades comunitarias, encuentros de investigaci\u00f3n, invitaci\u00f3n de personas destacadas, actividades acad\u00e9micas y proyectos de impacto social con equipos de estudiantes de ingenier\u00eda, bajo el seguimiento de profesores del departamento. Linkedin Instagram\" \/>\n<meta property=\"og:url\" content=\"https:\/\/www.ing.uc.cl\/industrial-y-sistemas\/postulacion-2\/becas-y-beneficios\/\" \/>\n<meta property=\"og:site_name\" content=\"Departamento de Ingenier\u00eda Industrial y de Sistemas\" \/>\n<meta property=\"article:modified_time\" content=\"2025-04-10T21:26:25+00:00\" \/>\n<meta name=\"twitter:card\" content=\"summary_large_image\" \/>\n<meta name=\"twitter:label1\" content=\"Tiempo estimado de lectura\" \/>\n\t<meta name=\"twitter:data1\" content=\"1 minuto\" \/>\n<script type=\"application\/ld+json\" class=\"yoast-schema-graph\">{\"@context\":\"https:\/\/schema.org\",\"@graph\":[{\"@type\":\"WebPage\",\"@id\":\"https:\/\/www.ing.uc.cl\/industrial-y-sistemas\/postulacion-2\/becas-y-beneficios\/\",\"url\":\"https:\/\/www.ing.uc.cl\/industrial-y-sistemas\/postulacion-2\/becas-y-beneficios\/\",\"name\":\"Cap\u00edtulo Estudiantil (CEIINS) - Departamento de Ingenier\u00eda Industrial y de Sistemas\",\"isPartOf\":{\"@id\":\"https:\/\/www.ing.uc.cl\/industrial-y-sistemas\/#website\"},\"primaryImageOfPage\":{\"@id\":\"https:\/\/www.ing.uc.cl\/industrial-y-sistemas\/postulacion-2\/becas-y-beneficios\/#primaryimage\"},\"image\":{\"@id\":\"https:\/\/www.ing.uc.cl\/industrial-y-sistemas\/postulacion-2\/becas-y-beneficios\/#primaryimage\"},\"thumbnailUrl\":\"https:\/\/www.ing.uc.cl\/industrial-y-sistemas\/wp-content\/uploads\/2025\/04\/9-CEIINS-1024x513-1.png\",\"datePublished\":\"2023-05-16T14:16:30+00:00\",\"dateModified\":\"2025-04-10T21:26:25+00:00\",\"breadcrumb\":{\"@id\":\"https:\/\/www.ing.uc.cl\/industrial-y-sistemas\/postulacion-2\/becas-y-beneficios\/#breadcrumb\"},\"inLanguage\":\"es-CL\",\"potentialAction\":[{\"@type\":\"ReadAction\",\"target\":[\"https:\/\/www.ing.uc.cl\/industrial-y-sistemas\/postulacion-2\/becas-y-beneficios\/\"]}]},{\"@type\":\"ImageObject\",\"inLanguage\":\"es-CL\",\"@id\":\"https:\/\/www.ing.uc.cl\/industrial-y-sistemas\/postulacion-2\/becas-y-beneficios\/#primaryimage\",\"url\":\"https:\/\/www.ing.uc.cl\/industrial-y-sistemas\/wp-content\/uploads\/2025\/04\/9-CEIINS-1024x513-1.png\",\"contentUrl\":\"https:\/\/www.ing.uc.cl\/industrial-y-sistemas\/wp-content\/uploads\/2025\/04\/9-CEIINS-1024x513-1.png\",\"width\":1024,\"height\":513},{\"@type\":\"BreadcrumbList\",\"@id\":\"https:\/\/www.ing.uc.cl\/industrial-y-sistemas\/postulacion-2\/becas-y-beneficios\/#breadcrumb\",\"itemListElement\":[{\"@type\":\"ListItem\",\"position\":1,\"name\":\"Portada\",\"item\":\"https:\/\/www.ing.uc.cl\/industrial-y-sistemas\/\"},{\"@type\":\"ListItem\",\"position\":2,\"name\":\"Postulaci\u00f3n\",\"item\":\"https:\/\/www.ing.uc.cl\/industrial-y-sistemas\/postulacion-2\/\"},{\"@type\":\"ListItem\",\"position\":3,\"name\":\"Becas y Beneficios\"}]},{\"@type\":\"WebSite\",\"@id\":\"https:\/\/www.ing.uc.cl\/industrial-y-sistemas\/#website\",\"url\":\"https:\/\/www.ing.uc.cl\/industrial-y-sistemas\/\",\"name\":\"Departamento de Ingenier\u00eda Industrial y de Sistemas\",\"description\":\"Escuela de Ingenier\u00eda\",\"publisher\":{\"@id\":\"https:\/\/www.ing.uc.cl\/industrial-y-sistemas\/#organization\"},\"potentialAction\":[{\"@type\":\"SearchAction\",\"target\":{\"@type\":\"EntryPoint\",\"urlTemplate\":\"https:\/\/www.ing.uc.cl\/industrial-y-sistemas\/?s={search_term_string}\"},\"query-input\":{\"@type\":\"PropertyValueSpecification\",\"valueRequired\":true,\"valueName\":\"search_term_string\"}}],\"inLanguage\":\"es-CL\"},{\"@type\":\"Organization\",\"@id\":\"https:\/\/www.ing.uc.cl\/industrial-y-sistemas\/#organization\",\"name\":\"Departamento de Ingenier\u00eda Industrial y de Sistemas\",\"url\":\"https:\/\/www.ing.uc.cl\/industrial-y-sistemas\/\",\"logo\":{\"@type\":\"ImageObject\",\"inLanguage\":\"es-CL\",\"@id\":\"https:\/\/www.ing.uc.cl\/industrial-y-sistemas\/#\/schema\/logo\/image\/\",\"url\":\"https:\/\/www.ing.uc.cl\/industrial-y-sistemas\/wp-content\/uploads\/2023\/11\/cropped-UC-P2727-01.png\",\"contentUrl\":\"https:\/\/www.ing.uc.cl\/industrial-y-sistemas\/wp-content\/uploads\/2023\/11\/cropped-UC-P2727-01.png\",\"width\":307,\"height\":414,\"caption\":\"Departamento de Ingenier\u00eda Industrial y de Sistemas\"},\"image\":{\"@id\":\"https:\/\/www.ing.uc.cl\/industrial-y-sistemas\/#\/schema\/logo\/image\/\"}}]}<\/script>\n<!-- \/ Yoast SEO plugin. -->","yoast_head_json":{"title":"Cap\u00edtulo Estudiantil (CEIINS) - Departamento de Ingenier\u00eda Industrial y de Sistemas","robots":{"index":"index","follow":"follow","max-snippet":"max-snippet:-1","max-image-preview":"max-image-preview:large","max-video-preview":"max-video-preview:-1"},"canonical":"https:\/\/www.ing.uc.cl\/industrial-y-sistemas\/postulacion-2\/becas-y-beneficios\/","og_locale":"es_ES","og_type":"article","og_title":"Cap\u00edtulo Estudiantil (CEIINS) - Departamento de Ingenier\u00eda Industrial y de Sistemas","og_description":"Cap\u00edtulo Estudiantil (CEIINS) El Cap\u00edtulo Estudiantil de Ingenier\u00eda Industrial y de Sistemas (CEIINS) actualmente es un cap\u00edtulo miembro del Institute for Operations Research and the Management Sciences (INFORMS) y realiza sus actividades bajo el amparo del Departamento de Ingenier\u00eda Industrial y de Sistemas de la Pontificia Universidad Cat\u00f3lica de Chile. Es una organizaci\u00f3n independiente de la universidad, creada por alumnos de pre y postgrado de la carrera de Ingenier\u00eda Civil Industrial. Su misi\u00f3n es desarrollar un sentido de pertenencia entre alumnos, profesores y funcionarios del Departamento de Ingenier\u00eda Industrial UC, permitiendo crear nuevas instancias de aprendizaje y colaboraci\u00f3n, para una mejor formaci\u00f3n personal y que se alinee con las necesidades del pa\u00eds. Sus actividades se dividen en 6 comisiones: Comunidad, Academia, Conexi\u00f3n Empresas, Social, Difusi\u00f3n y, desde 2020, Postgrado. Las comisiones generan distintos proyectos en los cuales colaboran estudiantes de pre y postgrado, profesores y administrativos de la comunidad. El cap\u00edtulo realiza proyectos entre los cuales se encuentran la organizaci\u00f3n de actividades comunitarias, encuentros de investigaci\u00f3n, invitaci\u00f3n de personas destacadas, actividades acad\u00e9micas y proyectos de impacto social con equipos de estudiantes de ingenier\u00eda, bajo el seguimiento de profesores del departamento. Linkedin Instagram","og_url":"https:\/\/www.ing.uc.cl\/industrial-y-sistemas\/postulacion-2\/becas-y-beneficios\/","og_site_name":"Departamento de Ingenier\u00eda Industrial y de Sistemas","article_modified_time":"2025-04-10T21:26:25+00:00","twitter_card":"summary_large_image","twitter_misc":{"Tiempo estimado de lectura":"1 minuto"},"schema":{"@context":"https:\/\/schema.org","@graph":[{"@type":"WebPage","@id":"https:\/\/www.ing.uc.cl\/industrial-y-sistemas\/postulacion-2\/becas-y-beneficios\/","url":"https:\/\/www.ing.uc.cl\/industrial-y-sistemas\/postulacion-2\/becas-y-beneficios\/","name":"Cap\u00edtulo Estudiantil (CEIINS) - Departamento de Ingenier\u00eda Industrial y de Sistemas","isPartOf":{"@id":"https:\/\/www.ing.uc.cl\/industrial-y-sistemas\/#website"},"primaryImageOfPage":{"@id":"https:\/\/www.ing.uc.cl\/industrial-y-sistemas\/postulacion-2\/becas-y-beneficios\/#primaryimage"},"image":{"@id":"https:\/\/www.ing.uc.cl\/industrial-y-sistemas\/postulacion-2\/becas-y-beneficios\/#primaryimage"},"thumbnailUrl":"https:\/\/www.ing.uc.cl\/industrial-y-sistemas\/wp-content\/uploads\/2025\/04\/9-CEIINS-1024x513-1.png","datePublished":"2023-05-16T14:16:30+00:00","dateModified":"2025-04-10T21:26:25+00:00","breadcrumb":{"@id":"https:\/\/www.ing.uc.cl\/industrial-y-sistemas\/postulacion-2\/becas-y-beneficios\/#breadcrumb"},"inLanguage":"es-CL","potentialAction":[{"@type":"ReadAction","target":["https:\/\/www.ing.uc.cl\/industrial-y-sistemas\/postulacion-2\/becas-y-beneficios\/"]}]},{"@type":"ImageObject","inLanguage":"es-CL","@id":"https:\/\/www.ing.uc.cl\/industrial-y-sistemas\/postulacion-2\/becas-y-beneficios\/#primaryimage","url":"https:\/\/www.ing.uc.cl\/industrial-y-sistemas\/wp-content\/uploads\/2025\/04\/9-CEIINS-1024x513-1.png","contentUrl":"https:\/\/www.ing.uc.cl\/industrial-y-sistemas\/wp-content\/uploads\/2025\/04\/9-CEIINS-1024x513-1.png","width":1024,"height":513},{"@type":"BreadcrumbList","@id":"https:\/\/www.ing.uc.cl\/industrial-y-sistemas\/postulacion-2\/becas-y-beneficios\/#breadcrumb","itemListElement":[{"@type":"ListItem","position":1,"name":"Portada","item":"https:\/\/www.ing.uc.cl\/industrial-y-sistemas\/"},{"@type":"ListItem","position":2,"name":"Postulaci\u00f3n","item":"https:\/\/www.ing.uc.cl\/industrial-y-sistemas\/postulacion-2\/"},{"@type":"ListItem","position":3,"name":"Becas y Beneficios"}]},{"@type":"WebSite","@id":"https:\/\/www.ing.uc.cl\/industrial-y-sistemas\/#website","url":"https:\/\/www.ing.uc.cl\/industrial-y-sistemas\/","name":"Departamento de Ingenier\u00eda Industrial y de Sistemas","description":"Escuela de Ingenier\u00eda","publisher":{"@id":"https:\/\/www.ing.uc.cl\/industrial-y-sistemas\/#organization"},"potentialAction":[{"@type":"SearchAction","target":{"@type":"EntryPoint","urlTemplate":"https:\/\/www.ing.uc.cl\/industrial-y-sistemas\/?s={search_term_string}"},"query-input":{"@type":"PropertyValueSpecification","valueRequired":true,"valueName":"search_term_string"}}],"inLanguage":"es-CL"},{"@type":"Organization","@id":"https:\/\/www.ing.uc.cl\/industrial-y-sistemas\/#organization","name":"Departamento de Ingenier\u00eda Industrial y de Sistemas","url":"https:\/\/www.ing.uc.cl\/industrial-y-sistemas\/","logo":{"@type":"ImageObject","inLanguage":"es-CL","@id":"https:\/\/www.ing.uc.cl\/industrial-y-sistemas\/#\/schema\/logo\/image\/","url":"https:\/\/www.ing.uc.cl\/industrial-y-sistemas\/wp-content\/uploads\/2023\/11\/cropped-UC-P2727-01.png","contentUrl":"https:\/\/www.ing.uc.cl\/industrial-y-sistemas\/wp-content\/uploads\/2023\/11\/cropped-UC-P2727-01.png","width":307,"height":414,"caption":"Departamento de Ingenier\u00eda Industrial y de Sistemas"},"image":{"@id":"https:\/\/www.ing.uc.cl\/industrial-y-sistemas\/#\/schema\/logo\/image\/"}}]}},"rttpg_featured_image_url":null,"rttpg_author":{"display_name":"Francisco H","author_link":"https:\/\/www.ing.uc.cl\/industrial-y-sistemas\/author\/fherreros\/"},"rttpg_comment":0,"rttpg_category":null,"rttpg_excerpt":"Cap\u00edtulo Estudiantil (CEIINS) El Cap\u00edtulo Estudiantil de Ingenier\u00eda Industrial y de Sistemas (CEIINS) actualmente es un cap\u00edtulo miembro del Institute for Operations Research and the Management Sciences (INFORMS) y realiza sus actividades bajo el amparo del Departamento de Ingenier\u00eda Industrial y de Sistemas de la Pontificia Universidad Cat\u00f3lica de Chile. Es una organizaci\u00f3n independiente de&hellip;","_links":{"self":[{"href":"https:\/\/www.ing.uc.cl\/industrial-y-sistemas\/wp-json\/wp\/v2\/pages\/1245","targetHints":{"allow":["GET"]}}],"collection":[{"href":"https:\/\/www.ing.uc.cl\/industrial-y-sistemas\/wp-json\/wp\/v2\/pages"}],"about":[{"href":"https:\/\/www.ing.uc.cl\/industrial-y-sistemas\/wp-json\/wp\/v2\/types\/page"}],"author":[{"embeddable":true,"href":"https:\/\/www.ing.uc.cl\/industrial-y-sistemas\/wp-json\/wp\/v2\/users\/4"}],"replies":[{"embeddable":true,"href":"https:\/\/www.ing.uc.cl\/industrial-y-sistemas\/wp-json\/wp\/v2\/comments?post=1245"}],"version-history":[{"count":4,"href":"https:\/\/www.ing.uc.cl\/industrial-y-sistemas\/wp-json\/wp\/v2\/pages\/1245\/revisions"}],"predecessor-version":[{"id":1556,"href":"https:\/\/www.ing.uc.cl\/industrial-y-sistemas\/wp-json\/wp\/v2\/pages\/1245\/revisions\/1556"}],"up":[{"embeddable":true,"href":"https:\/\/www.ing.uc.cl\/industrial-y-sistemas\/wp-json\/wp\/v2\/pages\/772"}],"wp:attachment":[{"href":"https:\/\/www.ing.uc.cl\/industrial-y-sistemas\/wp-json\/wp\/v2\/media?parent=1245"}],"curies":[{"name":"wp","href":"https:\/\/api.w.org\/{rel}","templated":true}]}}