{"id":2115,"date":"2023-01-25T17:07:10","date_gmt":"2023-01-25T20:07:10","guid":{"rendered":"https:\/\/www.ing.uc.cl\/ingenieria-y-gestion-construccion\/?page_id=2115"},"modified":"2023-03-16T18:32:10","modified_gmt":"2023-03-16T21:32:10","slug":"mac-uc","status":"publish","type":"page","link":"https:\/\/www.ing.uc.cl\/ingenieria-y-gestion-construccion\/postgrado\/mac-uc\/","title":{"rendered":"MAC UC"},"content":{"rendered":"\t\t<div data-elementor-type=\"wp-page\" data-elementor-id=\"2115\" class=\"elementor elementor-2115\">\n\t\t\t\t\t\t<section class=\"elementor-section elementor-top-section elementor-element elementor-element-ac771a6 elementor-section-boxed elementor-section-height-default elementor-section-height-default wpr-particle-no wpr-jarallax-no wpr-parallax-no wpr-sticky-section-no wpr-equal-height-no\" data-id=\"ac771a6\" data-element_type=\"section\" data-e-type=\"section\">\n\t\t\t\t\t\t<div class=\"elementor-container elementor-column-gap-default\">\n\t\t\t\t\t<div class=\"elementor-column elementor-col-100 elementor-top-column elementor-element elementor-element-f7530bf\" data-id=\"f7530bf\" data-element_type=\"column\" data-e-type=\"column\">\n\t\t\t<div class=\"elementor-widget-wrap elementor-element-populated\">\n\t\t\t\t\t\t<div class=\"elementor-element elementor-element-085a3f9 elementor-widget elementor-widget-text-editor\" data-id=\"085a3f9\" data-element_type=\"widget\" data-e-type=\"widget\" data-widget_type=\"text-editor.default\">\n\t\t\t\t<div class=\"elementor-widget-container\">\n\t\t\t\t\t\t\t\t\t<p>El Magister en Administraci\u00f3n de la Construcci\u00f3n (MAC) es el resultado de un trabajo conjunto entre las facultades de Ingenier\u00eda y Arquitectura de la Pontificia Universidad Cat\u00f3lica de Chile y la C\u00e1mara Chilena de la Construcci\u00f3n.<\/p><p>El MAC constituye una alternativa \u00fanica de especializaci\u00f3n de postgrado en el mercado nacional ya que es el primer programa pensado desde y para la industria de la construcci\u00f3n, combinando material vinculado a la formulaci\u00f3n, dise\u00f1o y gesti\u00f3n de proyectos, con tem\u00e1ticas referidas a la administraci\u00f3n de empresas y negocios.<\/p>\t\t\t\t\t\t\t\t<\/div>\n\t\t\t\t<\/div>\n\t\t\t\t<div class=\"elementor-element elementor-element-2e294c0 elementor-widget elementor-widget-text-editor\" data-id=\"2e294c0\" data-element_type=\"widget\" data-e-type=\"widget\" data-widget_type=\"text-editor.default\">\n\t\t\t\t<div class=\"elementor-widget-container\">\n\t\t\t\t\t\t\t\t\t<h4>Perfil del Egresado<\/h4><p>Durante su formaci\u00f3n, los estudiantes adquirir\u00e1n competencias para enfrentar problemas propios del ejercicio profesional. Deber\u00e1n desarrollar, entre otras, las siguientes habilidades:<\/p><ul><li>Habilidades anal\u00edticas y de toma de decisiones: capacidad para analizar problemas sistem\u00e1ticamente, utilizando herramientas metodol\u00f3gicas y tecnol\u00f3gicas de punta en apoyo a los procesos de toma de decisiones.<\/li><\/ul><ul><li>Trabajo interdisciplinar: desarrollo de lenguaje y habilidades para un adecuado trabajo interdisciplinar en procesos de desarrollo de inversiones, obras de construcci\u00f3n y planificaci\u00f3n y gesti\u00f3n urbana, en el marco de una visi\u00f3n integral de la problem\u00e1tica abordada.<\/li><\/ul><ul><li>Habilidad para visualizar los proyectos complejos y la implementaci\u00f3n de ellos desde distintas perspectivas y con paradigmas contempor\u00e1neos, que maximicen la eficiencia y la eficacia de los an\u00e1lisis que desarrollen, estando habilitados para gestionar conocimiento.<\/li><\/ul><ul><li>Capacidad para proponer y desarrollar iniciativas novedosas e innovadoras en la gesti\u00f3n e implementaci\u00f3n de proyectos urbanos y de la industria de la construcci\u00f3n.<\/li><\/ul><ul><li>Capacidad para liderar y conducir proyectos y equipos de trabajo en sus \u00e1mbitos de acci\u00f3n, con foco en la alta direcci\u00f3n.<\/li><\/ul><p>El MAC constituye una alternativa \u00fanica de especializaci\u00f3n de postgrado en el mercado nacional ya que es el primer programa pensado desde y para la industria de la construcci\u00f3n, combinando material vinculado a la formulaci\u00f3n, dise\u00f1o y gesti\u00f3n de proyectos, con tem\u00e1ticas referidas a la administraci\u00f3n de empresas y negocios.<\/p>\t\t\t\t\t\t\t\t<\/div>\n\t\t\t\t<\/div>\n\t\t\t\t<div class=\"elementor-element elementor-element-968f839 elementor-align-center elementor-widget elementor-widget-button\" data-id=\"968f839\" data-element_type=\"widget\" data-e-type=\"widget\" data-widget_type=\"button.default\">\n\t\t\t\t<div class=\"elementor-widget-container\">\n\t\t\t\t\t\t\t\t\t<div class=\"elementor-button-wrapper\">\n\t\t\t\t\t<a class=\"elementor-button elementor-button-link elementor-size-sm\" href=\"https:\/\/mac.uc.cl\/sobre-el-magister\">\n\t\t\t\t\t\t<span class=\"elementor-button-content-wrapper\">\n\t\t\t\t\t\t<span class=\"elementor-button-icon\">\n\t\t\t\t<svg aria-hidden=\"true\" class=\"e-font-icon-svg e-fas-angle-right\" viewBox=\"0 0 256 512\" xmlns=\"http:\/\/www.w3.org\/2000\/svg\"><path d=\"M224.3 273l-136 136c-9.4 9.4-24.6 9.4-33.9 0l-22.6-22.6c-9.4-9.4-9.4-24.6 0-33.9l96.4-96.4-96.4-96.4c-9.4-9.4-9.4-24.6 0-33.9L54.3 103c9.4-9.4 24.6-9.4 33.9 0l136 136c9.5 9.4 9.5 24.6.1 34z\"><\/path><\/svg>\t\t\t<\/span>\n\t\t\t\t\t\t\t\t\t<span class=\"elementor-button-text\">MAC.CL<\/span>\n\t\t\t\t\t<\/span>\n\t\t\t\t\t<\/a>\n\t\t\t\t<\/div>\n\t\t\t\t\t\t\t\t<\/div>\n\t\t\t\t<\/div>\n\t\t\t\t\t<\/div>\n\t\t<\/div>\n\t\t\t\t\t<\/div>\n\t\t<\/section>\n\t\t\t\t<\/div>\n\t\t","protected":false},"excerpt":{"rendered":"<p>El MAC est\u00e1 dirigido a ejecutivos y profesionales de la construcci\u00f3n del \u00e1mbito p\u00fablico y privado que participan en obras civiles, industriales, mineras y del sector inmobiliario, incluyendo a gestores urbanos.<\/p>\n","protected":false},"author":7,"featured_media":0,"parent":227,"menu_order":69,"comment_status":"closed","ping_status":"closed","template":"","meta":{"_acf_changed":false,"_monsterinsights_skip_tracking":false,"_monsterinsights_sitenote_active":false,"_monsterinsights_sitenote_note":"","_monsterinsights_sitenote_category":0,"footnotes":""},"class_list":["post-2115","page","type-page","status-publish","hentry","post"],"acf":[],"aioseo_notices":[],"_links":{"self":[{"href":"https:\/\/www.ing.uc.cl\/ingenieria-y-gestion-construccion\/wp-json\/wp\/v2\/pages\/2115","targetHints":{"allow":["GET"]}}],"collection":[{"href":"https:\/\/www.ing.uc.cl\/ingenieria-y-gestion-construccion\/wp-json\/wp\/v2\/pages"}],"about":[{"href":"https:\/\/www.ing.uc.cl\/ingenieria-y-gestion-construccion\/wp-json\/wp\/v2\/types\/page"}],"author":[{"embeddable":true,"href":"https:\/\/www.ing.uc.cl\/ingenieria-y-gestion-construccion\/wp-json\/wp\/v2\/users\/7"}],"replies":[{"embeddable":true,"href":"https:\/\/www.ing.uc.cl\/ingenieria-y-gestion-construccion\/wp-json\/wp\/v2\/comments?post=2115"}],"version-history":[{"count":12,"href":"https:\/\/www.ing.uc.cl\/ingenieria-y-gestion-construccion\/wp-json\/wp\/v2\/pages\/2115\/revisions"}],"predecessor-version":[{"id":5750,"href":"https:\/\/www.ing.uc.cl\/ingenieria-y-gestion-construccion\/wp-json\/wp\/v2\/pages\/2115\/revisions\/5750"}],"up":[{"embeddable":true,"href":"https:\/\/www.ing.uc.cl\/ingenieria-y-gestion-construccion\/wp-json\/wp\/v2\/pages\/227"}],"wp:attachment":[{"href":"https:\/\/www.ing.uc.cl\/ingenieria-y-gestion-construccion\/wp-json\/wp\/v2\/media?parent=2115"}],"curies":[{"name":"wp","href":"https:\/\/api.w.org\/{rel}","templated":true}]}}