{"id":322123,"date":"2023-01-26T11:13:30","date_gmt":"2023-01-26T14:13:30","guid":{"rendered":"https:\/\/www.ing.uc.cl\/mecanica-y-metalurgica\/?page_id=322123"},"modified":"2023-08-04T12:39:17","modified_gmt":"2023-08-04T16:39:17","slug":"articulaciones","status":"publish","type":"page","link":"https:\/\/www.ing.uc.cl\/mecanica-y-metalurgica\/programas\/pregrado\/articulaciones\/","title":{"rendered":"Articulaciones"},"content":{"rendered":"<p><img loading=\"lazy\" decoding=\"async\" class=\"aligncenter size-large wp-image-322520\" src=\"https:\/\/www.ing.uc.cl\/mecanica-y-metalurgica\/wp-content\/uploads\/2023\/08\/DIMM-Malla-Curricular-Titulo-Ing-Mecanica_page-0006-e1691160457452-1024x683.jpg\" alt=\"\" width=\"1024\" height=\"683\" srcset=\"https:\/\/www.ing.uc.cl\/mecanica-y-metalurgica\/wp-content\/uploads\/2023\/08\/DIMM-Malla-Curricular-Titulo-Ing-Mecanica_page-0006-e1691160457452-1024x683.jpg 1024w, https:\/\/www.ing.uc.cl\/mecanica-y-metalurgica\/wp-content\/uploads\/2023\/08\/DIMM-Malla-Curricular-Titulo-Ing-Mecanica_page-0006-e1691160457452-300x200.jpg 300w, https:\/\/www.ing.uc.cl\/mecanica-y-metalurgica\/wp-content\/uploads\/2023\/08\/DIMM-Malla-Curricular-Titulo-Ing-Mecanica_page-0006-e1691160457452-768x513.jpg 768w, https:\/\/www.ing.uc.cl\/mecanica-y-metalurgica\/wp-content\/uploads\/2023\/08\/DIMM-Malla-Curricular-Titulo-Ing-Mecanica_page-0006-e1691160457452-291x194.jpg 291w, https:\/\/www.ing.uc.cl\/mecanica-y-metalurgica\/wp-content\/uploads\/2023\/08\/DIMM-Malla-Curricular-Titulo-Ing-Mecanica_page-0006-e1691160457452-1200x800.jpg 1200w, https:\/\/www.ing.uc.cl\/mecanica-y-metalurgica\/wp-content\/uploads\/2023\/08\/DIMM-Malla-Curricular-Titulo-Ing-Mecanica_page-0006-e1691160457452.jpg 1500w\" sizes=\"auto, (max-width: 1024px) 100vw, 1024px\" \/> <img loading=\"lazy\" decoding=\"async\" class=\"aligncenter size-large wp-image-322522\" src=\"https:\/\/www.ing.uc.cl\/mecanica-y-metalurgica\/wp-content\/uploads\/2023\/08\/DIMM-Malla-Curricular-Titulo-Ing-Mecanica_page-0001-e1691160484475-1024x683.jpg\" alt=\"\" width=\"1024\" height=\"683\" srcset=\"https:\/\/www.ing.uc.cl\/mecanica-y-metalurgica\/wp-content\/uploads\/2023\/08\/DIMM-Malla-Curricular-Titulo-Ing-Mecanica_page-0001-e1691160484475-1024x683.jpg 1024w, https:\/\/www.ing.uc.cl\/mecanica-y-metalurgica\/wp-content\/uploads\/2023\/08\/DIMM-Malla-Curricular-Titulo-Ing-Mecanica_page-0001-e1691160484475-300x200.jpg 300w, https:\/\/www.ing.uc.cl\/mecanica-y-metalurgica\/wp-content\/uploads\/2023\/08\/DIMM-Malla-Curricular-Titulo-Ing-Mecanica_page-0001-e1691160484475-768x513.jpg 768w, https:\/\/www.ing.uc.cl\/mecanica-y-metalurgica\/wp-content\/uploads\/2023\/08\/DIMM-Malla-Curricular-Titulo-Ing-Mecanica_page-0001-e1691160484475-291x194.jpg 291w, https:\/\/www.ing.uc.cl\/mecanica-y-metalurgica\/wp-content\/uploads\/2023\/08\/DIMM-Malla-Curricular-Titulo-Ing-Mecanica_page-0001-e1691160484475-1200x800.jpg 1200w, https:\/\/www.ing.uc.cl\/mecanica-y-metalurgica\/wp-content\/uploads\/2023\/08\/DIMM-Malla-Curricular-Titulo-Ing-Mecanica_page-0001-e1691160484475.jpg 1500w\" sizes=\"auto, (max-width: 1024px) 100vw, 1024px\" \/> <img loading=\"lazy\" decoding=\"async\" class=\"aligncenter size-large wp-image-322524\" src=\"https:\/\/www.ing.uc.cl\/mecanica-y-metalurgica\/wp-content\/uploads\/2023\/08\/DIMM-Malla-Curricular-Titulo-Ing-Mecanica_page-0002-e1691160504128-1024x683.jpg\" alt=\"\" width=\"1024\" height=\"683\" srcset=\"https:\/\/www.ing.uc.cl\/mecanica-y-metalurgica\/wp-content\/uploads\/2023\/08\/DIMM-Malla-Curricular-Titulo-Ing-Mecanica_page-0002-e1691160504128-1024x683.jpg 1024w, https:\/\/www.ing.uc.cl\/mecanica-y-metalurgica\/wp-content\/uploads\/2023\/08\/DIMM-Malla-Curricular-Titulo-Ing-Mecanica_page-0002-e1691160504128-300x200.jpg 300w, https:\/\/www.ing.uc.cl\/mecanica-y-metalurgica\/wp-content\/uploads\/2023\/08\/DIMM-Malla-Curricular-Titulo-Ing-Mecanica_page-0002-e1691160504128-768x513.jpg 768w, https:\/\/www.ing.uc.cl\/mecanica-y-metalurgica\/wp-content\/uploads\/2023\/08\/DIMM-Malla-Curricular-Titulo-Ing-Mecanica_page-0002-e1691160504128-291x194.jpg 291w, https:\/\/www.ing.uc.cl\/mecanica-y-metalurgica\/wp-content\/uploads\/2023\/08\/DIMM-Malla-Curricular-Titulo-Ing-Mecanica_page-0002-e1691160504128-1200x800.jpg 1200w, https:\/\/www.ing.uc.cl\/mecanica-y-metalurgica\/wp-content\/uploads\/2023\/08\/DIMM-Malla-Curricular-Titulo-Ing-Mecanica_page-0002-e1691160504128.jpg 1500w\" sizes=\"auto, (max-width: 1024px) 100vw, 1024px\" \/> <img loading=\"lazy\" decoding=\"async\" class=\"aligncenter size-large wp-image-322534\" src=\"https:\/\/www.ing.uc.cl\/mecanica-y-metalurgica\/wp-content\/uploads\/2023\/08\/300fb7bc838c11e2e91b246f2a37f492-2-e1691167119137-1024x678.jpg\" alt=\"\" width=\"1024\" height=\"678\" srcset=\"https:\/\/www.ing.uc.cl\/mecanica-y-metalurgica\/wp-content\/uploads\/2023\/08\/300fb7bc838c11e2e91b246f2a37f492-2-e1691167119137-1024x678.jpg 1024w, https:\/\/www.ing.uc.cl\/mecanica-y-metalurgica\/wp-content\/uploads\/2023\/08\/300fb7bc838c11e2e91b246f2a37f492-2-e1691167119137-300x199.jpg 300w, https:\/\/www.ing.uc.cl\/mecanica-y-metalurgica\/wp-content\/uploads\/2023\/08\/300fb7bc838c11e2e91b246f2a37f492-2-e1691167119137-768x509.jpg 768w, https:\/\/www.ing.uc.cl\/mecanica-y-metalurgica\/wp-content\/uploads\/2023\/08\/300fb7bc838c11e2e91b246f2a37f492-2-e1691167119137-1536x1018.jpg 1536w, https:\/\/www.ing.uc.cl\/mecanica-y-metalurgica\/wp-content\/uploads\/2023\/08\/300fb7bc838c11e2e91b246f2a37f492-2-e1691167119137-293x194.jpg 293w, https:\/\/www.ing.uc.cl\/mecanica-y-metalurgica\/wp-content\/uploads\/2023\/08\/300fb7bc838c11e2e91b246f2a37f492-2-e1691167119137-1200x795.jpg 1200w, https:\/\/www.ing.uc.cl\/mecanica-y-metalurgica\/wp-content\/uploads\/2023\/08\/300fb7bc838c11e2e91b246f2a37f492-2-e1691167119137.jpg 2000w\" sizes=\"auto, (max-width: 1024px) 100vw, 1024px\" \/><img loading=\"lazy\" decoding=\"async\" class=\"aligncenter size-large wp-image-322528\" src=\"https:\/\/www.ing.uc.cl\/mecanica-y-metalurgica\/wp-content\/uploads\/2023\/08\/DIMM-Malla-Curricular-Titulo-Ing-Mecanica_page-0004-e1691160562568-1024x683.jpg\" alt=\"\" width=\"1024\" height=\"683\" srcset=\"https:\/\/www.ing.uc.cl\/mecanica-y-metalurgica\/wp-content\/uploads\/2023\/08\/DIMM-Malla-Curricular-Titulo-Ing-Mecanica_page-0004-e1691160562568-1024x683.jpg 1024w, https:\/\/www.ing.uc.cl\/mecanica-y-metalurgica\/wp-content\/uploads\/2023\/08\/DIMM-Malla-Curricular-Titulo-Ing-Mecanica_page-0004-e1691160562568-300x200.jpg 300w, https:\/\/www.ing.uc.cl\/mecanica-y-metalurgica\/wp-content\/uploads\/2023\/08\/DIMM-Malla-Curricular-Titulo-Ing-Mecanica_page-0004-e1691160562568-768x513.jpg 768w, https:\/\/www.ing.uc.cl\/mecanica-y-metalurgica\/wp-content\/uploads\/2023\/08\/DIMM-Malla-Curricular-Titulo-Ing-Mecanica_page-0004-e1691160562568-291x194.jpg 291w, https:\/\/www.ing.uc.cl\/mecanica-y-metalurgica\/wp-content\/uploads\/2023\/08\/DIMM-Malla-Curricular-Titulo-Ing-Mecanica_page-0004-e1691160562568-1200x800.jpg 1200w, https:\/\/www.ing.uc.cl\/mecanica-y-metalurgica\/wp-content\/uploads\/2023\/08\/DIMM-Malla-Curricular-Titulo-Ing-Mecanica_page-0004-e1691160562568.jpg 1500w\" sizes=\"auto, (max-width: 1024px) 100vw, 1024px\" \/> <img loading=\"lazy\" decoding=\"async\" class=\"aligncenter size-large wp-image-322530\" src=\"https:\/\/www.ing.uc.cl\/mecanica-y-metalurgica\/wp-content\/uploads\/2023\/08\/DIMM-Malla-Curricular-Titulo-Ing-Mecanica_page-0005-e1691160584335-1024x683.jpg\" alt=\"\" width=\"1024\" height=\"683\" srcset=\"https:\/\/www.ing.uc.cl\/mecanica-y-metalurgica\/wp-content\/uploads\/2023\/08\/DIMM-Malla-Curricular-Titulo-Ing-Mecanica_page-0005-e1691160584335-1024x683.jpg 1024w, https:\/\/www.ing.uc.cl\/mecanica-y-metalurgica\/wp-content\/uploads\/2023\/08\/DIMM-Malla-Curricular-Titulo-Ing-Mecanica_page-0005-e1691160584335-300x200.jpg 300w, https:\/\/www.ing.uc.cl\/mecanica-y-metalurgica\/wp-content\/uploads\/2023\/08\/DIMM-Malla-Curricular-Titulo-Ing-Mecanica_page-0005-e1691160584335-768x513.jpg 768w, https:\/\/www.ing.uc.cl\/mecanica-y-metalurgica\/wp-content\/uploads\/2023\/08\/DIMM-Malla-Curricular-Titulo-Ing-Mecanica_page-0005-e1691160584335-291x194.jpg 291w, https:\/\/www.ing.uc.cl\/mecanica-y-metalurgica\/wp-content\/uploads\/2023\/08\/DIMM-Malla-Curricular-Titulo-Ing-Mecanica_page-0005-e1691160584335-1200x800.jpg 1200w, https:\/\/www.ing.uc.cl\/mecanica-y-metalurgica\/wp-content\/uploads\/2023\/08\/DIMM-Malla-Curricular-Titulo-Ing-Mecanica_page-0005-e1691160584335.jpg 1500w\" sizes=\"auto, (max-width: 1024px) 100vw, 1024px\" \/><\/p>\n","protected":false},"excerpt":{"rendered":"","protected":false},"author":34,"featured_media":0,"parent":321984,"menu_order":0,"comment_status":"closed","ping_status":"closed","template":"","meta":{"_acf_changed":false,"footnotes":""},"class_list":["post-322123","page","type-page","status-publish","hentry"],"acf":[],"yoast_head":"<!-- This site is optimized with the Yoast SEO plugin v26.9 - https:\/\/yoast.com\/product\/yoast-seo-wordpress\/ -->\n<title>Articulaciones - Departamento de Ingenier\u00eda de Mec\u00e1nica y Metal\u00fargica<\/title>\n<meta name=\"robots\" content=\"index, follow, max-snippet:-1, max-image-preview:large, max-video-preview:-1\" \/>\n<link rel=\"canonical\" href=\"https:\/\/www.ing.uc.cl\/mecanica-y-metalurgica\/programas\/pregrado\/articulaciones\/\" \/>\n<meta property=\"og:locale\" content=\"es_ES\" \/>\n<meta property=\"og:type\" content=\"article\" \/>\n<meta property=\"og:title\" content=\"Articulaciones - Departamento de Ingenier\u00eda de Mec\u00e1nica y Metal\u00fargica\" \/>\n<meta property=\"og:url\" content=\"https:\/\/www.ing.uc.cl\/mecanica-y-metalurgica\/programas\/pregrado\/articulaciones\/\" \/>\n<meta property=\"og:site_name\" content=\"Departamento de Ingenier\u00eda de Mec\u00e1nica y Metal\u00fargica\" \/>\n<meta property=\"article:publisher\" content=\"https:\/\/www.facebook.com\/EscueladeIngenieriaUniversidadCatolica\/\" \/>\n<meta property=\"article:modified_time\" content=\"2023-08-04T16:39:17+00:00\" \/>\n<meta name=\"twitter:card\" content=\"summary_large_image\" \/>\n<meta name=\"twitter:site\" content=\"@ingenieriaUC\" \/>\n<script type=\"application\/ld+json\" class=\"yoast-schema-graph\">{\"@context\":\"https:\/\/schema.org\",\"@graph\":[{\"@type\":\"WebPage\",\"@id\":\"https:\/\/www.ing.uc.cl\/mecanica-y-metalurgica\/programas\/pregrado\/articulaciones\/\",\"url\":\"https:\/\/www.ing.uc.cl\/mecanica-y-metalurgica\/programas\/pregrado\/articulaciones\/\",\"name\":\"Articulaciones - Departamento de Ingenier\u00eda de Mec\u00e1nica y Metal\u00fargica\",\"isPartOf\":{\"@id\":\"https:\/\/www.ing.uc.cl\/mecanica-y-metalurgica\/#website\"},\"primaryImageOfPage\":{\"@id\":\"https:\/\/www.ing.uc.cl\/mecanica-y-metalurgica\/programas\/pregrado\/articulaciones\/#primaryimage\"},\"image\":{\"@id\":\"https:\/\/www.ing.uc.cl\/mecanica-y-metalurgica\/programas\/pregrado\/articulaciones\/#primaryimage\"},\"thumbnailUrl\":\"https:\/\/www.ing.uc.cl\/mecanica-y-metalurgica\/wp-content\/uploads\/2023\/08\/DIMM-Malla-Curricular-Titulo-Ing-Mecanica_page-0006-e1691160457452-1024x683.jpg\",\"datePublished\":\"2023-01-26T14:13:30+00:00\",\"dateModified\":\"2023-08-04T16:39:17+00:00\",\"breadcrumb\":{\"@id\":\"https:\/\/www.ing.uc.cl\/mecanica-y-metalurgica\/programas\/pregrado\/articulaciones\/#breadcrumb\"},\"inLanguage\":\"es\",\"potentialAction\":[{\"@type\":\"ReadAction\",\"target\":[\"https:\/\/www.ing.uc.cl\/mecanica-y-metalurgica\/programas\/pregrado\/articulaciones\/\"]}]},{\"@type\":\"ImageObject\",\"inLanguage\":\"es\",\"@id\":\"https:\/\/www.ing.uc.cl\/mecanica-y-metalurgica\/programas\/pregrado\/articulaciones\/#primaryimage\",\"url\":\"https:\/\/www.ing.uc.cl\/mecanica-y-metalurgica\/wp-content\/uploads\/2023\/08\/DIMM-Malla-Curricular-Titulo-Ing-Mecanica_page-0006-e1691160457452.jpg\",\"contentUrl\":\"https:\/\/www.ing.uc.cl\/mecanica-y-metalurgica\/wp-content\/uploads\/2023\/08\/DIMM-Malla-Curricular-Titulo-Ing-Mecanica_page-0006-e1691160457452.jpg\",\"width\":1500,\"height\":1001},{\"@type\":\"BreadcrumbList\",\"@id\":\"https:\/\/www.ing.uc.cl\/mecanica-y-metalurgica\/programas\/pregrado\/articulaciones\/#breadcrumb\",\"itemListElement\":[{\"@type\":\"ListItem\",\"position\":1,\"name\":\"Home\",\"item\":\"https:\/\/www.ing.uc.cl\/mecanica-y-metalurgica\/\"},{\"@type\":\"ListItem\",\"position\":2,\"name\":\"Programas\",\"item\":\"https:\/\/www.ing.uc.cl\/mecanica-y-metalurgica\/programas\/\"},{\"@type\":\"ListItem\",\"position\":3,\"name\":\"Pregrado\",\"item\":\"https:\/\/www.ing.uc.cl\/mecanica-y-metalurgica\/programas\/pregrado\/\"},{\"@type\":\"ListItem\",\"position\":4,\"name\":\"Articulaciones\"}]},{\"@type\":\"WebSite\",\"@id\":\"https:\/\/www.ing.uc.cl\/mecanica-y-metalurgica\/#website\",\"url\":\"https:\/\/www.ing.uc.cl\/mecanica-y-metalurgica\/\",\"name\":\"Departamento de Ingenier\u00eda de Mec\u00e1nica y Metal\u00fargica\",\"description\":\"Ingenier\u00eda UC\",\"potentialAction\":[{\"@type\":\"SearchAction\",\"target\":{\"@type\":\"EntryPoint\",\"urlTemplate\":\"https:\/\/www.ing.uc.cl\/mecanica-y-metalurgica\/?s={search_term_string}\"},\"query-input\":{\"@type\":\"PropertyValueSpecification\",\"valueRequired\":true,\"valueName\":\"search_term_string\"}}],\"inLanguage\":\"es\"}]}<\/script>\n<!-- \/ Yoast SEO plugin. -->","yoast_head_json":{"title":"Articulaciones - Departamento de Ingenier\u00eda de Mec\u00e1nica y Metal\u00fargica","robots":{"index":"index","follow":"follow","max-snippet":"max-snippet:-1","max-image-preview":"max-image-preview:large","max-video-preview":"max-video-preview:-1"},"canonical":"https:\/\/www.ing.uc.cl\/mecanica-y-metalurgica\/programas\/pregrado\/articulaciones\/","og_locale":"es_ES","og_type":"article","og_title":"Articulaciones - Departamento de Ingenier\u00eda de Mec\u00e1nica y Metal\u00fargica","og_url":"https:\/\/www.ing.uc.cl\/mecanica-y-metalurgica\/programas\/pregrado\/articulaciones\/","og_site_name":"Departamento de Ingenier\u00eda de Mec\u00e1nica y Metal\u00fargica","article_publisher":"https:\/\/www.facebook.com\/EscueladeIngenieriaUniversidadCatolica\/","article_modified_time":"2023-08-04T16:39:17+00:00","twitter_card":"summary_large_image","twitter_site":"@ingenieriaUC","schema":{"@context":"https:\/\/schema.org","@graph":[{"@type":"WebPage","@id":"https:\/\/www.ing.uc.cl\/mecanica-y-metalurgica\/programas\/pregrado\/articulaciones\/","url":"https:\/\/www.ing.uc.cl\/mecanica-y-metalurgica\/programas\/pregrado\/articulaciones\/","name":"Articulaciones - Departamento de Ingenier\u00eda de Mec\u00e1nica y Metal\u00fargica","isPartOf":{"@id":"https:\/\/www.ing.uc.cl\/mecanica-y-metalurgica\/#website"},"primaryImageOfPage":{"@id":"https:\/\/www.ing.uc.cl\/mecanica-y-metalurgica\/programas\/pregrado\/articulaciones\/#primaryimage"},"image":{"@id":"https:\/\/www.ing.uc.cl\/mecanica-y-metalurgica\/programas\/pregrado\/articulaciones\/#primaryimage"},"thumbnailUrl":"https:\/\/www.ing.uc.cl\/mecanica-y-metalurgica\/wp-content\/uploads\/2023\/08\/DIMM-Malla-Curricular-Titulo-Ing-Mecanica_page-0006-e1691160457452-1024x683.jpg","datePublished":"2023-01-26T14:13:30+00:00","dateModified":"2023-08-04T16:39:17+00:00","breadcrumb":{"@id":"https:\/\/www.ing.uc.cl\/mecanica-y-metalurgica\/programas\/pregrado\/articulaciones\/#breadcrumb"},"inLanguage":"es","potentialAction":[{"@type":"ReadAction","target":["https:\/\/www.ing.uc.cl\/mecanica-y-metalurgica\/programas\/pregrado\/articulaciones\/"]}]},{"@type":"ImageObject","inLanguage":"es","@id":"https:\/\/www.ing.uc.cl\/mecanica-y-metalurgica\/programas\/pregrado\/articulaciones\/#primaryimage","url":"https:\/\/www.ing.uc.cl\/mecanica-y-metalurgica\/wp-content\/uploads\/2023\/08\/DIMM-Malla-Curricular-Titulo-Ing-Mecanica_page-0006-e1691160457452.jpg","contentUrl":"https:\/\/www.ing.uc.cl\/mecanica-y-metalurgica\/wp-content\/uploads\/2023\/08\/DIMM-Malla-Curricular-Titulo-Ing-Mecanica_page-0006-e1691160457452.jpg","width":1500,"height":1001},{"@type":"BreadcrumbList","@id":"https:\/\/www.ing.uc.cl\/mecanica-y-metalurgica\/programas\/pregrado\/articulaciones\/#breadcrumb","itemListElement":[{"@type":"ListItem","position":1,"name":"Home","item":"https:\/\/www.ing.uc.cl\/mecanica-y-metalurgica\/"},{"@type":"ListItem","position":2,"name":"Programas","item":"https:\/\/www.ing.uc.cl\/mecanica-y-metalurgica\/programas\/"},{"@type":"ListItem","position":3,"name":"Pregrado","item":"https:\/\/www.ing.uc.cl\/mecanica-y-metalurgica\/programas\/pregrado\/"},{"@type":"ListItem","position":4,"name":"Articulaciones"}]},{"@type":"WebSite","@id":"https:\/\/www.ing.uc.cl\/mecanica-y-metalurgica\/#website","url":"https:\/\/www.ing.uc.cl\/mecanica-y-metalurgica\/","name":"Departamento de Ingenier\u00eda de Mec\u00e1nica y Metal\u00fargica","description":"Ingenier\u00eda UC","potentialAction":[{"@type":"SearchAction","target":{"@type":"EntryPoint","urlTemplate":"https:\/\/www.ing.uc.cl\/mecanica-y-metalurgica\/?s={search_term_string}"},"query-input":{"@type":"PropertyValueSpecification","valueRequired":true,"valueName":"search_term_string"}}],"inLanguage":"es"}]}},"_links":{"self":[{"href":"https:\/\/www.ing.uc.cl\/mecanica-y-metalurgica\/wp-json\/wp\/v2\/pages\/322123","targetHints":{"allow":["GET"]}}],"collection":[{"href":"https:\/\/www.ing.uc.cl\/mecanica-y-metalurgica\/wp-json\/wp\/v2\/pages"}],"about":[{"href":"https:\/\/www.ing.uc.cl\/mecanica-y-metalurgica\/wp-json\/wp\/v2\/types\/page"}],"author":[{"embeddable":true,"href":"https:\/\/www.ing.uc.cl\/mecanica-y-metalurgica\/wp-json\/wp\/v2\/users\/34"}],"replies":[{"embeddable":true,"href":"https:\/\/www.ing.uc.cl\/mecanica-y-metalurgica\/wp-json\/wp\/v2\/comments?post=322123"}],"version-history":[{"count":4,"href":"https:\/\/www.ing.uc.cl\/mecanica-y-metalurgica\/wp-json\/wp\/v2\/pages\/322123\/revisions"}],"predecessor-version":[{"id":322536,"href":"https:\/\/www.ing.uc.cl\/mecanica-y-metalurgica\/wp-json\/wp\/v2\/pages\/322123\/revisions\/322536"}],"up":[{"embeddable":true,"href":"https:\/\/www.ing.uc.cl\/mecanica-y-metalurgica\/wp-json\/wp\/v2\/pages\/321984"}],"wp:attachment":[{"href":"https:\/\/www.ing.uc.cl\/mecanica-y-metalurgica\/wp-json\/wp\/v2\/media?parent=322123"}],"curies":[{"name":"wp","href":"https:\/\/api.w.org\/{rel}","templated":true}]}}