{"id":10917,"date":"2025-05-26T10:25:33","date_gmt":"2025-05-26T13:25:33","guid":{"rendered":"https:\/\/www.ing.uc.cl\/mineria\/?page_id=10917"},"modified":"2025-10-09T19:18:54","modified_gmt":"2025-10-09T22:18:54","slug":"pregrado","status":"publish","type":"page","link":"https:\/\/www.ing.uc.cl\/mineria\/programas\/pregrado\/","title":{"rendered":"Pregrado"},"content":{"rendered":"\t\t<div data-elementor-type=\"wp-page\" data-elementor-id=\"10917\" class=\"elementor elementor-10917\">\n\t\t\t\t\t\t<section class=\"elementor-section elementor-top-section elementor-element elementor-element-138de34 elementor-section-boxed elementor-section-height-default elementor-section-height-default wpr-particle-no wpr-jarallax-no wpr-parallax-no wpr-sticky-section-no wpr-equal-height-no\" data-id=\"138de34\" data-element_type=\"section\" data-e-type=\"section\">\n\t\t\t\t\t\t<div class=\"elementor-container elementor-column-gap-default\">\n\t\t\t\t\t<div class=\"elementor-column elementor-col-100 elementor-top-column elementor-element elementor-element-b09b7c4\" data-id=\"b09b7c4\" data-element_type=\"column\" data-e-type=\"column\">\n\t\t\t<div class=\"elementor-widget-wrap elementor-element-populated\">\n\t\t\t\t\t\t<div class=\"elementor-element elementor-element-3e6efd8 wpr-tabs-position-above wpr-tabs-hr-position-justify wpr-tabs-icon-position-left wpr-tabs-triangle-yes wpr-tabs-triangle-type-outer elementor-widget elementor-widget-wpr-tabs\" data-id=\"3e6efd8\" data-element_type=\"widget\" data-e-type=\"widget\" data-settings=\"{&quot;tab_transition_duration&quot;:0.1}\" data-widget_type=\"wpr-tabs.default\">\n\t\t\t\t<div class=\"elementor-widget-container\">\n\t\t\t\t\t\t\t\n\t\t<div class=\"wpr-tabs\" data-options=\"{&quot;activeTab&quot;:1,&quot;trigger&quot;:&quot;click&quot;,&quot;autoplay&quot;:&quot;&quot;,&quot;autoplaySpeed&quot;:1000}\">\n\t\t\t\n\t\t\t<div class=\"wpr-tabs-wrap\">\n\t\t\t\t\n\t\t\t\t<div id=\"wpr-tab-6541\" class=\"wpr-tab elementor-repeater-item-8206b56\" data-tab=\"1\">\n\t\t\t\t\t\n\t\t\t\t\t\t\t\t\t\t<div class=\"wpr-tab-title\">Ciclo 1: Licenciatura<\/div>\n\t\t\t\t\t\n\t\t\t\t\t\t\t\t\t\n\t\t\t\t<\/div>\n\n\t\t\t\t\n\t\t\t\t<div id=\"wpr-tab-6542\" class=\"wpr-tab elementor-repeater-item-8152c27\" data-tab=\"2\">\n\t\t\t\t\t\n\t\t\t\t\t\t\t\t\t\t<div class=\"wpr-tab-title\">Ciclo 2: T\u00edtulo<\/div>\n\t\t\t\t\t\n\t\t\t\t\t\t\t\t\t\n\t\t\t\t<\/div>\n\n\t\t\t\t\t\t\t<\/div>\n\n\t\t\t<div class=\"wpr-tabs-content-wrap\">\n\t\t\t\t\n\t\t\t\t<div id=\"wpr-tab-content-6541\" class=\"wpr-tab-content elementor-repeater-item-8206b56\" data-tab=\"1\">\n\t\t\t\t\t<div class=\"wpr-tab-content-inner elementor-clearfix wpr-anim-size-large wpr-overlay-fade-in\"><p>El Major en Ingenier\u00eda Minera desarrolla la capacidad de desempe\u00f1arse de manera efectiva en el \u00e1mbito de la explotaci\u00f3n y operaciones mineras, un conocimiento t\u00e9cnico de las operaciones unitarias de una mina, una visi\u00f3n de sustentabilidad respecto al impacto econ\u00f3mico, social, y ambiental de un proyecto minero y una mirada reflexiva en torno a las pr\u00e1cticas actuales.<br \/>Los graduados de este Major se desempe\u00f1an en la industria de major relevancia en Chile, con una serie de desaf\u00edos en la planificaci\u00f3n, dise\u00f1o y operaci\u00f3n de una mina a cielo abierto y subterr\u00e1nea; combinando aspectos propios de la formaci\u00f3n industrial con una base t\u00e9cnica que fomenta la tecnolog\u00eda e innovaci\u00f3n aplicada a problem\u00e1tica minera.<\/p><p><img fetchpriority=\"high\" decoding=\"async\" class=\"aligncenter wp-image-10920 size-full\" src=\"https:\/\/www.ing.uc.cl\/mineria\/wp-content\/uploads\/2025\/05\/programas_pregrado_ciclo1.png\" alt=\"\" width=\"1344\" height=\"893\" title=\"\" srcset=\"https:\/\/www.ing.uc.cl\/mineria\/wp-content\/uploads\/2025\/05\/programas_pregrado_ciclo1.png 1344w, https:\/\/www.ing.uc.cl\/mineria\/wp-content\/uploads\/2025\/05\/programas_pregrado_ciclo1-300x199.png 300w, https:\/\/www.ing.uc.cl\/mineria\/wp-content\/uploads\/2025\/05\/programas_pregrado_ciclo1-1024x680.png 1024w, https:\/\/www.ing.uc.cl\/mineria\/wp-content\/uploads\/2025\/05\/programas_pregrado_ciclo1-768x510.png 768w, https:\/\/www.ing.uc.cl\/mineria\/wp-content\/uploads\/2025\/05\/programas_pregrado_ciclo1-272x182.png 272w\" sizes=\"(max-width: 1344px) 100vw, 1344px\" \/><\/p><\/div>\t\t\t\t<\/div>\n\n\t\t\t\t\n\t\t\t\t<div id=\"wpr-tab-content-6542\" class=\"wpr-tab-content elementor-repeater-item-8152c27\" data-tab=\"2\">\n\t\t\t\t\t<div class=\"wpr-tab-content-inner elementor-clearfix wpr-anim-size-large wpr-overlay-fade-in\"><p>Luego de la Licenciatura en Ciencias de la Ingenier\u00eda, los alumnos pueden articular los dos t\u00edtulos que tienen relaci\u00f3n con la especialidad de Miner\u00eda:<\/p><h4>Ingenier\u00eda Civil, diploma en Ingenier\u00eda de Miner\u00eda.<\/h4><p>El Diploma en Ingenier\u00eda de Miner\u00eda desarrolla en sus egresados la capacidad de aplicar los fundamentos de la ingenier\u00eda de los materiales y dise\u00f1o estructural a diferentes obras civiles en proyectos mineros. Asimismo, son capaces de identificar oportunidades de mejoras en miner\u00eda, a trav\u00e9s del uso intensivo de la tecnolog\u00eda considerando la reglamentaci\u00f3n vigente, como tambi\u00e9n los criterios t\u00e9cnicos, econ\u00f3micos, \u00e9ticos y sociales.<\/p><h4>Ingenier\u00eda Civil de Industrias, diploma en Ingenier\u00eda de Miner\u00eda.<\/h4><p>El Diploma en Ingenier\u00eda de Miner\u00eda desarrolla en sus egresados la capacidad de aplicar los fundamentos de ingenier\u00eda de miner\u00eda y gesti\u00f3n para la evaluaci\u00f3n t\u00e9cnica y econ\u00f3mica de proyectos mineros, considerando aspectos legales, \u00e9ticos y ambientales. Asimismo, los egresados de este Diploma son capaces de analizar con visi\u00f3n sist\u00e9mica y multidisciplinar, las diferentes problem\u00e1ticas en los proyectos mineros, con \u00e9nfasis en los aspectos econ\u00f3micos y tecnol\u00f3gicos.<\/p><p><img decoding=\"async\" class=\"aligncenter wp-image-10921 size-full\" src=\"https:\/\/www.ing.uc.cl\/mineria\/wp-content\/uploads\/2025\/05\/programas_pregrado_ciclo2-scaled-1.png\" alt=\"\" width=\"2560\" height=\"911\" title=\"\" srcset=\"https:\/\/www.ing.uc.cl\/mineria\/wp-content\/uploads\/2025\/05\/programas_pregrado_ciclo2-scaled-1.png 2560w, https:\/\/www.ing.uc.cl\/mineria\/wp-content\/uploads\/2025\/05\/programas_pregrado_ciclo2-scaled-1-300x107.png 300w, https:\/\/www.ing.uc.cl\/mineria\/wp-content\/uploads\/2025\/05\/programas_pregrado_ciclo2-scaled-1-1024x364.png 1024w, https:\/\/www.ing.uc.cl\/mineria\/wp-content\/uploads\/2025\/05\/programas_pregrado_ciclo2-scaled-1-768x273.png 768w, https:\/\/www.ing.uc.cl\/mineria\/wp-content\/uploads\/2025\/05\/programas_pregrado_ciclo2-scaled-1-1536x547.png 1536w, https:\/\/www.ing.uc.cl\/mineria\/wp-content\/uploads\/2025\/05\/programas_pregrado_ciclo2-scaled-1-2048x729.png 2048w\" sizes=\"(max-width: 2560px) 100vw, 2560px\" \/><\/p><\/div>\t\t\t\t<\/div>\n\n\t\t\t\t\t\t\t<\/div>\n\n\t\t<\/div>\n\n\t\t\t\t\t\t<\/div>\n\t\t\t\t<\/div>\n\t\t\t\t<div class=\"elementor-element elementor-element-e4db065 elementor-widget elementor-widget-html\" data-id=\"e4db065\" data-element_type=\"widget\" data-e-type=\"widget\" data-widget_type=\"html.default\">\n\t\t\t\t<div class=\"elementor-widget-container\">\n\t\t\t\t\t<div class=\"uc-title panel-widget-style\"><div>\r\n<div class=\"siteorigin-widget-tinymce textwidget\">\r\n\t<h3>Minor de Amplitud en Ingenier\u00eda Minera<\/h3>\r\n<\/div>\r\n<\/div><\/div>\t\t\t\t<\/div>\n\t\t\t\t<\/div>\n\t\t\t\t<div class=\"elementor-element elementor-element-efd3fa8 elementor-widget elementor-widget-text-editor\" data-id=\"efd3fa8\" data-element_type=\"widget\" data-e-type=\"widget\" data-widget_type=\"text-editor.default\">\n\t\t\t\t<div class=\"elementor-widget-container\">\n\t\t\t\t\t\t\t\t\t<p>Este minor est\u00e1 orientado a estudiantes que deseen ampliar su formaci\u00f3n en el \u00e1rea de Ingenier\u00eda Minera, comprendiendo los fundamentos en el modelamiento de yacimientos, explotaci\u00f3n de minas y procesamiento de minerales, aplicando metodolog\u00edas que permitan mejorar los procesos asociados e identificando las mejores tecnolog\u00edas disponibles y fomentando criterios de responsabilidad profesional, ambiental, \u00e9tica y social.<\/p><p>Podr\u00e1n cursar este minor los alumnos(as) inscritos en un programa diferente al Major en Ingenier\u00eda Minera.<\/p><p><strong>Cursos M\u00ednimos<\/strong><\/p><ul><li>IMM2013 Miner\u00eda Cielo Abierto<\/li><li>IMM2023 Procesos Mineral\u00fargicos<\/li><li>IMM2043 Miner\u00eda Subterr\u00e1nea<\/li><li>IMM2003 Geolog\u00eda Minera o\u00a0ICE2623 Introducci\u00f3n a la Geolog\u00eda F\u00edsica<\/li><\/ul><p><strong>Cursos Optativos<\/strong><\/p><ul><li>IMM2033 Geoestad\u00edstica<\/li><li>IMM2053 Procesos Metal\u00fargicos<\/li><li>IMM2073 Miner\u00eda Sustentable<\/li><li>IMM298X Investigaci\u00f3n o Proyecto<\/li><\/ul><p><em>(*) En caso de haber cursado previamente alguno de los cursos m\u00ednimos, se deber\u00e1n aprobar los cursos necesarios de la lista, para completar los 50 cr\u00e9ditos requeridos por este minor.<\/em><\/p><p>El listado de cursos est\u00e1 sujeto a modificaciones conforme a la planificaci\u00f3n acad\u00e9mica vigente al momento de inscribir cursos. Recuerda estar siempre informado de la \u00faltima actualizaci\u00f3n del Plan de Estudio.<\/p>\t\t\t\t\t\t\t\t<\/div>\n\t\t\t\t<\/div>\n\t\t\t\t<div class=\"elementor-element elementor-element-6a7f73a elementor-widget elementor-widget-html\" data-id=\"6a7f73a\" data-element_type=\"widget\" data-e-type=\"widget\" data-widget_type=\"html.default\">\n\t\t\t\t<div class=\"elementor-widget-container\">\n\t\t\t\t\t<div class=\"uc-title panel-widget-style\"><div>\r\n<div class=\"siteorigin-widget-tinymce textwidget\">\r\n\t<h3>Minor en Gesti\u00f3n y Operaciones mineras\r\n<\/h3>\r\n<\/div>\r\n<\/div><\/div>\t\t\t\t<\/div>\n\t\t\t\t<\/div>\n\t\t\t\t<div class=\"elementor-element elementor-element-c41f1fa elementor-widget elementor-widget-text-editor\" data-id=\"c41f1fa\" data-element_type=\"widget\" data-e-type=\"widget\" data-widget_type=\"text-editor.default\">\n\t\t\t\t<div class=\"elementor-widget-container\">\n\t\t\t\t\t\t\t\t\t<p>Orientado a estudiantes del Major en Ingenier\u00eda Minera que deseen profundizar en la comprensi\u00f3n, aplicaci\u00f3n, an\u00e1lisis y evaluaci\u00f3n de las diferentes etapas y procesos de un proyecto minero y su entorno socio medioambiental y econ\u00f3mico en los mercados mineros<\/p><p><strong>Cursos M\u00ednimos<\/strong><\/p><ul><li>IMM2503 Perforaci\u00f3n y Tronadura<\/li><li>IMM2103 Gesti\u00f3n Ambiental<\/li><li>IMM2213 Fundamentos de Econom\u00eda de Minerales<\/li><\/ul><p><strong>Cursos Optativos<\/strong><\/p><ul><li>Elegir 20 cr\u00e9ditos entre (*):<\/li><li>ICE2640 Recursos y Exploraci\u00f3n Geol\u00f3gica<\/li><li>IMM2521 Tecnolog\u00eda Mineras<\/li><li>IMM2700 Gesti\u00f3n de Activos F\u00edsicos<\/li><li>IMM2985 o IMM2986 o IMM2987 Investigaci\u00f3n o Proyecto<\/li><\/ul><p><em>(*) En este listado, el estudiante puede aprobar 10 cr\u00e9ditos en cursos de la Escuela de Ingenier\u00eda nivel 2000, aprobado previamente por el Comit\u00e9 del Major en Ingenier\u00eda Minera.<\/em><\/p>\t\t\t\t\t\t\t\t<\/div>\n\t\t\t\t<\/div>\n\t\t\t\t\t<\/div>\n\t\t<\/div>\n\t\t\t\t\t<\/div>\n\t\t<\/section>\n\t\t\t\t<\/div>\n\t\t","protected":false},"excerpt":{"rendered":"<p>Ciclo 1: Licenciatura Ciclo 2: T\u00edtulo El Major en Ingenier\u00eda Minera desarrolla la capacidad de desempe\u00f1arse de manera efectiva en el \u00e1mbito de la explotaci\u00f3n y operaciones mineras, un conocimiento t\u00e9cnico de las operaciones unitarias de una mina, una visi\u00f3n de sustentabilidad respecto al impacto econ\u00f3mico, social, y ambiental de un proyecto minero y una mirada reflexiva en torno a las pr\u00e1cticas actuales.Los graduados de este Major se desempe\u00f1an en la industria de major relevancia en Chile, con una serie de desaf\u00edos en la planificaci\u00f3n, dise\u00f1o y operaci\u00f3n de una mina a cielo abierto y subterr\u00e1nea; combinando aspectos propios de la formaci\u00f3n industrial con una base t\u00e9cnica que fomenta la tecnolog\u00eda e innovaci\u00f3n aplicada a problem\u00e1tica minera. Luego de la Licenciatura en Ciencias de la Ingenier\u00eda, los alumnos pueden articular los dos t\u00edtulos que tienen relaci\u00f3n con la especialidad de Miner\u00eda: Ingenier\u00eda Civil, diploma en Ingenier\u00eda de Miner\u00eda. El Diploma en Ingenier\u00eda de Miner\u00eda desarrolla en sus egresados la capacidad de aplicar los fundamentos de la ingenier\u00eda de los materiales y dise\u00f1o estructural a diferentes obras civiles en proyectos mineros. Asimismo, son capaces de identificar oportunidades de mejoras en miner\u00eda, a trav\u00e9s del uso intensivo de la tecnolog\u00eda considerando la reglamentaci\u00f3n vigente, como tambi\u00e9n los criterios t\u00e9cnicos, econ\u00f3micos, \u00e9ticos y sociales. Ingenier\u00eda Civil de Industrias, diploma en Ingenier\u00eda de Miner\u00eda. El Diploma en Ingenier\u00eda de Miner\u00eda desarrolla en sus egresados la capacidad de aplicar los fundamentos de ingenier\u00eda de miner\u00eda y gesti\u00f3n para la evaluaci\u00f3n t\u00e9cnica y econ\u00f3mica de proyectos mineros, considerando aspectos legales, \u00e9ticos y ambientales. Asimismo, los egresados de este Diploma son capaces de analizar con visi\u00f3n sist\u00e9mica y multidisciplinar, las diferentes problem\u00e1ticas en los proyectos mineros, con \u00e9nfasis en los aspectos econ\u00f3micos y tecnol\u00f3gicos. Minor de Amplitud en Ingenier\u00eda Minera Este minor est\u00e1 orientado a estudiantes que deseen ampliar su formaci\u00f3n en el \u00e1rea de Ingenier\u00eda Minera, comprendiendo los fundamentos en el modelamiento de yacimientos, explotaci\u00f3n de minas y procesamiento de minerales, aplicando metodolog\u00edas que permitan mejorar los procesos asociados e identificando las mejores tecnolog\u00edas disponibles y fomentando criterios de responsabilidad profesional, ambiental, \u00e9tica y social. Podr\u00e1n cursar este minor los alumnos(as) inscritos en un programa diferente al Major en Ingenier\u00eda Minera. Cursos M\u00ednimos IMM2013 Miner\u00eda Cielo Abierto IMM2023 Procesos Mineral\u00fargicos IMM2043 Miner\u00eda Subterr\u00e1nea IMM2003 Geolog\u00eda Minera o\u00a0ICE2623 Introducci\u00f3n a la Geolog\u00eda F\u00edsica Cursos Optativos IMM2033 Geoestad\u00edstica IMM2053 Procesos Metal\u00fargicos IMM2073 Miner\u00eda Sustentable IMM298X Investigaci\u00f3n o Proyecto (*) En caso de haber cursado previamente alguno de los cursos m\u00ednimos, se deber\u00e1n aprobar los cursos necesarios de la lista, para completar los 50 cr\u00e9ditos requeridos por este minor. El listado de cursos est\u00e1 sujeto a modificaciones conforme a la planificaci\u00f3n acad\u00e9mica vigente al momento de inscribir cursos. Recuerda estar siempre informado de la \u00faltima actualizaci\u00f3n del Plan de Estudio. Minor en Gesti\u00f3n y Operaciones mineras Orientado a estudiantes del Major en Ingenier\u00eda Minera que deseen profundizar en la comprensi\u00f3n, aplicaci\u00f3n, an\u00e1lisis y evaluaci\u00f3n de las diferentes etapas y procesos de un proyecto minero y su entorno socio medioambiental y econ\u00f3mico en los mercados mineros Cursos M\u00ednimos IMM2503 Perforaci\u00f3n y Tronadura IMM2103 Gesti\u00f3n Ambiental IMM2213 Fundamentos de Econom\u00eda de Minerales Cursos Optativos Elegir 20 cr\u00e9ditos entre (*): ICE2640 Recursos y Exploraci\u00f3n Geol\u00f3gica IMM2521 Tecnolog\u00eda Mineras IMM2700 Gesti\u00f3n de Activos F\u00edsicos IMM2985 o IMM2986 o IMM2987 Investigaci\u00f3n o Proyecto (*) En este listado, el estudiante puede aprobar 10 cr\u00e9ditos en cursos de la Escuela de Ingenier\u00eda nivel 2000, aprobado previamente por el Comit\u00e9 del Major en Ingenier\u00eda Minera.<\/p>\n","protected":false},"author":5,"featured_media":0,"parent":1240,"menu_order":0,"comment_status":"closed","ping_status":"closed","template":"","meta":{"_acf_changed":false,"site-sidebar-layout":"no-sidebar","site-content-layout":"page-builder","ast-site-content-layout":"full-width-container","site-content-style":"default","site-sidebar-style":"default","ast-global-header-display":"","ast-banner-title-visibility":"","ast-main-header-display":"","ast-hfb-above-header-display":"","ast-hfb-below-header-display":"","ast-hfb-mobile-header-display":"","site-post-title":"disabled","ast-breadcrumbs-content":"","ast-featured-img":"disabled","footer-sml-layout":"","ast-disable-related-posts":"","theme-transparent-header-meta":"","adv-header-id-meta":"","stick-header-meta":"","header-above-stick-meta":"","header-main-stick-meta":"","header-below-stick-meta":"","astra-migrate-meta-layouts":"set","ast-page-background-enabled":"default","ast-page-background-meta":{"desktop":{"background-color":"","background-image":"","background-repeat":"repeat","background-position":"center center","background-size":"auto","background-attachment":"scroll","background-type":"","background-media":"","overlay-type":"","overlay-color":"","overlay-opacity":"","overlay-gradient":""},"tablet":{"background-color":"","background-image":"","background-repeat":"repeat","background-position":"center center","background-size":"auto","background-attachment":"scroll","background-type":"","background-media":"","overlay-type":"","overlay-color":"","overlay-opacity":"","overlay-gradient":""},"mobile":{"background-color":"","background-image":"","background-repeat":"repeat","background-position":"center center","background-size":"auto","background-attachment":"scroll","background-type":"","background-media":"","overlay-type":"","overlay-color":"","overlay-opacity":"","overlay-gradient":""}},"ast-content-background-meta":{"desktop":{"background-color":"var(--ast-global-color-5)","background-image":"","background-repeat":"repeat","background-position":"center center","background-size":"auto","background-attachment":"scroll","background-type":"","background-media":"","overlay-type":"","overlay-color":"","overlay-opacity":"","overlay-gradient":""},"tablet":{"background-color":"var(--ast-global-color-5)","background-image":"","background-repeat":"repeat","background-position":"center center","background-size":"auto","background-attachment":"scroll","background-type":"","background-media":"","overlay-type":"","overlay-color":"","overlay-opacity":"","overlay-gradient":""},"mobile":{"background-color":"var(--ast-global-color-5)","background-image":"","background-repeat":"repeat","background-position":"center center","background-size":"auto","background-attachment":"scroll","background-type":"","background-media":"","overlay-type":"","overlay-color":"","overlay-opacity":"","overlay-gradient":""}},"footnotes":""},"class_list":["post-10917","page","type-page","status-publish","hentry"],"acf":[],"rttpg_featured_image_url":null,"rttpg_author":{"display_name":"Pipe Aliaga","author_link":"https:\/\/www.ing.uc.cl\/mineria\/author\/fealiaga\/"},"rttpg_comment":0,"rttpg_category":null,"rttpg_excerpt":"Ciclo 1: Licenciatura Ciclo 2: T\u00edtulo El Major en Ingenier\u00eda Minera desarrolla la capacidad de desempe\u00f1arse de manera efectiva en el \u00e1mbito de la explotaci\u00f3n y operaciones mineras, un conocimiento t\u00e9cnico de las operaciones unitarias de una mina, una visi\u00f3n de sustentabilidad respecto al impacto econ\u00f3mico, social, y ambiental de un proyecto minero y una&hellip;","_links":{"self":[{"href":"https:\/\/www.ing.uc.cl\/mineria\/wp-json\/wp\/v2\/pages\/10917","targetHints":{"allow":["GET"]}}],"collection":[{"href":"https:\/\/www.ing.uc.cl\/mineria\/wp-json\/wp\/v2\/pages"}],"about":[{"href":"https:\/\/www.ing.uc.cl\/mineria\/wp-json\/wp\/v2\/types\/page"}],"author":[{"embeddable":true,"href":"https:\/\/www.ing.uc.cl\/mineria\/wp-json\/wp\/v2\/users\/5"}],"replies":[{"embeddable":true,"href":"https:\/\/www.ing.uc.cl\/mineria\/wp-json\/wp\/v2\/comments?post=10917"}],"version-history":[{"count":9,"href":"https:\/\/www.ing.uc.cl\/mineria\/wp-json\/wp\/v2\/pages\/10917\/revisions"}],"predecessor-version":[{"id":11411,"href":"https:\/\/www.ing.uc.cl\/mineria\/wp-json\/wp\/v2\/pages\/10917\/revisions\/11411"}],"up":[{"embeddable":true,"href":"https:\/\/www.ing.uc.cl\/mineria\/wp-json\/wp\/v2\/pages\/1240"}],"wp:attachment":[{"href":"https:\/\/www.ing.uc.cl\/mineria\/wp-json\/wp\/v2\/media?parent=10917"}],"curies":[{"name":"wp","href":"https:\/\/api.w.org\/{rel}","templated":true}]}}