{"id":1555,"date":"2025-04-25T11:25:16","date_gmt":"2025-04-25T14:25:16","guid":{"rendered":"https:\/\/www.ing.uc.cl\/mineria\/?page_id=1555"},"modified":"2025-06-23T17:21:09","modified_gmt":"2025-06-23T20:21:09","slug":"infraestructura","status":"publish","type":"page","link":"https:\/\/www.ing.uc.cl\/mineria\/departamento\/infraestructura\/","title":{"rendered":"Infraestructura"},"content":{"rendered":"\t\t<div data-elementor-type=\"wp-page\" data-elementor-id=\"1555\" class=\"elementor elementor-1555\">\n\t\t\t\t\t\t<section class=\"elementor-section elementor-top-section elementor-element elementor-element-e03dba4 elementor-section-boxed elementor-section-height-default elementor-section-height-default wpr-particle-no wpr-jarallax-no wpr-parallax-no wpr-sticky-section-no wpr-equal-height-no\" data-id=\"e03dba4\" data-element_type=\"section\" data-e-type=\"section\">\n\t\t\t\t\t\t<div class=\"elementor-container elementor-column-gap-default\">\n\t\t\t\t\t<div class=\"elementor-column elementor-col-100 elementor-top-column elementor-element elementor-element-de3ae1a\" data-id=\"de3ae1a\" data-element_type=\"column\" data-e-type=\"column\">\n\t\t\t<div class=\"elementor-widget-wrap elementor-element-populated\">\n\t\t\t\t\t\t<div class=\"elementor-element elementor-element-7605c63 elementor-widget elementor-widget-html\" data-id=\"7605c63\" data-element_type=\"widget\" data-e-type=\"widget\" data-widget_type=\"html.default\">\n\t\t\t\t<div class=\"elementor-widget-container\">\n\t\t\t\t\t<div class=\"uc-title panel-widget-style\"><div>\r\n<div class=\"siteorigin-widget-tinymce textwidget\">\r\n\t<h3>Infraestructura<\/h3>\r\n<\/div>\r\n<\/div><\/div>\t\t\t\t<\/div>\n\t\t\t\t<\/div>\n\t\t\t\t<section class=\"elementor-section elementor-inner-section elementor-element elementor-element-9527d11 elementor-section-boxed elementor-section-height-default elementor-section-height-default wpr-particle-no wpr-jarallax-no wpr-parallax-no wpr-sticky-section-no wpr-equal-height-no\" data-id=\"9527d11\" data-element_type=\"section\" data-e-type=\"section\">\n\t\t\t\t\t\t<div class=\"elementor-container elementor-column-gap-default\">\n\t\t\t\t\t<div class=\"elementor-column elementor-col-50 elementor-inner-column elementor-element elementor-element-f3e314f\" data-id=\"f3e314f\" data-element_type=\"column\" data-e-type=\"column\">\n\t\t\t<div class=\"elementor-widget-wrap elementor-element-populated\">\n\t\t\t\t\t\t<div class=\"elementor-element elementor-element-53f85d7 elementor-widget elementor-widget-video\" data-id=\"53f85d7\" data-element_type=\"widget\" data-e-type=\"widget\" data-settings=\"{&quot;video_type&quot;:&quot;hosted&quot;,&quot;controls&quot;:&quot;yes&quot;}\" data-widget_type=\"video.default\">\n\t\t\t\t<div class=\"elementor-widget-container\">\n\t\t\t\t\t\t\t<div class=\"e-hosted-video elementor-wrapper elementor-open-inline\">\n\t\t\t\t\t<video class=\"elementor-video\" src=\"https:\/\/www.ing.uc.cl\/mineria\/wp-content\/uploads\/2025\/06\/Mag\u00edster_Miner\u00eda_UC.mp4\" controls=\"\" preload=\"metadata\" controlsList=\"nodownload\"><\/video>\n\t\t\t\t<\/div>\n\t\t\t\t\t\t<\/div>\n\t\t\t\t<\/div>\n\t\t\t\t\t<\/div>\n\t\t<\/div>\n\t\t\t\t<div class=\"elementor-column elementor-col-50 elementor-inner-column elementor-element elementor-element-24bcf31\" data-id=\"24bcf31\" data-element_type=\"column\" data-e-type=\"column\">\n\t\t\t<div class=\"elementor-widget-wrap elementor-element-populated\">\n\t\t\t\t\t\t<div class=\"elementor-element elementor-element-61bf7de elementor-widget elementor-widget-text-editor\" data-id=\"61bf7de\" data-element_type=\"widget\" data-e-type=\"widget\" data-widget_type=\"text-editor.default\">\n\t\t\t\t<div class=\"elementor-widget-container\">\n\t\t\t\t\t\t\t\t\t<p>A cargo del arquitecto Enrique Browne, el 2013 se construye el complejo Andr\u00f3nico Luksic Abaroa, que incluye las dependencias del\u00a0<strong>Departamento de Ingenier\u00eda de Miner\u00eda<\/strong>, lugar que se asemeja a una mina rajo abierto, con m\u00e1s de 3.500 m2 de instalaciones subterr\u00e1neas, y m\u00e1s de 1.200 m2 de \u00e1reas verdes.<\/p>\t\t\t\t\t\t\t\t<\/div>\n\t\t\t\t<\/div>\n\t\t\t\t\t<\/div>\n\t\t<\/div>\n\t\t\t\t\t<\/div>\n\t\t<\/section>\n\t\t\t\t\t<\/div>\n\t\t<\/div>\n\t\t\t\t\t<\/div>\n\t\t<\/section>\n\t\t\t\t<section class=\"elementor-section elementor-top-section elementor-element elementor-element-0a40eee elementor-section-boxed elementor-section-height-default elementor-section-height-default wpr-particle-no wpr-jarallax-no wpr-parallax-no wpr-sticky-section-no wpr-equal-height-no\" data-id=\"0a40eee\" data-element_type=\"section\" data-e-type=\"section\">\n\t\t\t\t\t\t<div class=\"elementor-container elementor-column-gap-default\">\n\t\t\t\t\t<div class=\"elementor-column elementor-col-100 elementor-top-column elementor-element elementor-element-006c340\" data-id=\"006c340\" data-element_type=\"column\" data-e-type=\"column\">\n\t\t\t<div class=\"elementor-widget-wrap elementor-element-populated\">\n\t\t\t\t\t\t<div class=\"elementor-element elementor-element-316941a elementor-widget elementor-widget-html\" data-id=\"316941a\" data-element_type=\"widget\" data-e-type=\"widget\" data-widget_type=\"html.default\">\n\t\t\t\t<div class=\"elementor-widget-container\">\n\t\t\t\t\t<div class=\"uc-title panel-widget-style\"><div>\r\n<div class=\"siteorigin-widget-tinymce textwidget\">\r\n\t<h3>Nuestros Laboratorios<\/h3>\r\n<\/div>\r\n<\/div><\/div>\t\t\t\t<\/div>\n\t\t\t\t<\/div>\n\t\t\t\t<div class=\"elementor-element elementor-element-48fd966 elementor-widget elementor-widget-elementskit-accordion\" data-id=\"48fd966\" data-element_type=\"widget\" data-e-type=\"widget\" data-widget_type=\"elementskit-accordion.default\">\n\t\t\t\t<div class=\"elementor-widget-container\">\n\t\t\t\t\t<div class=\"ekit-wid-con\" >\n        <div class=\"elementskit-accordion accoedion-primary\" id=\"accordion-69e87a4774ebd\">\n\n            \n                <div class=\"elementskit-card active\">\n                    <div class=\"elementskit-card-header\" id=\"primaryHeading-0-48fd966\">\n                        <a href=\"#collapse-a9b1f3869e87a4774ebd\" class=\"ekit-accordion--toggler elementskit-btn-link collapsed\" data-ekit-toggle=\"collapse\" data-target=\"#Collapse-a9b1f3869e87a4774ebd\" aria-expanded=\"true\" aria-controls=\"Collapse-a9b1f3869e87a4774ebd\">\n                            \n                            <span class=\"ekit-accordion-title\">Laboratorio Tecnol\u00f3gico avanzado para la Miner\u00eda<\/span>\n\n                            \n                                <div class=\"ekit_accordion_icon_group\">\n                                    <div class=\"ekit_accordion_normal_icon\">\n                                        <!-- Normal Icon -->\n\t\t\t\t\t\t\t\t\t\t<i class=\"icon icon-down-arrow1\"><\/i>                                    <\/div>\n\n                                    <div class=\"ekit_accordion_active_icon\">\n                                        <!-- Active Icon -->\n\t\t\t\t\t\t\t\t\t\t<i class=\"icon icon-up-arrow\"><\/i>                                    <\/div>\n                                <\/div>\n\n                            \n                                                    <\/a>\n                    <\/div>\n\n                    <div id=\"Collapse-a9b1f3869e87a4774ebd\" class=\" show collapse\" aria-labelledby=\"primaryHeading-0-48fd966\" data-parent=\"#accordion-69e87a4774ebd\">\n\n                        <div class=\"elementskit-card-body ekit-accordion--content\">\n                            <p>El laboratorio se ha desempe\u00f1ado en el \u00e1rea de Miner\u00eda por m\u00e1s de 15 a\u00f1os demostrando su capacidad de investigaci\u00f3n y desarrollo tecnol\u00f3gico. Su amplia experiencia ha hecho posible proveer conocimiento y servicios de tecnolog\u00eda avanzada para la industria y la sociedad. Para ello, se realizan una amplia gama de ensayos normados para la caracterizaci\u00f3n f\u00edsico-qu\u00edmica de minerales, concentrados, relaves, materia prima y residuos propios de procesos metal\u00fargicos e hidrometal\u00fargicos de la industria minera. Ensayos tales como flotaci\u00f3n, lixiviaci\u00f3n, columnas de espumaci\u00f3n y sedimentaci\u00f3n, adem\u00e1s de control de reactivos utilizados com\u00fanmente en los procesos de flotaci\u00f3n.<\/p>                        <\/div>\n\n                    <\/div>\n\n                <\/div><!-- .elementskit-card END -->\n\n                \n                <div class=\"elementskit-card \">\n                    <div class=\"elementskit-card-header\" id=\"primaryHeading-1-48fd966\">\n                        <a href=\"#collapse-a48fc8869e87a4774ebd\" class=\"ekit-accordion--toggler elementskit-btn-link collapsed\" data-ekit-toggle=\"collapse\" data-target=\"#Collapse-a48fc8869e87a4774ebd\" aria-expanded=\"false\" aria-controls=\"Collapse-a48fc8869e87a4774ebd\">\n                            \n                            <span class=\"ekit-accordion-title\">Laboratorio de Computaci\u00f3n<\/span>\n\n                            \n                                <div class=\"ekit_accordion_icon_group\">\n                                    <div class=\"ekit_accordion_normal_icon\">\n                                        <!-- Normal Icon -->\n\t\t\t\t\t\t\t\t\t\t<i class=\"icon icon-down-arrow1\"><\/i>                                    <\/div>\n\n                                    <div class=\"ekit_accordion_active_icon\">\n                                        <!-- Active Icon -->\n\t\t\t\t\t\t\t\t\t\t<i class=\"icon icon-up-arrow\"><\/i>                                    <\/div>\n                                <\/div>\n\n                            \n                                                    <\/a>\n                    <\/div>\n\n                    <div id=\"Collapse-a48fc8869e87a4774ebd\" class=\" collapse\" aria-labelledby=\"primaryHeading-1-48fd966\" data-parent=\"#accordion-69e87a4774ebd\">\n\n                        <div class=\"elementskit-card-body ekit-accordion--content\">\n                            <p>En el laboratorio los alumnos tienen la posibilidad de utilizar softwares comerciales los cuales han sido en su gran mayor\u00eda donados por las empresas de software minero al Departamento de Miner\u00eda. Dentro de estos softwares se encuentra, por ejemplo, Leapfrog Vulcan, Datamine, Minesight, Surpac, Whittle, los cuales comercialmente tienen un costo de miles de d\u00f3lares, los cuales los alumnos tienen la posibilidad de utilizar, para aprender, y utilizar toda su potencialidad en sus proyectos ya sea en el \u00e1rea de geolog\u00eda, miner\u00eda a rajo abierto y subterr\u00e1nea, planificaci\u00f3n, proyectos del curso de capstone, y proyecto minero. Durante la pandemia la sala de computadores ha servido para que los alumnos tengan la posibilidad de conectarse de forma remota a los equipos y puedan seguir utilizando la funcionalidad de los softwares instalados, adem\u00e1s de incorporar el uso de licencias flotantes con algunas de las empresas proveedoras, lo que ha facilitado el trabajo y la ense\u00f1anza a distancia. Dentro de la infraestructura de apoyo los alumnos adem\u00e1s cuentan con red wifi, conexiones LAN para mayor velocidad, proyector para ense\u00f1anza en la sala, y sistema de aire acondicionado.<\/p>                        <\/div>\n\n                    <\/div>\n\n                <\/div><!-- .elementskit-card END -->\n\n                \n                <div class=\"elementskit-card \">\n                    <div class=\"elementskit-card-header\" id=\"primaryHeading-2-48fd966\">\n                        <a href=\"#collapse-fe4b7fe69e87a4774ebd\" class=\"ekit-accordion--toggler elementskit-btn-link collapsed\" data-ekit-toggle=\"collapse\" data-target=\"#Collapse-fe4b7fe69e87a4774ebd\" aria-expanded=\"false\" aria-controls=\"Collapse-fe4b7fe69e87a4774ebd\">\n                            \n                            <span class=\"ekit-accordion-title\">Laboratorio de Geociencias<\/span>\n\n                            \n                                <div class=\"ekit_accordion_icon_group\">\n                                    <div class=\"ekit_accordion_normal_icon\">\n                                        <!-- Normal Icon -->\n\t\t\t\t\t\t\t\t\t\t<i class=\"icon icon-down-arrow1\"><\/i>                                    <\/div>\n\n                                    <div class=\"ekit_accordion_active_icon\">\n                                        <!-- Active Icon -->\n\t\t\t\t\t\t\t\t\t\t<i class=\"icon icon-up-arrow\"><\/i>                                    <\/div>\n                                <\/div>\n\n                            \n                                                    <\/a>\n                    <\/div>\n\n                    <div id=\"Collapse-fe4b7fe69e87a4774ebd\" class=\" collapse\" aria-labelledby=\"primaryHeading-2-48fd966\" data-parent=\"#accordion-69e87a4774ebd\">\n\n                        <div class=\"elementskit-card-body ekit-accordion--content\">\n                            <p>Actualmente, en este laboratorio, las actividades de investigaci\u00f3n y los docentes contribuyen a varios cursos de pre y posgrado. El laboratorio cuenta con equipo b\u00e1sico (mesones, electricidad, agua, etc.), equipo menor (tamices, balanzas, horno, etc.). El laboratorio tambi\u00e9n alberga varios aparatos de deformaci\u00f3n de rocas y suelos, como prensas triaxiales de baja presi\u00f3n para pruebas de suelos y una prensa uniaxial para pruebas de rocas. Tambi\u00e9n equipos no destructivos para medir las velocidades de las ondas ultras\u00f3nicas de las ondas P y S. El laboratorio cuenta con suministro de agua, aire comprimido y electricidad (monof\u00e1sica y trif\u00e1sica). El laboratorio tambi\u00e9n cuenta con todo el equipo necesario para la preparaci\u00f3n de n\u00facleos de muestra de roca como perforadoras de pilares, rectificadoras de superficie y sierras de banco. El laboratorio cuenta con un t\u00e9cnico de laboratorio a tiempo completo para apoyo a la labor formativa e investigadora, adem\u00e1s de un grupo variable de 3 a 5 estudiantes de maestr\u00eda y doctorado que trabajan en equipos existentes.<\/p>                        <\/div>\n\n                    <\/div>\n\n                <\/div><!-- .elementskit-card END -->\n\n                \n                <div class=\"elementskit-card \">\n                    <div class=\"elementskit-card-header\" id=\"primaryHeading-3-48fd966\">\n                        <a href=\"#collapse-742e66569e87a4774ebd\" class=\"ekit-accordion--toggler elementskit-btn-link collapsed\" data-ekit-toggle=\"collapse\" data-target=\"#Collapse-742e66569e87a4774ebd\" aria-expanded=\"false\" aria-controls=\"Collapse-742e66569e87a4774ebd\">\n                            \n                            <span class=\"ekit-accordion-title\">Geograf\u00eda Mineral de Chile, Memorial A. Luksic Abaroa<\/span>\n\n                            \n                                <div class=\"ekit_accordion_icon_group\">\n                                    <div class=\"ekit_accordion_normal_icon\">\n                                        <!-- Normal Icon -->\n\t\t\t\t\t\t\t\t\t\t<i class=\"icon icon-down-arrow1\"><\/i>                                    <\/div>\n\n                                    <div class=\"ekit_accordion_active_icon\">\n                                        <!-- Active Icon -->\n\t\t\t\t\t\t\t\t\t\t<i class=\"icon icon-up-arrow\"><\/i>                                    <\/div>\n                                <\/div>\n\n                            \n                                                    <\/a>\n                    <\/div>\n\n                    <div id=\"Collapse-742e66569e87a4774ebd\" class=\" collapse\" aria-labelledby=\"primaryHeading-3-48fd966\" data-parent=\"#accordion-69e87a4774ebd\">\n\n                        <div class=\"elementskit-card-body ekit-accordion--content\">\n                            <p>En los espacios del Departamento de Ingenier\u00eda de Miner\u00eda, se sit\u00faa una muestra de rocas provenientes de yacimientos y minas de cada regi\u00f3n de nuestro pa\u00eds . Ordenadas de norte a sur, de los volcanes del septentri\u00f3n a las calizas de la Patagonia para crear una nueva lectura del espacio, denominada Geograf\u00eda Mineral de Chile, Memorial A. Luksic Abaroa.<\/p>                        <\/div>\n\n                    <\/div>\n\n                <\/div><!-- .elementskit-card END -->\n\n                                        <\/div>\n    <\/div>\t\t\t\t<\/div>\n\t\t\t\t<\/div>\n\t\t\t\t\t<\/div>\n\t\t<\/div>\n\t\t\t\t\t<\/div>\n\t\t<\/section>\n\t\t\t\t<\/div>\n\t\t","protected":false},"excerpt":{"rendered":"<p>Infraestructura https:\/\/www.ing.uc.cl\/mineria\/wp-content\/uploads\/2025\/06\/Mag\u00edster_Miner\u00eda_UC.mp4 A cargo del arquitecto Enrique Browne, el 2013 se construye el complejo Andr\u00f3nico Luksic Abaroa, que incluye las dependencias del\u00a0Departamento de Ingenier\u00eda de Miner\u00eda, lugar que se asemeja a una mina rajo abierto, con m\u00e1s de 3.500 m2 de instalaciones subterr\u00e1neas, y m\u00e1s de 1.200 m2 de \u00e1reas verdes. Nuestros Laboratorios Laboratorio Tecnol\u00f3gico avanzado para la Miner\u00eda El laboratorio se ha desempe\u00f1ado en el \u00e1rea de Miner\u00eda por m\u00e1s de 15 a\u00f1os demostrando su capacidad de investigaci\u00f3n y desarrollo tecnol\u00f3gico. Su amplia experiencia ha hecho posible proveer conocimiento y servicios de tecnolog\u00eda avanzada para la industria y la sociedad. Para ello, se realizan una amplia gama de ensayos normados para la caracterizaci\u00f3n f\u00edsico-qu\u00edmica de minerales, concentrados, relaves, materia prima y residuos propios de procesos metal\u00fargicos e hidrometal\u00fargicos de la industria minera. Ensayos tales como flotaci\u00f3n, lixiviaci\u00f3n, columnas de espumaci\u00f3n y sedimentaci\u00f3n, adem\u00e1s de control de reactivos utilizados com\u00fanmente en los procesos de flotaci\u00f3n. Laboratorio de Computaci\u00f3n En el laboratorio los alumnos tienen la posibilidad de utilizar softwares comerciales los cuales han sido en su gran mayor\u00eda donados por las empresas de software minero al Departamento de Miner\u00eda. Dentro de estos softwares se encuentra, por ejemplo, Leapfrog Vulcan, Datamine, Minesight, Surpac, Whittle, los cuales comercialmente tienen un costo de miles de d\u00f3lares, los cuales los alumnos tienen la posibilidad de utilizar, para aprender, y utilizar toda su potencialidad en sus proyectos ya sea en el \u00e1rea de geolog\u00eda, miner\u00eda a rajo abierto y subterr\u00e1nea, planificaci\u00f3n, proyectos del curso de capstone, y proyecto minero. Durante la pandemia la sala de computadores ha servido para que los alumnos tengan la posibilidad de conectarse de forma remota a los equipos y puedan seguir utilizando la funcionalidad de los softwares instalados, adem\u00e1s de incorporar el uso de licencias flotantes con algunas de las empresas proveedoras, lo que ha facilitado el trabajo y la ense\u00f1anza a distancia. Dentro de la infraestructura de apoyo los alumnos adem\u00e1s cuentan con red wifi, conexiones LAN para mayor velocidad, proyector para ense\u00f1anza en la sala, y sistema de aire acondicionado. Laboratorio de Geociencias Actualmente, en este laboratorio, las actividades de investigaci\u00f3n y los docentes contribuyen a varios cursos de pre y posgrado. El laboratorio cuenta con equipo b\u00e1sico (mesones, electricidad, agua, etc.), equipo menor (tamices, balanzas, horno, etc.). El laboratorio tambi\u00e9n alberga varios aparatos de deformaci\u00f3n de rocas y suelos, como prensas triaxiales de baja presi\u00f3n para pruebas de suelos y una prensa uniaxial para pruebas de rocas. Tambi\u00e9n equipos no destructivos para medir las velocidades de las ondas ultras\u00f3nicas de las ondas P y S. El laboratorio cuenta con suministro de agua, aire comprimido y electricidad (monof\u00e1sica y trif\u00e1sica). El laboratorio tambi\u00e9n cuenta con todo el equipo necesario para la preparaci\u00f3n de n\u00facleos de muestra de roca como perforadoras de pilares, rectificadoras de superficie y sierras de banco. El laboratorio cuenta con un t\u00e9cnico de laboratorio a tiempo completo para apoyo a la labor formativa e investigadora, adem\u00e1s de un grupo variable de 3 a 5 estudiantes de maestr\u00eda y doctorado que trabajan en equipos existentes. Geograf\u00eda Mineral de Chile, Memorial A. Luksic Abaroa En los espacios del Departamento de Ingenier\u00eda de Miner\u00eda, se sit\u00faa una muestra de rocas provenientes de yacimientos y minas de cada regi\u00f3n de nuestro pa\u00eds . Ordenadas de norte a sur, de los volcanes del septentri\u00f3n a las calizas de la Patagonia para crear una nueva lectura del espacio, denominada Geograf\u00eda Mineral de Chile, Memorial A. Luksic Abaroa.<\/p>\n","protected":false},"author":5,"featured_media":0,"parent":772,"menu_order":0,"comment_status":"closed","ping_status":"closed","template":"","meta":{"_acf_changed":false,"site-sidebar-layout":"no-sidebar","site-content-layout":"page-builder","ast-site-content-layout":"full-width-container","site-content-style":"default","site-sidebar-style":"default","ast-global-header-display":"","ast-banner-title-visibility":"","ast-main-header-display":"","ast-hfb-above-header-display":"","ast-hfb-below-header-display":"","ast-hfb-mobile-header-display":"","site-post-title":"disabled","ast-breadcrumbs-content":"","ast-featured-img":"disabled","footer-sml-layout":"","ast-disable-related-posts":"","theme-transparent-header-meta":"","adv-header-id-meta":"","stick-header-meta":"","header-above-stick-meta":"","header-main-stick-meta":"","header-below-stick-meta":"","astra-migrate-meta-layouts":"set","ast-page-background-enabled":"default","ast-page-background-meta":{"desktop":{"background-color":"","background-image":"","background-repeat":"repeat","background-position":"center center","background-size":"auto","background-attachment":"scroll","background-type":"","background-media":"","overlay-type":"","overlay-color":"","overlay-opacity":"","overlay-gradient":""},"tablet":{"background-color":"","background-image":"","background-repeat":"repeat","background-position":"center center","background-size":"auto","background-attachment":"scroll","background-type":"","background-media":"","overlay-type":"","overlay-color":"","overlay-opacity":"","overlay-gradient":""},"mobile":{"background-color":"","background-image":"","background-repeat":"repeat","background-position":"center center","background-size":"auto","background-attachment":"scroll","background-type":"","background-media":"","overlay-type":"","overlay-color":"","overlay-opacity":"","overlay-gradient":""}},"ast-content-background-meta":{"desktop":{"background-color":"var(--ast-global-color-5)","background-image":"","background-repeat":"repeat","background-position":"center center","background-size":"auto","background-attachment":"scroll","background-type":"","background-media":"","overlay-type":"","overlay-color":"","overlay-opacity":"","overlay-gradient":""},"tablet":{"background-color":"var(--ast-global-color-5)","background-image":"","background-repeat":"repeat","background-position":"center center","background-size":"auto","background-attachment":"scroll","background-type":"","background-media":"","overlay-type":"","overlay-color":"","overlay-opacity":"","overlay-gradient":""},"mobile":{"background-color":"var(--ast-global-color-5)","background-image":"","background-repeat":"repeat","background-position":"center center","background-size":"auto","background-attachment":"scroll","background-type":"","background-media":"","overlay-type":"","overlay-color":"","overlay-opacity":"","overlay-gradient":""}},"footnotes":""},"class_list":["post-1555","page","type-page","status-publish","hentry"],"acf":[],"rttpg_featured_image_url":null,"rttpg_author":{"display_name":"Pipe Aliaga","author_link":"https:\/\/www.ing.uc.cl\/mineria\/author\/fealiaga\/"},"rttpg_comment":0,"rttpg_category":null,"rttpg_excerpt":"Infraestructura https:\/\/www.ing.uc.cl\/mineria\/wp-content\/uploads\/2025\/06\/Mag\u00edster_Miner\u00eda_UC.mp4 A cargo del arquitecto Enrique Browne, el 2013 se construye el complejo Andr\u00f3nico Luksic Abaroa, que incluye las dependencias del\u00a0Departamento de Ingenier\u00eda de Miner\u00eda, lugar que se asemeja a una mina rajo abierto, con m\u00e1s de 3.500 m2 de instalaciones subterr\u00e1neas, y m\u00e1s de 1.200 m2 de \u00e1reas verdes. Nuestros Laboratorios Laboratorio Tecnol\u00f3gico&hellip;","_links":{"self":[{"href":"https:\/\/www.ing.uc.cl\/mineria\/wp-json\/wp\/v2\/pages\/1555","targetHints":{"allow":["GET"]}}],"collection":[{"href":"https:\/\/www.ing.uc.cl\/mineria\/wp-json\/wp\/v2\/pages"}],"about":[{"href":"https:\/\/www.ing.uc.cl\/mineria\/wp-json\/wp\/v2\/types\/page"}],"author":[{"embeddable":true,"href":"https:\/\/www.ing.uc.cl\/mineria\/wp-json\/wp\/v2\/users\/5"}],"replies":[{"embeddable":true,"href":"https:\/\/www.ing.uc.cl\/mineria\/wp-json\/wp\/v2\/comments?post=1555"}],"version-history":[{"count":13,"href":"https:\/\/www.ing.uc.cl\/mineria\/wp-json\/wp\/v2\/pages\/1555\/revisions"}],"predecessor-version":[{"id":11220,"href":"https:\/\/www.ing.uc.cl\/mineria\/wp-json\/wp\/v2\/pages\/1555\/revisions\/11220"}],"up":[{"embeddable":true,"href":"https:\/\/www.ing.uc.cl\/mineria\/wp-json\/wp\/v2\/pages\/772"}],"wp:attachment":[{"href":"https:\/\/www.ing.uc.cl\/mineria\/wp-json\/wp\/v2\/media?parent=1555"}],"curies":[{"name":"wp","href":"https:\/\/api.w.org\/{rel}","templated":true}]}}