{"id":605,"date":"2021-04-22T11:36:30","date_gmt":"2021-04-22T14:36:30","guid":{"rendered":"https:\/\/www.ing.uc.cl\/quimica-y-bioprocesos\/?page_id=605"},"modified":"2021-06-03T11:16:34","modified_gmt":"2021-06-03T14:16:34","slug":"laboratorio-de-termodinamica-aplicada-y-procesos-de-separacion","status":"publish","type":"page","link":"https:\/\/www.ing.uc.cl\/quimica-y-bioprocesos\/investigacion\/laboratorios\/laboratorio-de-termodinamica-aplicada-y-procesos-de-separacion\/","title":{"rendered":"Laboratorio de Termodin\u00e1mica Aplicada y Procesos de Separaci\u00f3n"},"content":{"rendered":"<p>El objetivo del laboratorio es dise\u00f1ar y optimizar procesos de separaci\u00f3n de mol\u00e9culas de alto valor agregado que deben ser purificadas desde biomasa o procesos biotecnol\u00f3gicos. Para esto se utilizan metodolog\u00edas de predicci\u00f3n de solventes, mediciones de equilibrio, predicciones con ecuaciones de estado y simulaci\u00f3n del proceso de separaci\u00f3n.<\/p>\n<p>El equipo es liderado por el profesor Roberto Canales quien se desempe\u00f1a como investigador joven en el N\u00facleo Milenio en Procesos Catal\u00edticos hacia la Qu\u00edmica Sustentable (<a href=\"https:\/\/quimicasustentable.cl\/\">N\u00facleo Milenio CSC<\/a>). Tiene importantes colaboraciones nacionales con la Universidad T\u00e9cnica Federico Santa Mar\u00eda y la Universidad de Concepci\u00f3n, e internacionales en EEUU, Alemania y Espa\u00f1a.<\/p>\n<p>Las \u00e1reas que se desarrollan son las siguientes:<\/p>\n<ul>\n<li>Equilibrios de fases (solubilidad, liquido-liquido, liquido-vapor)<\/li>\n<li>Predicci\u00f3n o correlaci\u00f3n del equilibrio con ecuaciones de estado y modelos de coeficiente de actividad. (NRLT, UNIQUAC, COSMO-RS, PC-SAFT)<\/li>\n<li>S\u00edntesis y caracterizaci\u00f3n de nuevos solventes verdes, prediciendo su comportamiento con mol\u00e9culas de alto valor agregado. (L\u00edquidos i\u00f3nicos, Deep Eutectic Solvents)<\/li>\n<li>Simulaci\u00f3n de procesos de separaci\u00f3n utilizando la plataforma AspenOne<\/li>\n<\/ul>\n<p><strong>Contacto<\/strong>: Roberto Canales (<a href=\"mailto:rocanalesm@ing.puc.cl\">rocanalesm@ing.puc.cl<\/a>)<\/p>\n<p>&nbsp;<\/p>\n","protected":false},"excerpt":{"rendered":"<p>__________<\/p>\n","protected":false},"author":4,"featured_media":606,"parent":493,"menu_order":39,"comment_status":"closed","ping_status":"closed","template":"","meta":{"_acf_changed":false,"footnotes":""},"class_list":["post-605","page","type-page","status-publish","has-post-thumbnail","hentry","post","post-with-thumbnail","post-with-thumbnail-large"],"acf":[],"_links":{"self":[{"href":"https:\/\/www.ing.uc.cl\/quimica-y-bioprocesos\/wp-json\/wp\/v2\/pages\/605","targetHints":{"allow":["GET"]}}],"collection":[{"href":"https:\/\/www.ing.uc.cl\/quimica-y-bioprocesos\/wp-json\/wp\/v2\/pages"}],"about":[{"href":"https:\/\/www.ing.uc.cl\/quimica-y-bioprocesos\/wp-json\/wp\/v2\/types\/page"}],"author":[{"embeddable":true,"href":"https:\/\/www.ing.uc.cl\/quimica-y-bioprocesos\/wp-json\/wp\/v2\/users\/4"}],"replies":[{"embeddable":true,"href":"https:\/\/www.ing.uc.cl\/quimica-y-bioprocesos\/wp-json\/wp\/v2\/comments?post=605"}],"version-history":[{"count":3,"href":"https:\/\/www.ing.uc.cl\/quimica-y-bioprocesos\/wp-json\/wp\/v2\/pages\/605\/revisions"}],"predecessor-version":[{"id":1391,"href":"https:\/\/www.ing.uc.cl\/quimica-y-bioprocesos\/wp-json\/wp\/v2\/pages\/605\/revisions\/1391"}],"up":[{"embeddable":true,"href":"https:\/\/www.ing.uc.cl\/quimica-y-bioprocesos\/wp-json\/wp\/v2\/pages\/493"}],"wp:featuredmedia":[{"embeddable":true,"href":"https:\/\/www.ing.uc.cl\/quimica-y-bioprocesos\/wp-json\/wp\/v2\/media\/606"}],"wp:attachment":[{"href":"https:\/\/www.ing.uc.cl\/quimica-y-bioprocesos\/wp-json\/wp\/v2\/media?parent=605"}],"curies":[{"name":"wp","href":"https:\/\/api.w.org\/{rel}","templated":true}]}}