{"id":633,"date":"2021-04-22T11:52:49","date_gmt":"2021-04-22T14:52:49","guid":{"rendered":"https:\/\/www.ing.uc.cl\/quimica-y-bioprocesos\/?page_id=633"},"modified":"2021-06-03T11:16:02","modified_gmt":"2021-06-03T14:16:02","slug":"laboratorio-de-microbiologia-de-sistemas","status":"publish","type":"page","link":"https:\/\/www.ing.uc.cl\/quimica-y-bioprocesos\/investigacion\/laboratorios\/laboratorio-de-microbiologia-de-sistemas\/","title":{"rendered":"Laboratorio de Microbiolog\u00eda de Sistemas"},"content":{"rendered":"<p>El objetivo de nuestro laboratorio es comprender las fuerzas que dirigen la composici\u00f3n y funci\u00f3n del microbioma intestinal, la influencia de la alimentaci\u00f3n en el microbioma y en la salud, as\u00ed como el modelamiento, simulaci\u00f3n y dise\u00f1o de consorcios terap\u00e9uticos derivados del microbioma.<\/p>\n<p>El grupo es liderado por el Dr. Daniel Garrido, Ph.D. in Food Science.<\/p>\n<p>Las \u00e1reas que se desarrollan son las siguientes:<\/p>\n<ul>\n<li>Interacciones metab\u00f3licas en el microbioma intestinal: impacto de prebi\u00f3ticos; estudios de cross-feeding, modelos matem\u00e1ticos y determinaci\u00f3n de especies clave<\/li>\n<li>Simulaci\u00f3n del impacto de la dieta en el microbioma intestinal en biorreactores<\/li>\n<li>Biolog\u00eda sint\u00e9tica y modelos metab\u00f3licos para el dise\u00f1o racional de consorcios microbianos con propiedades terap\u00e9uticas<\/li>\n<li>Impacto del microbioma intestinal en enfermedades metab\u00f3licas<\/li>\n<\/ul>\n<p><strong>Contacto<\/strong>: Daniel Garrido (<a href=\"mailto:dgarridoc@ing.puc.cl\">dgarridoc@ing.puc.cl<\/a>)<\/p>\n","protected":false},"excerpt":{"rendered":"<p>__________<\/p>\n","protected":false},"author":4,"featured_media":634,"parent":493,"menu_order":38,"comment_status":"closed","ping_status":"closed","template":"","meta":{"_acf_changed":false,"footnotes":""},"class_list":["post-633","page","type-page","status-publish","has-post-thumbnail","hentry","post","post-with-thumbnail","post-with-thumbnail-large"],"acf":[],"_links":{"self":[{"href":"https:\/\/www.ing.uc.cl\/quimica-y-bioprocesos\/wp-json\/wp\/v2\/pages\/633","targetHints":{"allow":["GET"]}}],"collection":[{"href":"https:\/\/www.ing.uc.cl\/quimica-y-bioprocesos\/wp-json\/wp\/v2\/pages"}],"about":[{"href":"https:\/\/www.ing.uc.cl\/quimica-y-bioprocesos\/wp-json\/wp\/v2\/types\/page"}],"author":[{"embeddable":true,"href":"https:\/\/www.ing.uc.cl\/quimica-y-bioprocesos\/wp-json\/wp\/v2\/users\/4"}],"replies":[{"embeddable":true,"href":"https:\/\/www.ing.uc.cl\/quimica-y-bioprocesos\/wp-json\/wp\/v2\/comments?post=633"}],"version-history":[{"count":3,"href":"https:\/\/www.ing.uc.cl\/quimica-y-bioprocesos\/wp-json\/wp\/v2\/pages\/633\/revisions"}],"predecessor-version":[{"id":1390,"href":"https:\/\/www.ing.uc.cl\/quimica-y-bioprocesos\/wp-json\/wp\/v2\/pages\/633\/revisions\/1390"}],"up":[{"embeddable":true,"href":"https:\/\/www.ing.uc.cl\/quimica-y-bioprocesos\/wp-json\/wp\/v2\/pages\/493"}],"wp:featuredmedia":[{"embeddable":true,"href":"https:\/\/www.ing.uc.cl\/quimica-y-bioprocesos\/wp-json\/wp\/v2\/media\/634"}],"wp:attachment":[{"href":"https:\/\/www.ing.uc.cl\/quimica-y-bioprocesos\/wp-json\/wp\/v2\/media?parent=633"}],"curies":[{"name":"wp","href":"https:\/\/api.w.org\/{rel}","templated":true}]}}