{"id":837,"date":"2021-04-27T16:00:22","date_gmt":"2021-04-27T19:00:22","guid":{"rendered":"https:\/\/www.ing.uc.cl\/quimica-y-bioprocesos\/?page_id=837"},"modified":"2021-11-02T16:00:12","modified_gmt":"2021-11-02T19:00:12","slug":"asesorias-2","status":"publish","type":"page","link":"https:\/\/www.ing.uc.cl\/quimica-y-bioprocesos\/vinculacion-con-el-medio\/asesorias-2\/","title":{"rendered":"Servicios"},"content":{"rendered":"\t\t<div data-elementor-type=\"wp-page\" data-elementor-id=\"837\" class=\"elementor elementor-837\">\n\t\t\t\t\t\t<section class=\"elementor-section elementor-top-section elementor-element elementor-element-975a7a2 elementor-section-boxed elementor-section-height-default elementor-section-height-default\" data-id=\"975a7a2\" data-element_type=\"section\" data-e-type=\"section\">\n\t\t\t\t\t\t<div class=\"elementor-container elementor-column-gap-default\">\n\t\t\t\t\t<div class=\"elementor-column elementor-col-100 elementor-top-column elementor-element elementor-element-d9c63d2\" data-id=\"d9c63d2\" data-element_type=\"column\" data-e-type=\"column\">\n\t\t\t<div class=\"elementor-widget-wrap elementor-element-populated\">\n\t\t\t\t\t\t<div class=\"elementor-element elementor-element-2fa56fa elementor-widget elementor-widget-accordion\" data-id=\"2fa56fa\" data-element_type=\"widget\" data-e-type=\"widget\" data-widget_type=\"accordion.default\">\n\t\t\t\t<div class=\"elementor-widget-container\">\n\t\t\t\t\t\t\t<div class=\"elementor-accordion\">\n\t\t\t\t\t\t\t<div class=\"elementor-accordion-item\">\n\t\t\t\t\t<div id=\"elementor-tab-title-4991\" class=\"elementor-tab-title\" data-tab=\"1\" role=\"button\" aria-controls=\"elementor-tab-content-4991\" aria-expanded=\"false\">\n\t\t\t\t\t\t\t\t\t\t\t\t\t<span class=\"elementor-accordion-icon elementor-accordion-icon-left\" aria-hidden=\"true\">\n\t\t\t\t\t\t\t\t\t\t\t\t\t\t\t<span class=\"elementor-accordion-icon-closed\"><i class=\"fas fa-plus\"><\/i><\/span>\n\t\t\t\t\t\t\t\t<span class=\"elementor-accordion-icon-opened\"><i class=\"fas fa-minus\"><\/i><\/span>\n\t\t\t\t\t\t\t\t\t\t\t\t\t\t<\/span>\n\t\t\t\t\t\t\t\t\t\t\t\t<a class=\"elementor-accordion-title\" tabindex=\"0\">An\u00e1lisis T\u00e9cnico \u2013 Econ\u00f3mico de producci\u00f3n de hidr\u00f3geno a partir de fuentes Biorenovables (biomasa)<\/a>\n\t\t\t\t\t<\/div>\n\t\t\t\t\t<div id=\"elementor-tab-content-4991\" class=\"elementor-tab-content elementor-clearfix\" data-tab=\"1\" role=\"region\" aria-labelledby=\"elementor-tab-title-4991\"><p>El hidr\u00f3geno se comercializa como materia prima para la industria, principalmente para fabricaci\u00f3n de qu\u00edmicos como amon\u00edaco y metanol. Adem\u00e1s, tiene diversos usos en la industria electr\u00f3nica, metal\u00fargica, del vidrio, farmac\u00e9utica y alimenticia.<\/p>\n<p>La producci\u00f3n de hidr\u00f3geno a gran escala, para su posterior comercializaci\u00f3n, puede realizarse a partir de una fuente de carbono (carb\u00f3n o biomasa) y una fuente gasificante (H2O, O2), las cuales en atm\u00f3sfera controlada reaccionan para descomponer la materia prima en gas de s\u00edntesis (H2, CO2, CO) sin producir combusti\u00f3n. Gracias a este proceso se puede obtener Hidr\u00f3geno verde a partir de subproductos de la industria.<\/p><\/div>\n\t\t\t\t<\/div>\n\t\t\t\t\t\t\t<div class=\"elementor-accordion-item\">\n\t\t\t\t\t<div id=\"elementor-tab-title-4992\" class=\"elementor-tab-title\" data-tab=\"2\" role=\"button\" aria-controls=\"elementor-tab-content-4992\" aria-expanded=\"false\">\n\t\t\t\t\t\t\t\t\t\t\t\t\t<span class=\"elementor-accordion-icon elementor-accordion-icon-left\" aria-hidden=\"true\">\n\t\t\t\t\t\t\t\t\t\t\t\t\t\t\t<span class=\"elementor-accordion-icon-closed\"><i class=\"fas fa-plus\"><\/i><\/span>\n\t\t\t\t\t\t\t\t<span class=\"elementor-accordion-icon-opened\"><i class=\"fas fa-minus\"><\/i><\/span>\n\t\t\t\t\t\t\t\t\t\t\t\t\t\t<\/span>\n\t\t\t\t\t\t\t\t\t\t\t\t<a class=\"elementor-accordion-title\" tabindex=\"0\">An\u00e1lisis de superficie especifica (\u00c1rea BET)  <\/a>\n\t\t\t\t\t<\/div>\n\t\t\t\t\t<div id=\"elementor-tab-content-4992\" class=\"elementor-tab-content elementor-clearfix\" data-tab=\"2\" role=\"region\" aria-labelledby=\"elementor-tab-title-4992\"><p>El \u00e1rea de superficie espec\u00edfica es una propiedad de los s\u00f3lidos definida como el \u00e1rea de superficie total de un material por unidad de masa. Este valor f\u00edsico se puede utilizar para determinar las propiedades de un material. El m\u00e9todo BET mide el \u00e1rea de superficie espec\u00edfica que se relaciona con la superficie reactiva de la muestra, incluida la distribuci\u00f3n del tama\u00f1o de los poros.<\/p><p>Se puede utilizar para predecir la biodisponibilidad, para evaluar el rendimiento del producto y la consistencia de la fabricaci\u00f3n. Tiene una importancia particular para la adsorci\u00f3n, cat\u00e1lisis heterog\u00e9nea y reacciones en superficies. Adem\u00e1s, tiene un papel crucial para la caracterizaci\u00f3n de polvos farmac\u00e9uticos.<\/p><p>El \u00e1rea de superficie espec\u00edfica permite:<\/p><ul><li>Proporcionar un valor adicional para correlacionarlo con la distribuci\u00f3n del tama\u00f1o de las part\u00edculas al evaluar la variaci\u00f3n entre lotes de materias primas.<\/li><li>Ayudar a comprender las propiedades qu\u00edmicas, mec\u00e1nicas y geom\u00e9tricas de las part\u00edculas.<\/li><li>Determinar el atributo de calidad cr\u00edtico para el desarrollo de productos de inhalaci\u00f3n de polvo seco.<\/li><li>Evaluar la porosidad de part\u00edculas de polvo.<\/li><\/ul><\/div>\n\t\t\t\t<\/div>\n\t\t\t\t\t\t\t<div class=\"elementor-accordion-item\">\n\t\t\t\t\t<div id=\"elementor-tab-title-4993\" class=\"elementor-tab-title\" data-tab=\"3\" role=\"button\" aria-controls=\"elementor-tab-content-4993\" aria-expanded=\"false\">\n\t\t\t\t\t\t\t\t\t\t\t\t\t<span class=\"elementor-accordion-icon elementor-accordion-icon-left\" aria-hidden=\"true\">\n\t\t\t\t\t\t\t\t\t\t\t\t\t\t\t<span class=\"elementor-accordion-icon-closed\"><i class=\"fas fa-plus\"><\/i><\/span>\n\t\t\t\t\t\t\t\t<span class=\"elementor-accordion-icon-opened\"><i class=\"fas fa-minus\"><\/i><\/span>\n\t\t\t\t\t\t\t\t\t\t\t\t\t\t<\/span>\n\t\t\t\t\t\t\t\t\t\t\t\t<a class=\"elementor-accordion-title\" tabindex=\"0\">Ensayos de Biodegradabilidad<\/a>\n\t\t\t\t\t<\/div>\n\t\t\t\t\t<div id=\"elementor-tab-content-4993\" class=\"elementor-tab-content elementor-clearfix\" data-tab=\"3\" role=\"region\" aria-labelledby=\"elementor-tab-title-4993\"><p>Dado los actuales requerimientos de ensayos para evaluar la caracter\u00edstica de biodegradabilidad en distintos materiales, se ofrecen los siguientes servicios listados a continuaci\u00f3n adaptados a cada necesidad.<\/p><ul><li>Biodegradabilidad por Compostaje: realizamos ensayos basados en distintas normas nacionales\/internacionales (ISO 14855, ASTM D5338, NCh3508, entre otras) para evaluar la caracter\u00edstica de biodegradabilidad por compostaje en productos de base polim\u00e9rica, papel y cart\u00f3n, madera y cualquier otro material que se encuentre en estado s\u00f3lido.<\/li><li>Biodegradabilidad en condiciones anaer\u00f3bicas: realizamos ensayos basados en distintas normas internacionales (ISO 14853, ASTM D5511, ente otras) para evaluar la caracter\u00edstica de biodegradabilidad en condiciones anaer\u00f3bicas para productos en estado s\u00f3lido y l\u00edquido.<\/li><li>Biodegradabilidad de productos l\u00edquidos en condiciones aer\u00f3bicas: realizamos ensayos basados en normas internacionales (OECD 301, OECD 302, entre otras) para evaluar la caracter\u00edstica de biodegradabilidad en condiciones aer\u00f3bicas de detergentes, lubricantes, qu\u00edmicos y cualquier sustancia que se encuentre en estado l\u00edquido.<\/li><li>Ensayos especiales de biodegradabilidad: realizamos ensayos especiales a petici\u00f3n del cliente, modificando las condiciones de normas establecidas o con metodolog\u00edas propias. Entre estos ensayos, contamos con la metodolog\u00eda propia denominada \u201cAmbiente Natural\u201d, que simula condiciones de temperatura y humedad variables que naturalmente se encuentran en la naturaleza. Este ensayo puede aplicarse a productos s\u00f3lidos y l\u00edquidos.<\/li><\/ul><\/div>\n\t\t\t\t<\/div>\n\t\t\t\t\t\t\t<div class=\"elementor-accordion-item\">\n\t\t\t\t\t<div id=\"elementor-tab-title-4994\" class=\"elementor-tab-title\" data-tab=\"4\" role=\"button\" aria-controls=\"elementor-tab-content-4994\" aria-expanded=\"false\">\n\t\t\t\t\t\t\t\t\t\t\t\t\t<span class=\"elementor-accordion-icon elementor-accordion-icon-left\" aria-hidden=\"true\">\n\t\t\t\t\t\t\t\t\t\t\t\t\t\t\t<span class=\"elementor-accordion-icon-closed\"><i class=\"fas fa-plus\"><\/i><\/span>\n\t\t\t\t\t\t\t\t<span class=\"elementor-accordion-icon-opened\"><i class=\"fas fa-minus\"><\/i><\/span>\n\t\t\t\t\t\t\t\t\t\t\t\t\t\t<\/span>\n\t\t\t\t\t\t\t\t\t\t\t\t<a class=\"elementor-accordion-title\" tabindex=\"0\">Asesor\u00edas en Reciclabilidad<\/a>\n\t\t\t\t\t<\/div>\n\t\t\t\t\t<div id=\"elementor-tab-content-4994\" class=\"elementor-tab-content elementor-clearfix\" data-tab=\"4\" role=\"region\" aria-labelledby=\"elementor-tab-title-4994\"><p>Las nuevas actualizaciones legales respecto de la reutilizaci\u00f3n de materiales de un solo uso requieren de investigaci\u00f3n y desarrollo de distintos materiales, aditivos y productos que puedan ser reprocesados y reciclados. Para ello,\u00a0 se ofrece analizar materiales, evaluar su potencial reciclaje y caracterizar los productos resultantes de su uso. Entre los an\u00e1lisis disponibles est\u00e1n: Contenido de cenizas, densidad, humedad, etc<\/p><\/div>\n\t\t\t\t<\/div>\n\t\t\t\t\t\t\t<div class=\"elementor-accordion-item\">\n\t\t\t\t\t<div id=\"elementor-tab-title-4995\" class=\"elementor-tab-title\" data-tab=\"5\" role=\"button\" aria-controls=\"elementor-tab-content-4995\" aria-expanded=\"false\">\n\t\t\t\t\t\t\t\t\t\t\t\t\t<span class=\"elementor-accordion-icon elementor-accordion-icon-left\" aria-hidden=\"true\">\n\t\t\t\t\t\t\t\t\t\t\t\t\t\t\t<span class=\"elementor-accordion-icon-closed\"><i class=\"fas fa-plus\"><\/i><\/span>\n\t\t\t\t\t\t\t\t<span class=\"elementor-accordion-icon-opened\"><i class=\"fas fa-minus\"><\/i><\/span>\n\t\t\t\t\t\t\t\t\t\t\t\t\t\t<\/span>\n\t\t\t\t\t\t\t\t\t\t\t\t<a class=\"elementor-accordion-title\" tabindex=\"0\">Evaluaciones de impacto ambiental, componente aire<\/a>\n\t\t\t\t\t<\/div>\n\t\t\t\t\t<div id=\"elementor-tab-content-4995\" class=\"elementor-tab-content elementor-clearfix\" data-tab=\"5\" role=\"region\" aria-labelledby=\"elementor-tab-title-4995\"><p>Consiste en desarrollar inventarios de emisiones atmosf\u00e9ricas y modelaciones de calidad del aire para proyectos que necesitan incluir una Evaluaci\u00f3n de Impacto Ambiental (EIA). Se tiene experiencia con desarrollo de EIA\/DIA para proyectos de los sectores minero, industria, energ\u00eda, disposici\u00f3n de residuos, tratamiento de aguas servidas y desarrollo inmobiliario.\u00a0<\/p><\/div>\n\t\t\t\t<\/div>\n\t\t\t\t\t\t\t<div class=\"elementor-accordion-item\">\n\t\t\t\t\t<div id=\"elementor-tab-title-4996\" class=\"elementor-tab-title\" data-tab=\"6\" role=\"button\" aria-controls=\"elementor-tab-content-4996\" aria-expanded=\"false\">\n\t\t\t\t\t\t\t\t\t\t\t\t\t<span class=\"elementor-accordion-icon elementor-accordion-icon-left\" aria-hidden=\"true\">\n\t\t\t\t\t\t\t\t\t\t\t\t\t\t\t<span class=\"elementor-accordion-icon-closed\"><i class=\"fas fa-plus\"><\/i><\/span>\n\t\t\t\t\t\t\t\t<span class=\"elementor-accordion-icon-opened\"><i class=\"fas fa-minus\"><\/i><\/span>\n\t\t\t\t\t\t\t\t\t\t\t\t\t\t<\/span>\n\t\t\t\t\t\t\t\t\t\t\t\t<a class=\"elementor-accordion-title\" tabindex=\"0\">An\u00e1lisis de reparto de fuentes contaminantes<\/a>\n\t\t\t\t\t<\/div>\n\t\t\t\t\t<div id=\"elementor-tab-content-4996\" class=\"elementor-tab-content elementor-clearfix\" data-tab=\"6\" role=\"region\" aria-labelledby=\"elementor-tab-title-4996\"><p>Consiste en realizar mediciones de composici\u00f3n qu\u00edmica del material particulado respirable (MP<sub>10<\/sub>, MP<sub>2.5<\/sub>) o sedimentable (MPS) y estimar las distintas fuentes (tr\u00e1fico, industria, miner\u00eda, residencial, agr\u00edcola, etc.) que aportan a las concentraciones de material particulado en una zona dada. Se cuenta con experiencia de an\u00e1lisis en las zonas de Calama, Tocopilla, Antofagasta, Copiap\u00f3, Tierra Amarilla, Santiago, Molina, Gran Concepci\u00f3n, Temuco, Valdivia, y Conc\u00f3n-Quintero-Puchuncav\u00ed.<\/p><\/div>\n\t\t\t\t<\/div>\n\t\t\t\t\t\t\t<div class=\"elementor-accordion-item\">\n\t\t\t\t\t<div id=\"elementor-tab-title-4997\" class=\"elementor-tab-title\" data-tab=\"7\" role=\"button\" aria-controls=\"elementor-tab-content-4997\" aria-expanded=\"false\">\n\t\t\t\t\t\t\t\t\t\t\t\t\t<span class=\"elementor-accordion-icon elementor-accordion-icon-left\" aria-hidden=\"true\">\n\t\t\t\t\t\t\t\t\t\t\t\t\t\t\t<span class=\"elementor-accordion-icon-closed\"><i class=\"fas fa-plus\"><\/i><\/span>\n\t\t\t\t\t\t\t\t<span class=\"elementor-accordion-icon-opened\"><i class=\"fas fa-minus\"><\/i><\/span>\n\t\t\t\t\t\t\t\t\t\t\t\t\t\t<\/span>\n\t\t\t\t\t\t\t\t\t\t\t\t<a class=\"elementor-accordion-title\" tabindex=\"0\">Ensayos de eficiencia de filtraci\u00f3n de mascarillas de protecci\u00f3n personal<\/a>\n\t\t\t\t\t<\/div>\n\t\t\t\t\t<div id=\"elementor-tab-content-4997\" class=\"elementor-tab-content elementor-clearfix\" data-tab=\"7\" role=\"region\" aria-labelledby=\"elementor-tab-title-4997\"><p>Este servicio se ofrece en colaboraci\u00f3n con el profesor \u00c1lvaro Videla (Ingenier\u00eda de Miner\u00eda) y consiste en determinar la eficiencia de filtraci\u00f3n de mascarillas de protecci\u00f3n personal mediante fotometr\u00eda l\u00e1ser. Los clientes son usualmente dise\u00f1adores de telas, importadores de productos terminados, o emprendedores que est\u00e1n partiendo con la confecci\u00f3n de esas mascarillas.<\/p><\/div>\n\t\t\t\t<\/div>\n\t\t\t\t\t\t\t<div class=\"elementor-accordion-item\">\n\t\t\t\t\t<div id=\"elementor-tab-title-4998\" class=\"elementor-tab-title\" data-tab=\"8\" role=\"button\" aria-controls=\"elementor-tab-content-4998\" aria-expanded=\"false\">\n\t\t\t\t\t\t\t\t\t\t\t\t\t<span class=\"elementor-accordion-icon elementor-accordion-icon-left\" aria-hidden=\"true\">\n\t\t\t\t\t\t\t\t\t\t\t\t\t\t\t<span class=\"elementor-accordion-icon-closed\"><i class=\"fas fa-plus\"><\/i><\/span>\n\t\t\t\t\t\t\t\t<span class=\"elementor-accordion-icon-opened\"><i class=\"fas fa-minus\"><\/i><\/span>\n\t\t\t\t\t\t\t\t\t\t\t\t\t\t<\/span>\n\t\t\t\t\t\t\t\t\t\t\t\t<a class=\"elementor-accordion-title\" tabindex=\"0\">An\u00e1lisis de ventilaci\u00f3n de recintos<\/a>\n\t\t\t\t\t<\/div>\n\t\t\t\t\t<div id=\"elementor-tab-content-4998\" class=\"elementor-tab-content elementor-clearfix\" data-tab=\"8\" role=\"region\" aria-labelledby=\"elementor-tab-title-4998\"><p>Este servicio se ofrece en colaboraci\u00f3n con profesores de otras unidades (Sergio Vera, Wernher Brevis) y con el \u00e1rea de Ingenier\u00eda T\u00e9rmica y Medio Ambiente de DICTUC. Consiste en simular la presencia de personas en un recinto y evaluar las concentraciones de CO<sub>2<\/sub> en el tiempo, para ver si el sistema de ventilaci\u00f3n del recinto es capaz de mantener condiciones de ventilaci\u00f3n que cumplen con est\u00e1ndares internacionales. Tambi\u00e9n se realizan mediciones en interiores de confort (temperatura, humedad relativa, velocidad del viento) y de calidad del aire (concentraciones de material particulado en interiores). Los clientes son centros de eventos, oficinas de empresas, etc.<\/p><\/div>\n\t\t\t\t<\/div>\n\t\t\t\t\t\t\t<div class=\"elementor-accordion-item\">\n\t\t\t\t\t<div id=\"elementor-tab-title-4999\" class=\"elementor-tab-title\" data-tab=\"9\" role=\"button\" aria-controls=\"elementor-tab-content-4999\" aria-expanded=\"false\">\n\t\t\t\t\t\t\t\t\t\t\t\t\t<span class=\"elementor-accordion-icon elementor-accordion-icon-left\" aria-hidden=\"true\">\n\t\t\t\t\t\t\t\t\t\t\t\t\t\t\t<span class=\"elementor-accordion-icon-closed\"><i class=\"fas fa-plus\"><\/i><\/span>\n\t\t\t\t\t\t\t\t<span class=\"elementor-accordion-icon-opened\"><i class=\"fas fa-minus\"><\/i><\/span>\n\t\t\t\t\t\t\t\t\t\t\t\t\t\t<\/span>\n\t\t\t\t\t\t\t\t\t\t\t\t<a class=\"elementor-accordion-title\" tabindex=\"0\">Modelamiento, optimizaci\u00f3n y control de procesos<\/a>\n\t\t\t\t\t<\/div>\n\t\t\t\t\t<div id=\"elementor-tab-content-4999\" class=\"elementor-tab-content elementor-clearfix\" data-tab=\"9\" role=\"region\" aria-labelledby=\"elementor-tab-title-4999\"><p>Desarrollo de modelos estacionarios y din\u00e1micos de procesos y bioprocesos, desarrollo conceptual de sistemas de control autom\u00e1tico, optimizaci\u00f3n de procesos estacionarios y din\u00e1micos.<\/p><\/div>\n\t\t\t\t<\/div>\n\t\t\t\t\t\t\t<div class=\"elementor-accordion-item\">\n\t\t\t\t\t<div id=\"elementor-tab-title-49910\" class=\"elementor-tab-title\" data-tab=\"10\" role=\"button\" aria-controls=\"elementor-tab-content-49910\" aria-expanded=\"false\">\n\t\t\t\t\t\t\t\t\t\t\t\t\t<span class=\"elementor-accordion-icon elementor-accordion-icon-left\" aria-hidden=\"true\">\n\t\t\t\t\t\t\t\t\t\t\t\t\t\t\t<span class=\"elementor-accordion-icon-closed\"><i class=\"fas fa-plus\"><\/i><\/span>\n\t\t\t\t\t\t\t\t<span class=\"elementor-accordion-icon-opened\"><i class=\"fas fa-minus\"><\/i><\/span>\n\t\t\t\t\t\t\t\t\t\t\t\t\t\t<\/span>\n\t\t\t\t\t\t\t\t\t\t\t\t<a class=\"elementor-accordion-title\" tabindex=\"0\">Extractos polifen\u00f3licos<\/a>\n\t\t\t\t\t<\/div>\n\t\t\t\t\t<div id=\"elementor-tab-content-49910\" class=\"elementor-tab-content elementor-clearfix\" data-tab=\"10\" role=\"region\" aria-labelledby=\"elementor-tab-title-49910\"><p>Obtenci\u00f3n de extractos crudos y purificados de polifenoles desde productos y descartes agroindustriales y de algas marinas. Optimizaci\u00f3n del proceso, caracterizaci\u00f3n qu\u00edmica y perfil polifen\u00f3lico. Evaluaciones de bioactividad y desarrollo de productos.<\/p><\/div>\n\t\t\t\t<\/div>\n\t\t\t\t\t\t\t\t<\/div>\n\t\t\t\t\t\t<\/div>\n\t\t\t\t<\/div>\n\t\t\t\t\t<\/div>\n\t\t<\/div>\n\t\t\t\t\t<\/div>\n\t\t<\/section>\n\t\t\t\t<\/div>\n\t\t","protected":false},"excerpt":{"rendered":"<p>__________<\/p>\n","protected":false},"author":4,"featured_media":371,"parent":169,"menu_order":43,"comment_status":"closed","ping_status":"closed","template":"","meta":{"_acf_changed":false,"footnotes":""},"class_list":["post-837","page","type-page","status-publish","has-post-thumbnail","hentry","post","post-with-thumbnail","post-with-thumbnail-large"],"acf":[],"_links":{"self":[{"href":"https:\/\/www.ing.uc.cl\/quimica-y-bioprocesos\/wp-json\/wp\/v2\/pages\/837","targetHints":{"allow":["GET"]}}],"collection":[{"href":"https:\/\/www.ing.uc.cl\/quimica-y-bioprocesos\/wp-json\/wp\/v2\/pages"}],"about":[{"href":"https:\/\/www.ing.uc.cl\/quimica-y-bioprocesos\/wp-json\/wp\/v2\/types\/page"}],"author":[{"embeddable":true,"href":"https:\/\/www.ing.uc.cl\/quimica-y-bioprocesos\/wp-json\/wp\/v2\/users\/4"}],"replies":[{"embeddable":true,"href":"https:\/\/www.ing.uc.cl\/quimica-y-bioprocesos\/wp-json\/wp\/v2\/comments?post=837"}],"version-history":[{"count":13,"href":"https:\/\/www.ing.uc.cl\/quimica-y-bioprocesos\/wp-json\/wp\/v2\/pages\/837\/revisions"}],"predecessor-version":[{"id":1488,"href":"https:\/\/www.ing.uc.cl\/quimica-y-bioprocesos\/wp-json\/wp\/v2\/pages\/837\/revisions\/1488"}],"up":[{"embeddable":true,"href":"https:\/\/www.ing.uc.cl\/quimica-y-bioprocesos\/wp-json\/wp\/v2\/pages\/169"}],"wp:featuredmedia":[{"embeddable":true,"href":"https:\/\/www.ing.uc.cl\/quimica-y-bioprocesos\/wp-json\/wp\/v2\/media\/371"}],"wp:attachment":[{"href":"https:\/\/www.ing.uc.cl\/quimica-y-bioprocesos\/wp-json\/wp\/v2\/media?parent=837"}],"curies":[{"name":"wp","href":"https:\/\/api.w.org\/{rel}","templated":true}]}}