{"id":861,"date":"2021-04-27T18:10:21","date_gmt":"2021-04-27T21:10:21","guid":{"rendered":"https:\/\/www.ing.uc.cl\/quimica-y-bioprocesos\/?page_id=861"},"modified":"2021-04-27T18:10:21","modified_gmt":"2021-04-27T21:10:21","slug":"student-chapters","status":"publish","type":"page","link":"https:\/\/www.ing.uc.cl\/quimica-y-bioprocesos\/en\/about\/student-chapters\/","title":{"rendered":"Student Chapters"},"content":{"rendered":"<p>El Cap\u00edtulo Estudiantil de Ingenier\u00eda Qu\u00edmica, Bioprocesos y Biotecnolog\u00eda (CEIQBB) es una entidad del Departamento, creado por estudiantes y para estudiantes de las carreras de Ingenier\u00eda Biol\u00f3gica y Qu\u00edmica. El cap\u00edtulo es miembro del American Institute of Chemical Engineers (AIChE) y su advisor es el profesor\u00a0<a href=\"https:\/\/www.ing.uc.cl\/academicos-e-investigadores\/roberto-ivan-canales-munoz\/\">Roberto Canales<\/a>.<\/p>\n<p>La misi\u00f3n del cap\u00edtulo gira en torno a 3 ejes:<\/p>\n<p><strong>Academia<\/strong>: busca acercar a los estudiantes al Departamento, proveyendo un espacio seguro y c\u00f3modo para que los alumnos puedan responder dudas vocacionales, conozcan el trabajo de los profesores del departamento, y el trabajo de ex alumnos de la escuela en el marco de distintas actividades como charlas, almuerzos, entre otros.<\/p>\n<p><strong>Redes<\/strong>: busca generar nexos entre nuestros compa\u00f1eros y la industria, adem\u00e1s de conocer y estrechar lazos con otras universidades, nacionales e internacionales. Su objetivo es conocer c\u00f3mo se desarrollan estas especialidades en otras partes y generar lazos que sirvan en la formaci\u00f3n de los alumnos. El Cap\u00edtulo busca potenciar actividades extracurriculares asociadas al desarrollo de esta \u00e1rea como congresos y seminarios, entre otros.<\/p>\n<p><strong>Comunidad<\/strong>: busca acercar a todos los miembros del Departamento, tanto estudiantes de pre y post grado, como tambi\u00e9n funcionarios y profesores entre s\u00ed. En este \u00e1mbito, se organizan actividades recreacionales a lo largo de todo el a\u00f1o.<\/p>\n<p>Pueden visitarnos en la cuenta de Instagram @ceiqbb.uc \u00a1Los estamos esperando!<\/p>\n","protected":false},"excerpt":{"rendered":"<p>Los Cap\u00edtulos estudiantiles agrupan a los estudiantes del \u00e1rea para promover actividades en conjunto, brindar apoyo y generar redes.<\/p>\n","protected":false},"author":4,"featured_media":304,"parent":849,"menu_order":54,"comment_status":"closed","ping_status":"closed","template":"","meta":{"_acf_changed":false,"footnotes":""},"class_list":["post-861","page","type-page","status-publish","has-post-thumbnail","hentry","post","post-with-thumbnail","post-with-thumbnail-large"],"acf":[],"_links":{"self":[{"href":"https:\/\/www.ing.uc.cl\/quimica-y-bioprocesos\/wp-json\/wp\/v2\/pages\/861","targetHints":{"allow":["GET"]}}],"collection":[{"href":"https:\/\/www.ing.uc.cl\/quimica-y-bioprocesos\/wp-json\/wp\/v2\/pages"}],"about":[{"href":"https:\/\/www.ing.uc.cl\/quimica-y-bioprocesos\/wp-json\/wp\/v2\/types\/page"}],"author":[{"embeddable":true,"href":"https:\/\/www.ing.uc.cl\/quimica-y-bioprocesos\/wp-json\/wp\/v2\/users\/4"}],"replies":[{"embeddable":true,"href":"https:\/\/www.ing.uc.cl\/quimica-y-bioprocesos\/wp-json\/wp\/v2\/comments?post=861"}],"version-history":[{"count":1,"href":"https:\/\/www.ing.uc.cl\/quimica-y-bioprocesos\/wp-json\/wp\/v2\/pages\/861\/revisions"}],"predecessor-version":[{"id":862,"href":"https:\/\/www.ing.uc.cl\/quimica-y-bioprocesos\/wp-json\/wp\/v2\/pages\/861\/revisions\/862"}],"up":[{"embeddable":true,"href":"https:\/\/www.ing.uc.cl\/quimica-y-bioprocesos\/wp-json\/wp\/v2\/pages\/849"}],"wp:featuredmedia":[{"embeddable":true,"href":"https:\/\/www.ing.uc.cl\/quimica-y-bioprocesos\/wp-json\/wp\/v2\/media\/304"}],"wp:attachment":[{"href":"https:\/\/www.ing.uc.cl\/quimica-y-bioprocesos\/wp-json\/wp\/v2\/media?parent=861"}],"curies":[{"name":"wp","href":"https:\/\/api.w.org\/{rel}","templated":true}]}}