{"id":882,"date":"2021-04-27T18:24:34","date_gmt":"2021-04-27T21:24:34","guid":{"rendered":"https:\/\/www.ing.uc.cl\/quimica-y-bioprocesos\/?page_id=882"},"modified":"2021-04-27T18:25:23","modified_gmt":"2021-04-27T21:25:23","slug":"research-opportunities","status":"publish","type":"page","link":"https:\/\/www.ing.uc.cl\/quimica-y-bioprocesos\/en\/research\/research-opportunities\/","title":{"rendered":"Research Opportunities"},"content":{"rendered":"<p><strong>Plataforma IPre<\/strong><\/p>\n<p>El programa de Investigaci\u00f3n en Pregrado (IPre) busca contribuir a la formaci\u00f3n acad\u00e9mica y profesional de estudiantes de pregrado mediante el fortalecimiento de competencias de investigaci\u00f3n que favorecen el desarrollo de la ciencia aplicada y estimulan la innovaci\u00f3n y el emprendimiento.<\/p>\n<p>Para participar existen dos opciones. La primera es que el estudiante tenga una idea de investigaci\u00f3n y contacte a un docente af\u00edn al tema llegando a un acuerdo para trabajar y decidan inscribir la investigaci\u00f3n en la plataforma\u00a0<a href=\"https:\/\/gestionipre.investigacion.ing.uc.cl\/\">Gesti\u00f3n IPre<\/a>. La segunda es que el estudiante revise en la plataforma las ofertas disponibles para encontrar una oportunidad de acuerdo a sus intereses y postule a ella. Al finalizar la investigaci\u00f3n, el estudiante elabora un informe de cierre que es evaluado por el docente en la plataforma.<\/p>\n<p><strong>Programa The Bridge<\/strong><\/p>\n<p>The Bridge es el programa de internacionalizaci\u00f3n para alumnos de pregrado de la Escuela de Ingenier\u00eda UC. A trav\u00e9s de \u00e9l los estudiantes pueden conseguir apoyo financiero y redes para realizar estad\u00edas en el extranjero y desarrollar actividades de investigaci\u00f3n en universidades l\u00edderes en su \u00e1rea. Las convocatorias son publicadas peri\u00f3dicamente en\u00a0<a href=\"https:\/\/thebridge.ing.uc.cl\/\">https:\/\/thebridge.ing.uc.cl\/<\/a><\/p>\n<p><strong>Concurso de Investigaci\u00f3n para Pregrado VRI<\/strong><\/p>\n<p>La Vicerrector\u00eda de Investigaci\u00f3n (VRI) promueve la investigaci\u00f3n cient\u00edfica en etapas tempranas de la formaci\u00f3n profesional a trav\u00e9s del Concurso de Investigaci\u00f3n para Pregrado UC. El concurso cuenta con dos ediciones al a\u00f1o y apoya las actividades de investigaci\u00f3n cient\u00edfica de estudiantes que cuenten con el respaldo de un acad\u00e9mico gu\u00eda. Revisa las convocatorias en\u00a0<a href=\"https:\/\/vicerrectoriadeinvestigacion.uc.cl\/\">https:\/\/vicerrectoriadeinvestigacion.uc.cl\/<\/a><\/p>\n","protected":false},"excerpt":{"rendered":"<p>Los estudiantes de la Escuela de Ingenier\u00eda UC cuentan con diversas opciones para adquirir experiencia en investigaci\u00f3n cient\u00edfica creando una diferencia en su formaci\u00f3n profesional.<\/p>\n","protected":false},"author":4,"featured_media":368,"parent":865,"menu_order":71,"comment_status":"closed","ping_status":"closed","template":"","meta":{"_acf_changed":false,"footnotes":""},"class_list":["post-882","page","type-page","status-publish","has-post-thumbnail","hentry","post","post-with-thumbnail","post-with-thumbnail-large"],"acf":[],"_links":{"self":[{"href":"https:\/\/www.ing.uc.cl\/quimica-y-bioprocesos\/wp-json\/wp\/v2\/pages\/882","targetHints":{"allow":["GET"]}}],"collection":[{"href":"https:\/\/www.ing.uc.cl\/quimica-y-bioprocesos\/wp-json\/wp\/v2\/pages"}],"about":[{"href":"https:\/\/www.ing.uc.cl\/quimica-y-bioprocesos\/wp-json\/wp\/v2\/types\/page"}],"author":[{"embeddable":true,"href":"https:\/\/www.ing.uc.cl\/quimica-y-bioprocesos\/wp-json\/wp\/v2\/users\/4"}],"replies":[{"embeddable":true,"href":"https:\/\/www.ing.uc.cl\/quimica-y-bioprocesos\/wp-json\/wp\/v2\/comments?post=882"}],"version-history":[{"count":2,"href":"https:\/\/www.ing.uc.cl\/quimica-y-bioprocesos\/wp-json\/wp\/v2\/pages\/882\/revisions"}],"predecessor-version":[{"id":884,"href":"https:\/\/www.ing.uc.cl\/quimica-y-bioprocesos\/wp-json\/wp\/v2\/pages\/882\/revisions\/884"}],"up":[{"embeddable":true,"href":"https:\/\/www.ing.uc.cl\/quimica-y-bioprocesos\/wp-json\/wp\/v2\/pages\/865"}],"wp:featuredmedia":[{"embeddable":true,"href":"https:\/\/www.ing.uc.cl\/quimica-y-bioprocesos\/wp-json\/wp\/v2\/media\/368"}],"wp:attachment":[{"href":"https:\/\/www.ing.uc.cl\/quimica-y-bioprocesos\/wp-json\/wp\/v2\/media?parent=882"}],"curies":[{"name":"wp","href":"https:\/\/api.w.org\/{rel}","templated":true}]}}