{"id":173,"date":"2021-04-08T16:16:25","date_gmt":"2021-04-08T19:16:25","guid":{"rendered":"https:\/\/www.ing.uc.cl\/transporte-y-logistica\/?page_id=173"},"modified":"2024-09-12T16:52:10","modified_gmt":"2024-09-12T19:52:10","slug":"infraestructura","status":"publish","type":"page","link":"https:\/\/www.ing.uc.cl\/transporte-y-logistica\/departamento\/infraestructura\/","title":{"rendered":"Consejo Asesor"},"content":{"rendered":"<p>El\u00a0<strong>Consejo Asesor Empresarial<\/strong>\u00a0tiene como objetivo apoyar al Director del Departamento con miras a que la evoluci\u00f3n del Departamento y la formaci\u00f3n de sus estudiantes vaya acorde al desarrollo de la Industria y del pa\u00eds. El Consejo est\u00e1 integrado por 6 exalumnos destacados del Departamento y sesiona una vez al a\u00f1o.<\/p>\n\n<div class='rt-container-fluid rt-team-container rt-pos-r rt-team-container-1931' id='rt-team-container-2908364122'  data-layout='layout1' data-desktop-col='3'  data-tab-col='2'  data-mobile-col='1' data-sc-id='1931' data-popup-bg=''><div data-title='Loading ...' class='rt-row rt-content-loader layout1 ttp-even ttp-pre-loader'><div class=\"rt-col-md-4 rt-col-sm-6 rt-col-xs-12  even-grid-item rt-grid-item\" data-id=\"1927\"><div class=\"single-team-area\"><div class=\"single-team\"><figure><img fetchpriority=\"high\" decoding=\"async\" width=\"400\" height=\"400\" src=\"https:\/\/www.ing.uc.cl\/transporte-y-logistica\/wp-content\/uploads\/2023\/08\/AlvaroRoman400.png\" class=\"img-responsive rt-team-img\" alt=\"\u00c1lvaro Rom\u00e1n\" \/><\/figure><\/div><div class=\"tlp-content\"><h3><span class=\"team-name\">\u00c1lvaro Rom\u00e1n<\/span><\/h3><\/div><div class=\"short-bio\"><p>Gerente General Transportes CCU<\/p>\n<\/div><\/div><\/div><div class=\"rt-col-md-4 rt-col-sm-6 rt-col-xs-12  even-grid-item rt-grid-item\" data-id=\"1919\"><div class=\"single-team-area\"><div class=\"single-team\"><figure><img decoding=\"async\" width=\"400\" height=\"400\" src=\"https:\/\/www.ing.uc.cl\/transporte-y-logistica\/wp-content\/uploads\/2023\/08\/FelipeBravo400.png\" class=\"img-responsive rt-team-img\" alt=\"Felipe Bravo\" \/><\/figure><\/div><div class=\"tlp-content\"><h3><span class=\"team-name\">Felipe Bravo<\/span><\/h3><\/div><div class=\"short-bio\"><p>Gerente General Metro de Santiago<\/p>\n<\/div><\/div><\/div><div class=\"rt-col-md-4 rt-col-sm-6 rt-col-xs-12  even-grid-item rt-grid-item\" data-id=\"1926\"><div class=\"single-team-area\"><div class=\"single-team\"><figure><img decoding=\"async\" width=\"400\" height=\"400\" src=\"https:\/\/www.ing.uc.cl\/transporte-y-logistica\/wp-content\/uploads\/2023\/08\/FranciscaYanez400.png\" class=\"img-responsive rt-team-img\" alt=\"Francisca Y\u00e1\u00f1ez\" \/><\/figure><\/div><div class=\"tlp-content\"><h3><span class=\"team-name\">Francisca Y\u00e1\u00f1ez<\/span><\/h3><\/div><div class=\"short-bio\"><p>National Technology Officer at Microsoft<\/p>\n<\/div><\/div><\/div><div class=\"rt-col-md-4 rt-col-sm-6 rt-col-xs-12  even-grid-item rt-grid-item\" data-id=\"1928\"><div class=\"single-team-area\"><div class=\"single-team\"><figure><img loading=\"lazy\" decoding=\"async\" width=\"400\" height=\"400\" src=\"https:\/\/www.ing.uc.cl\/transporte-y-logistica\/wp-content\/uploads\/2023\/08\/GabrielaLeon400.png\" class=\"img-responsive rt-team-img\" alt=\"M. Gabriela Le\u00f3n\" \/><\/figure><\/div><div class=\"tlp-content\"><h3><span class=\"team-name\">M. Gabriela Le\u00f3n<\/span><\/h3><\/div><div class=\"short-bio\"><p>Director Planificaci\u00f3n y Desarrollo JetSmart Airlines<\/p>\n<\/div><\/div><\/div><div class=\"rt-col-md-4 rt-col-sm-6 rt-col-xs-12  even-grid-item rt-grid-item\" data-id=\"1929\"><div class=\"single-team-area\"><div class=\"single-team\"><figure><img loading=\"lazy\" decoding=\"async\" width=\"400\" height=\"400\" src=\"https:\/\/www.ing.uc.cl\/transporte-y-logistica\/wp-content\/uploads\/2023\/08\/PhilippeBurq400.png\" class=\"img-responsive rt-team-img\" alt=\"Philippe Burq\" \/><\/figure><\/div><div class=\"tlp-content\"><h3><span class=\"team-name\">Philippe Burq<\/span><\/h3><\/div><div class=\"short-bio\"><p>Associate Partner McKinsey &amp; Company<\/p>\n<\/div><\/div><\/div><div class=\"rt-col-md-4 rt-col-sm-6 rt-col-xs-12  even-grid-item rt-grid-item\" data-id=\"1930\"><div class=\"single-team-area\"><div class=\"single-team\"><figure><img loading=\"lazy\" decoding=\"async\" width=\"400\" height=\"400\" src=\"https:\/\/www.ing.uc.cl\/transporte-y-logistica\/wp-content\/uploads\/2023\/08\/UrsulaVelarde400-400x400.png\" class=\"img-responsive rt-team-img\" alt=\"\u00darsula Velarde\" \/><\/figure><\/div><div class=\"tlp-content\"><h3><span class=\"team-name\">\u00darsula Velarde<\/span><\/h3><\/div><div class=\"short-bio\"><p>Associate Director Steer<\/p>\n<\/div><\/div><\/div><div class=\"rt-loading-overlay\"><\/div><div class=\"rt-loading rt-ball-clip-rotate\"><div><\/div><\/div><\/div><\/div>\n","protected":false},"excerpt":{"rendered":"<p>El\u00a0Consejo Asesor Empresarial\u00a0tiene como objetivo apoyar al Director del Departamento con miras a que la evoluci\u00f3n del Departamento y la formaci\u00f3n de sus estudiantes vaya acorde al desarrollo de la Industria y del pa\u00eds. El Consejo est\u00e1 integrado por 6 exalumnos destacados del Departamento y sesiona una vez al a\u00f1o.<\/p>\n","protected":false},"author":6,"featured_media":0,"parent":2,"menu_order":18,"comment_status":"closed","ping_status":"closed","template":"","meta":{"_acf_changed":false,"footnotes":""},"class_list":["post-173","page","type-page","status-publish","hentry","post","post-with-thumbnail","post-with-thumbnail-large"],"acf":[],"yoast_head":"<!-- This site is optimized with the Yoast SEO plugin v27.5 - https:\/\/yoast.com\/product\/yoast-seo-wordpress\/ -->\n<title>Consejo Asesor - Departamento de Ingenier\u00eda de Transporte y Log\u00edstica<\/title>\n<meta name=\"robots\" content=\"index, follow, max-snippet:-1, max-image-preview:large, max-video-preview:-1\" \/>\n<link rel=\"canonical\" href=\"https:\/\/www.ing.uc.cl\/transporte-y-logistica\/departamento\/infraestructura\/\" \/>\n<meta property=\"og:locale\" content=\"es_ES\" \/>\n<meta property=\"og:type\" content=\"article\" \/>\n<meta property=\"og:title\" content=\"Consejo Asesor - Departamento de Ingenier\u00eda de Transporte y Log\u00edstica\" \/>\n<meta property=\"og:description\" content=\"El\u00a0Consejo Asesor Empresarial\u00a0tiene como objetivo apoyar al Director del Departamento con miras a que la evoluci\u00f3n del Departamento y la formaci\u00f3n de sus estudiantes vaya acorde al desarrollo de la Industria y del pa\u00eds. El Consejo est\u00e1 integrado por 6 exalumnos destacados del Departamento y sesiona una vez al a\u00f1o.\" \/>\n<meta property=\"og:url\" content=\"https:\/\/www.ing.uc.cl\/transporte-y-logistica\/departamento\/infraestructura\/\" \/>\n<meta property=\"og:site_name\" content=\"Departamento de Ingenier\u00eda de Transporte y Log\u00edstica\" \/>\n<meta property=\"article:modified_time\" content=\"2024-09-12T19:52:10+00:00\" \/>\n<meta name=\"twitter:card\" content=\"summary_large_image\" \/>\n<meta name=\"twitter:label1\" content=\"Tiempo de lectura\" \/>\n\t<meta name=\"twitter:data1\" content=\"1 minuto\" \/>\n<script type=\"application\/ld+json\" class=\"yoast-schema-graph\">{\"@context\":\"https:\\\/\\\/schema.org\",\"@graph\":[{\"@type\":\"WebPage\",\"@id\":\"https:\\\/\\\/www.ing.uc.cl\\\/transporte-y-logistica\\\/departamento\\\/infraestructura\\\/\",\"url\":\"https:\\\/\\\/www.ing.uc.cl\\\/transporte-y-logistica\\\/departamento\\\/infraestructura\\\/\",\"name\":\"Consejo Asesor - Departamento de Ingenier\u00eda de Transporte y Log\u00edstica\",\"isPartOf\":{\"@id\":\"https:\\\/\\\/www.ing.uc.cl\\\/transporte-y-logistica\\\/#website\"},\"datePublished\":\"2021-04-08T19:16:25+00:00\",\"dateModified\":\"2024-09-12T19:52:10+00:00\",\"breadcrumb\":{\"@id\":\"https:\\\/\\\/www.ing.uc.cl\\\/transporte-y-logistica\\\/departamento\\\/infraestructura\\\/#breadcrumb\"},\"inLanguage\":\"es\",\"potentialAction\":[{\"@type\":\"ReadAction\",\"target\":[\"https:\\\/\\\/www.ing.uc.cl\\\/transporte-y-logistica\\\/departamento\\\/infraestructura\\\/\"]}]},{\"@type\":\"BreadcrumbList\",\"@id\":\"https:\\\/\\\/www.ing.uc.cl\\\/transporte-y-logistica\\\/departamento\\\/infraestructura\\\/#breadcrumb\",\"itemListElement\":[{\"@type\":\"ListItem\",\"position\":1,\"name\":\"Portada\",\"item\":\"https:\\\/\\\/www.ing.uc.cl\\\/transporte-y-logistica\\\/\"},{\"@type\":\"ListItem\",\"position\":2,\"name\":\"Departamento\",\"item\":\"https:\\\/\\\/www.ing.uc.cl\\\/transporte-y-logistica\\\/departamento\\\/\"},{\"@type\":\"ListItem\",\"position\":3,\"name\":\"Consejo Asesor\"}]},{\"@type\":\"WebSite\",\"@id\":\"https:\\\/\\\/www.ing.uc.cl\\\/transporte-y-logistica\\\/#website\",\"url\":\"https:\\\/\\\/www.ing.uc.cl\\\/transporte-y-logistica\\\/\",\"name\":\"Departamento de Ingenier\u00eda de Transporte y Log\u00edstica\",\"description\":\"DITL\",\"potentialAction\":[{\"@type\":\"SearchAction\",\"target\":{\"@type\":\"EntryPoint\",\"urlTemplate\":\"https:\\\/\\\/www.ing.uc.cl\\\/transporte-y-logistica\\\/?s={search_term_string}\"},\"query-input\":{\"@type\":\"PropertyValueSpecification\",\"valueRequired\":true,\"valueName\":\"search_term_string\"}}],\"inLanguage\":\"es\"}]}<\/script>\n<!-- \/ Yoast SEO plugin. -->","yoast_head_json":{"title":"Consejo Asesor - Departamento de Ingenier\u00eda de Transporte y Log\u00edstica","robots":{"index":"index","follow":"follow","max-snippet":"max-snippet:-1","max-image-preview":"max-image-preview:large","max-video-preview":"max-video-preview:-1"},"canonical":"https:\/\/www.ing.uc.cl\/transporte-y-logistica\/departamento\/infraestructura\/","og_locale":"es_ES","og_type":"article","og_title":"Consejo Asesor - Departamento de Ingenier\u00eda de Transporte y Log\u00edstica","og_description":"El\u00a0Consejo Asesor Empresarial\u00a0tiene como objetivo apoyar al Director del Departamento con miras a que la evoluci\u00f3n del Departamento y la formaci\u00f3n de sus estudiantes vaya acorde al desarrollo de la Industria y del pa\u00eds. El Consejo est\u00e1 integrado por 6 exalumnos destacados del Departamento y sesiona una vez al a\u00f1o.","og_url":"https:\/\/www.ing.uc.cl\/transporte-y-logistica\/departamento\/infraestructura\/","og_site_name":"Departamento de Ingenier\u00eda de Transporte y Log\u00edstica","article_modified_time":"2024-09-12T19:52:10+00:00","twitter_card":"summary_large_image","twitter_misc":{"Tiempo de lectura":"1 minuto"},"schema":{"@context":"https:\/\/schema.org","@graph":[{"@type":"WebPage","@id":"https:\/\/www.ing.uc.cl\/transporte-y-logistica\/departamento\/infraestructura\/","url":"https:\/\/www.ing.uc.cl\/transporte-y-logistica\/departamento\/infraestructura\/","name":"Consejo Asesor - Departamento de Ingenier\u00eda de Transporte y Log\u00edstica","isPartOf":{"@id":"https:\/\/www.ing.uc.cl\/transporte-y-logistica\/#website"},"datePublished":"2021-04-08T19:16:25+00:00","dateModified":"2024-09-12T19:52:10+00:00","breadcrumb":{"@id":"https:\/\/www.ing.uc.cl\/transporte-y-logistica\/departamento\/infraestructura\/#breadcrumb"},"inLanguage":"es","potentialAction":[{"@type":"ReadAction","target":["https:\/\/www.ing.uc.cl\/transporte-y-logistica\/departamento\/infraestructura\/"]}]},{"@type":"BreadcrumbList","@id":"https:\/\/www.ing.uc.cl\/transporte-y-logistica\/departamento\/infraestructura\/#breadcrumb","itemListElement":[{"@type":"ListItem","position":1,"name":"Portada","item":"https:\/\/www.ing.uc.cl\/transporte-y-logistica\/"},{"@type":"ListItem","position":2,"name":"Departamento","item":"https:\/\/www.ing.uc.cl\/transporte-y-logistica\/departamento\/"},{"@type":"ListItem","position":3,"name":"Consejo Asesor"}]},{"@type":"WebSite","@id":"https:\/\/www.ing.uc.cl\/transporte-y-logistica\/#website","url":"https:\/\/www.ing.uc.cl\/transporte-y-logistica\/","name":"Departamento de Ingenier\u00eda de Transporte y Log\u00edstica","description":"DITL","potentialAction":[{"@type":"SearchAction","target":{"@type":"EntryPoint","urlTemplate":"https:\/\/www.ing.uc.cl\/transporte-y-logistica\/?s={search_term_string}"},"query-input":{"@type":"PropertyValueSpecification","valueRequired":true,"valueName":"search_term_string"}}],"inLanguage":"es"}]}},"_links":{"self":[{"href":"https:\/\/www.ing.uc.cl\/transporte-y-logistica\/wp-json\/wp\/v2\/pages\/173","targetHints":{"allow":["GET"]}}],"collection":[{"href":"https:\/\/www.ing.uc.cl\/transporte-y-logistica\/wp-json\/wp\/v2\/pages"}],"about":[{"href":"https:\/\/www.ing.uc.cl\/transporte-y-logistica\/wp-json\/wp\/v2\/types\/page"}],"author":[{"embeddable":true,"href":"https:\/\/www.ing.uc.cl\/transporte-y-logistica\/wp-json\/wp\/v2\/users\/6"}],"replies":[{"embeddable":true,"href":"https:\/\/www.ing.uc.cl\/transporte-y-logistica\/wp-json\/wp\/v2\/comments?post=173"}],"version-history":[{"count":8,"href":"https:\/\/www.ing.uc.cl\/transporte-y-logistica\/wp-json\/wp\/v2\/pages\/173\/revisions"}],"predecessor-version":[{"id":1932,"href":"https:\/\/www.ing.uc.cl\/transporte-y-logistica\/wp-json\/wp\/v2\/pages\/173\/revisions\/1932"}],"up":[{"embeddable":true,"href":"https:\/\/www.ing.uc.cl\/transporte-y-logistica\/wp-json\/wp\/v2\/pages\/2"}],"wp:attachment":[{"href":"https:\/\/www.ing.uc.cl\/transporte-y-logistica\/wp-json\/wp\/v2\/media?parent=173"}],"curies":[{"name":"wp","href":"https:\/\/api.w.org\/{rel}","templated":true}]}}

<p>El <strong>Consejo Asesor Empresarial</strong> tiene como objetivo apoyar al Director del Departamento con miras a que la evolución del Departamento y la formación de sus estudiantes vaya acorde al desarrollo de la Industria y del país. El Consejo está integrado por 6 exalumnos destacados del Departamento y sesiona una vez al año.</p>

<div class='rt-container-fluid rt-team-container rt-pos-r rt-team-container-1931' id='rt-team-container-2908364122'  data-layout='layout1' data-desktop-col='3'  data-tab-col='2'  data-mobile-col='1' data-sc-id='1931' data-popup-bg=''><div data-title='Loading ...' class='rt-row rt-content-loader layout1 ttp-even ttp-pre-loader'><div class="rt-col-md-4 rt-col-sm-6 rt-col-xs-12  even-grid-item rt-grid-item" data-id="1927"><div class="single-team-area"><div class="single-team"><figure><img fetchpriority="high" decoding="async" width="400" height="400" src="https://www.ing.uc.cl/transporte-y-logistica/wp-content/uploads/2023/08/AlvaroRoman400.png" class="img-responsive rt-team-img" alt="Álvaro Román" /></figure></div><div class="tlp-content"><h3><span class="team-name">Álvaro Román</span></h3></div><div class="short-bio"><p>Gerente General Transportes CCU</p>
</div></div></div><div class="rt-col-md-4 rt-col-sm-6 rt-col-xs-12  even-grid-item rt-grid-item" data-id="1919"><div class="single-team-area"><div class="single-team"><figure><img decoding="async" width="400" height="400" src="https://www.ing.uc.cl/transporte-y-logistica/wp-content/uploads/2023/08/FelipeBravo400.png" class="img-responsive rt-team-img" alt="Felipe Bravo" /></figure></div><div class="tlp-content"><h3><span class="team-name">Felipe Bravo</span></h3></div><div class="short-bio"><p>Gerente General Metro de Santiago</p>
</div></div></div><div class="rt-col-md-4 rt-col-sm-6 rt-col-xs-12  even-grid-item rt-grid-item" data-id="1926"><div class="single-team-area"><div class="single-team"><figure><img decoding="async" width="400" height="400" src="https://www.ing.uc.cl/transporte-y-logistica/wp-content/uploads/2023/08/FranciscaYanez400.png" class="img-responsive rt-team-img" alt="Francisca Yáñez" /></figure></div><div class="tlp-content"><h3><span class="team-name">Francisca Yáñez</span></h3></div><div class="short-bio"><p>National Technology Officer at Microsoft</p>
</div></div></div><div class="rt-col-md-4 rt-col-sm-6 rt-col-xs-12  even-grid-item rt-grid-item" data-id="1928"><div class="single-team-area"><div class="single-team"><figure><img loading="lazy" decoding="async" width="400" height="400" src="https://www.ing.uc.cl/transporte-y-logistica/wp-content/uploads/2023/08/GabrielaLeon400.png" class="img-responsive rt-team-img" alt="M. Gabriela León" /></figure></div><div class="tlp-content"><h3><span class="team-name">M. Gabriela León</span></h3></div><div class="short-bio"><p>Director Planificación y Desarrollo JetSmart Airlines</p>
</div></div></div><div class="rt-col-md-4 rt-col-sm-6 rt-col-xs-12  even-grid-item rt-grid-item" data-id="1929"><div class="single-team-area"><div class="single-team"><figure><img loading="lazy" decoding="async" width="400" height="400" src="https://www.ing.uc.cl/transporte-y-logistica/wp-content/uploads/2023/08/PhilippeBurq400.png" class="img-responsive rt-team-img" alt="Philippe Burq" /></figure></div><div class="tlp-content"><h3><span class="team-name">Philippe Burq</span></h3></div><div class="short-bio"><p>Associate Partner McKinsey &amp; Company</p>
</div></div></div><div class="rt-col-md-4 rt-col-sm-6 rt-col-xs-12  even-grid-item rt-grid-item" data-id="1930"><div class="single-team-area"><div class="single-team"><figure><img loading="lazy" decoding="async" width="400" height="400" src="https://www.ing.uc.cl/transporte-y-logistica/wp-content/uploads/2023/08/UrsulaVelarde400-400x400.png" class="img-responsive rt-team-img" alt="Úrsula Velarde" /></figure></div><div class="tlp-content"><h3><span class="team-name">Úrsula Velarde</span></h3></div><div class="short-bio"><p>Associate Director Steer</p>
</div></div></div><div class="rt-loading-overlay"></div><div class="rt-loading rt-ball-clip-rotate"><div></div></div></div></div>

<p>El Consejo Asesor Empresarial tiene como objetivo apoyar al Director del Departamento con miras a que la evolución del Departamento y la formación de sus estudiantes vaya acorde al desarrollo de la Industria y del país. El Consejo está integrado por 6 exalumnos destacados del Departamento y sesiona una vez al año.</p>

<!-- This site is optimized with the Yoast SEO plugin v27.5 - https://yoast.com/product/yoast-seo-wordpress/ -->
<title>Consejo Asesor - Departamento de Ingeniería de Transporte y Logística</title>
<meta name="robots" content="index, follow, max-snippet:-1, max-image-preview:large, max-video-preview:-1" />
<link rel="canonical" href="https://www.ing.uc.cl/transporte-y-logistica/departamento/infraestructura/" />
<meta property="og:locale" content="es_ES" />
<meta property="og:type" content="article" />
<meta property="og:title" content="Consejo Asesor - Departamento de Ingeniería de Transporte y Logística" />
<meta property="og:description" content="El Consejo Asesor Empresarial tiene como objetivo apoyar al Director del Departamento con miras a que la evolución del Departamento y la formación de sus estudiantes vaya acorde al desarrollo de la Industria y del país. El Consejo está integrado por 6 exalumnos destacados del Departamento y sesiona una vez al año." />
<meta property="og:url" content="https://www.ing.uc.cl/transporte-y-logistica/departamento/infraestructura/" />
<meta property="og:site_name" content="Departamento de Ingeniería de Transporte y Logística" />
<meta property="article:modified_time" content="2024-09-12T19:52:10+00:00" />
<meta name="twitter:card" content="summary_large_image" />
<meta name="twitter:label1" content="Tiempo de lectura" />
	<meta name="twitter:data1" content="1 minuto" />
<script type="application/ld+json" class="yoast-schema-graph">{"@context":"https:\/\/schema.org","@graph":[{"@type":"WebPage","@id":"https:\/\/www.ing.uc.cl\/transporte-y-logistica\/departamento\/infraestructura\/","url":"https:\/\/www.ing.uc.cl\/transporte-y-logistica\/departamento\/infraestructura\/","name":"Consejo Asesor - Departamento de Ingeniería de Transporte y Logística","isPartOf":{"@id":"https:\/\/www.ing.uc.cl\/transporte-y-logistica\/#website"},"datePublished":"2021-04-08T19:16:25+00:00","dateModified":"2024-09-12T19:52:10+00:00","breadcrumb":{"@id":"https:\/\/www.ing.uc.cl\/transporte-y-logistica\/departamento\/infraestructura\/#breadcrumb"},"inLanguage":"es","potentialAction":[{"@type":"ReadAction","target":["https:\/\/www.ing.uc.cl\/transporte-y-logistica\/departamento\/infraestructura\/"]}]},{"@type":"BreadcrumbList","@id":"https:\/\/www.ing.uc.cl\/transporte-y-logistica\/departamento\/infraestructura\/#breadcrumb","itemListElement":[{"@type":"ListItem","position":1,"name":"Portada","item":"https:\/\/www.ing.uc.cl\/transporte-y-logistica\/"},{"@type":"ListItem","position":2,"name":"Departamento","item":"https:\/\/www.ing.uc.cl\/transporte-y-logistica\/departamento\/"},{"@type":"ListItem","position":3,"name":"Consejo Asesor"}]},{"@type":"WebSite","@id":"https:\/\/www.ing.uc.cl\/transporte-y-logistica\/#website","url":"https:\/\/www.ing.uc.cl\/transporte-y-logistica\/","name":"Departamento de Ingeniería de Transporte y Logística","description":"DITL","potentialAction":[{"@type":"SearchAction","target":{"@type":"EntryPoint","urlTemplate":"https:\/\/www.ing.uc.cl\/transporte-y-logistica\/?s={search_term_string}"},"query-input":{"@type":"PropertyValueSpecification","valueRequired":true,"valueName":"search_term_string"}}],"inLanguage":"es"}]}</script>
<!-- / Yoast SEO plugin. -->

Consejo Asesor - Departamento de Ingeniería de Transporte y Logística

El Consejo Asesor Empresarial tiene como objetivo apoyar al Director del Departamento con miras a que la evolución del Departamento y la formación de sus estudiantes vaya acorde al desarrollo de la Industria y del país. El Consejo está integrado por 6 exalumnos destacados del Departamento y sesiona una vez al año.

Departamento de Ingeniería de Transporte y Logística
