{"id":276,"date":"2021-04-09T18:08:41","date_gmt":"2021-04-09T21:08:41","guid":{"rendered":"https:\/\/www.ing.uc.cl\/transporte-y-logistica\/?page_id=276"},"modified":"2025-03-18T13:05:23","modified_gmt":"2025-03-18T16:05:23","slug":"doctorado","status":"publish","type":"page","link":"https:\/\/www.ing.uc.cl\/transporte-y-logistica\/postgrado\/doctorado\/","title":{"rendered":"Doctorado"},"content":{"rendered":"\t\t<div data-elementor-type=\"wp-page\" data-elementor-id=\"276\" class=\"elementor elementor-276\">\n\t\t\t\t\t\t<section class=\"elementor-section elementor-top-section elementor-element elementor-element-9f6eaf7 elementor-section-boxed elementor-section-height-default elementor-section-height-default\" data-id=\"9f6eaf7\" data-element_type=\"section\" data-e-type=\"section\">\n\t\t\t\t\t\t<div class=\"elementor-container elementor-column-gap-default\">\n\t\t\t\t\t<div class=\"elementor-column elementor-col-100 elementor-top-column elementor-element elementor-element-6f44bd4\" data-id=\"6f44bd4\" data-element_type=\"column\" data-e-type=\"column\">\n\t\t\t<div class=\"elementor-widget-wrap elementor-element-populated\">\n\t\t\t\t\t\t<div class=\"elementor-element elementor-element-3d64a88 elementor-widget elementor-widget-heading\" data-id=\"3d64a88\" data-element_type=\"widget\" data-e-type=\"widget\" data-widget_type=\"heading.default\">\n\t\t\t\t<div class=\"elementor-widget-container\">\n\t\t\t\t\t<h2 class=\"elementor-heading-title elementor-size-default\">Doctorado en Ciencias de la Ingenier\u00eda, \u00c1rea Industrial y Transporte\n<\/h2>\t\t\t\t<\/div>\n\t\t\t\t<\/div>\n\t\t\t\t<div class=\"elementor-element elementor-element-bfa84fc imgazul elementor-widget elementor-widget-image\" data-id=\"bfa84fc\" data-element_type=\"widget\" data-e-type=\"widget\" data-widget_type=\"image.default\">\n\t\t\t\t<div class=\"elementor-widget-container\">\n\t\t\t\t\t\t\t\t\t\t\t\t\t\t\t<img fetchpriority=\"high\" decoding=\"async\" width=\"1998\" height=\"990\" src=\"https:\/\/www.ing.uc.cl\/transporte-y-logistica\/wp-content\/uploads\/2023\/10\/bsnnrtdoctorado.png\" class=\"attachment-full size-full wp-image-11578\" alt=\"\" srcset=\"https:\/\/www.ing.uc.cl\/transporte-y-logistica\/wp-content\/uploads\/2023\/10\/bsnnrtdoctorado.png 1998w, https:\/\/www.ing.uc.cl\/transporte-y-logistica\/wp-content\/uploads\/2023\/10\/bsnnrtdoctorado-300x149.png 300w, https:\/\/www.ing.uc.cl\/transporte-y-logistica\/wp-content\/uploads\/2023\/10\/bsnnrtdoctorado-1024x507.png 1024w, https:\/\/www.ing.uc.cl\/transporte-y-logistica\/wp-content\/uploads\/2023\/10\/bsnnrtdoctorado-768x381.png 768w, https:\/\/www.ing.uc.cl\/transporte-y-logistica\/wp-content\/uploads\/2023\/10\/bsnnrtdoctorado-1536x761.png 1536w, https:\/\/www.ing.uc.cl\/transporte-y-logistica\/wp-content\/uploads\/2023\/10\/bsnnrtdoctorado-400x198.png 400w\" sizes=\"(max-width: 1998px) 100vw, 1998px\" \/>\t\t\t\t\t\t\t\t\t\t\t\t\t\t\t<\/div>\n\t\t\t\t<\/div>\n\t\t\t\t<div class=\"elementor-element elementor-element-db03925 elementor-widget elementor-widget-text-editor\" data-id=\"db03925\" data-element_type=\"widget\" data-e-type=\"widget\" data-widget_type=\"text-editor.default\">\n\t\t\t\t<div class=\"elementor-widget-container\">\n\t\t\t\t\t\t\t\t\t<p>El objetivo del Programa de Doctorado en Ciencias de la Ingenier\u00eda, es formar investigadores al m\u00e1s alto nivel, que posean un amplio dominio en un sector de su disciplina en Ciencias de la Ingenier\u00eda. Adem\u00e1s, deben ser capaces de desarrollar conocimiento cient\u00edfico\/tecnol\u00f3gico realizando una investigaci\u00f3n independiente que constituya un aporte original al conocimiento.<\/p>\n<p>Los doctorandos en esta \u00e1rea adquirir\u00e1n capacidades especiales para enfrentar problemas de manera creativa y eficiente en las siguientes l\u00edneas dos grandes l\u00edneas de investigaci\u00f3n:&nbsp;<\/p>\t\t\t\t\t\t\t\t<\/div>\n\t\t\t\t<\/div>\n\t\t\t\t<div class=\"elementor-element elementor-element-1e92232 elementor-widget elementor-widget-eael-adv-accordion\" data-id=\"1e92232\" data-element_type=\"widget\" data-e-type=\"widget\" data-widget_type=\"eael-adv-accordion.default\">\n\t\t\t\t<div class=\"elementor-widget-container\">\n\t\t\t\t\t            <div class=\"eael-adv-accordion\" id=\"eael-adv-accordion-1e92232\" data-scroll-on-click=\"no\" data-scroll-speed=\"300\" data-accordion-id=\"1e92232\" data-accordion-type=\"accordion\" data-toogle-speed=\"300\">\n            <div class=\"eael-accordion-list\">\n\t\t\t\t\t<div id=\"economa-y-planificacin-de-sistemas-de-transporte\" class=\"elementor-tab-title eael-accordion-header\" tabindex=\"0\" data-tab=\"1\" aria-controls=\"elementor-tab-content-3201\"><span class=\"eael-advanced-accordion-icon-closed\"><i aria-hidden=\"true\" class=\"fa-accordion-icon fas fa-plus\"><\/i><\/span><span class=\"eael-advanced-accordion-icon-opened\"><i aria-hidden=\"true\" class=\"fa-accordion-icon fas fa-minus\"><\/i><\/span><span class=\"eael-accordion-tab-title\">Econom\u00eda y Planificaci\u00f3n de Sistemas de Transporte<\/span><i aria-hidden=\"true\" class=\"fa-toggle fas fa-angle-right\"><\/i><\/div><div id=\"elementor-tab-content-3201\" class=\"eael-accordion-content clearfix\" data-tab=\"1\" aria-labelledby=\"economa-y-planificacin-de-sistemas-de-transporte\"><p>Esta l\u00ednea se enfoca en el estudio de los mercados de transporte bajo una \u00f3ptica microecon\u00f3mica, prestando especial atenci\u00f3n a problemas de regulaci\u00f3n, externalidades y provisi\u00f3n de bienes p\u00fablicos propios del sector transporte. El instrumental de an\u00e1lisis utilizado en esta l\u00ednea corresponde a modelos microecon\u00f3micos, modelos estad\u00edsticos y econom\u00e9tricos, y modelos de optimizaci\u00f3n. Esta l\u00ednea de investigaci\u00f3n incluye el desarrollo de modelos de Demanda de Transporte y el estudio de la interacci\u00f3n entre los mercados de uso de suelo y transporte a nivel urbano.<\/p><p><strong><em>Profesores de esta l\u00ednea de investigaci\u00f3n:<\/em><\/strong><\/p><p><a href=\"https:\/\/www.ing.uc.cl\/transporte-y-logistica\/team\/camila-balbontin\/\">Camila Balbontin<\/a><\/p><p><a href=\"https:\/\/www.ing.uc.cl\/transporte-y-logistica\/team\/ricardo-hurtubia\/\">Ricardo Hurtubia<\/a><\/p><p><a href=\"https:\/\/www.ing.uc.cl\/transporte-y-logistica\/team\/sebastian-raveau\/\">Sebasti\u00e1n Raveau<\/a><\/p><p><a href=\"https:\/\/www.ing.uc.cl\/transporte-y-logistica\/team\/luis-rizzi\/\">Luis Rizzi<\/a><\/p><p><a href=\"https:\/\/www.ing.uc.cl\/transporte-y-logistica\/team\/hugo-silva\/\">Hugo Silva<\/a><\/p><\/div>\n\t\t\t\t\t<\/div><div class=\"eael-accordion-list\">\n\t\t\t\t\t<div id=\"gestin-y-operaciones-de-sistemas-de-transporte-y-logstica\" class=\"elementor-tab-title eael-accordion-header\" tabindex=\"0\" data-tab=\"2\" aria-controls=\"elementor-tab-content-3202\"><span class=\"eael-advanced-accordion-icon-closed\"><i aria-hidden=\"true\" class=\"fa-accordion-icon fas fa-plus\"><\/i><\/span><span class=\"eael-advanced-accordion-icon-opened\"><i aria-hidden=\"true\" class=\"fa-accordion-icon fas fa-minus\"><\/i><\/span><span class=\"eael-accordion-tab-title\">Gesti\u00f3n y Operaciones de Sistemas de Transporte y Log\u00edstica<\/span><i aria-hidden=\"true\" class=\"fa-toggle fas fa-angle-right\"><\/i><\/div><div id=\"elementor-tab-content-3202\" class=\"eael-accordion-content clearfix\" data-tab=\"2\" aria-labelledby=\"gestin-y-operaciones-de-sistemas-de-transporte-y-logstica\"><p>Se enfoca en el uso de modelos matem\u00e1ticos avanzados para una\u00a0mejor toma de decisiones operacionales que permitan un uso m\u00e1s eficiente de los recursos disponibles. Estos modelos son aplicados al estudio de problemas en diversas \u00e1reas, como ser tr\u00e1fico vehicular, flujo en redes, operaciones de transporte p\u00fablico, operaciones de transporte a\u00e9reo, localizaci\u00f3n y operaci\u00f3n de terminales y centros de distribuci\u00f3n, y dise\u00f1o, operaci\u00f3n y control de sistemas log\u00edsticos y de transporte de carga.<\/p><p><strong><em>Profesores de esta l\u00ednea de investigaci\u00f3n:<\/em><\/strong><\/p><p><a href=\"https:\/\/www.ing.uc.cl\/transporte-y-logistica\/team\/felipe-delgado\/\">Felipe Delgado<\/a><\/p><p><a href=\"https:\/\/www.ing.uc.cl\/transporte-y-logistica\/team\/ricardo-giesen\/\">Ricardo Giesen<\/a><\/p><p><a href=\"https:\/\/www.ing.uc.cl\/transporte-y-logistica\/team\/juan-carlos-herrera\/\">Juan Carlos Herrera<\/a><\/p><p><a href=\"https:\/\/www.ing.uc.cl\/transporte-y-logistica\/team\/mathias-klapp\/\">Mathias Klapp<\/a><\/p><p><a href=\"https:\/\/www.ing.uc.cl\/transporte-y-logistica\/team\/homero-larrain\/\">Homero Larrain<\/a><\/p><p><a href=\"https:\/\/www.ing.uc.cl\/transporte-y-logistica\/team\/hans-lobel\/\">Hans L\u00f6bel<\/a><\/p><p><a href=\"https:\/\/www.ing.uc.cl\/transporte-y-logistica\/team\/juan-carlos-munoz\/\">Juan Carlos Mu\u00f1oz<\/a><\/p><\/div>\n\t\t\t\t\t<\/div><\/div>\t\t\t\t<\/div>\n\t\t\t\t<\/div>\n\t\t\t\t<div class=\"elementor-element elementor-element-6e3a7e0 elementor-widget elementor-widget-text-editor\" data-id=\"6e3a7e0\" data-element_type=\"widget\" data-e-type=\"widget\" data-widget_type=\"text-editor.default\">\n\t\t\t\t<div class=\"elementor-widget-container\">\n\t\t\t\t\t\t\t\t\t<p>Con respecto a las l\u00edneas de investigaci\u00f3n propias del Departamento de Transportes y Log\u00edstica, en\u00a0<strong><a href=\"http:\/\/www.ing.puc.cl\/transporte-y-logistica\/investigacion\/lineas-de-investigacion\/\" target=\"_blank\" rel=\"noopener noreferrer\">este v\u00ednculo<\/a><\/strong>\u00a0se puede encontrar sus principales temas y Centros de Investigaci\u00f3n.<\/p><p>Visita los siguientes sitios para m\u00e1s informaci\u00f3n sobre los\u00a0<a href=\"https:\/\/www.ing.uc.cl\/programas-de-estudio\/postgrado\/doctorado-ciencias-la-ingenieria\/requisitos-y-postulacion-2\/\">Requisitos de admisi\u00f3n<\/a>,\u00a0<a href=\"https:\/\/www.ing.uc.cl\/programas-de-estudio\/postgrado\/doctorado-ciencias-la-ingenieria\/plan-de-estudios-2\/\" target=\"_blank\" rel=\"noopener noreferrer\">Plan de Estudios<\/a>\u00a0o sobre\u00a0<a href=\"https:\/\/www.ing.uc.cl\/programas-de-estudio\/postgrado\/doctorado-ciencias-la-ingenieria\/50004-2\/\" target=\"_blank\" rel=\"noopener noreferrer\">admisi\u00f3n, costos y convenios<\/a>.\u00a0<\/p>\t\t\t\t\t\t\t\t<\/div>\n\t\t\t\t<\/div>\n\t\t\t\t\t<\/div>\n\t\t<\/div>\n\t\t\t\t\t<\/div>\n\t\t<\/section>\n\t\t\t\t<\/div>\n\t\t","protected":false},"excerpt":{"rendered":"<p>Doctorado en Ciencias de la Ingenier\u00eda, \u00c1rea Industrial y Transporte El objetivo del Programa de Doctorado en Ciencias de la Ingenier\u00eda, es formar investigadores al m\u00e1s alto nivel, que posean un amplio dominio en un sector de su disciplina en Ciencias de la Ingenier\u00eda. Adem\u00e1s, deben ser capaces de desarrollar conocimiento cient\u00edfico\/tecnol\u00f3gico realizando una investigaci\u00f3n [&hellip;]<\/p>\n","protected":false},"author":6,"featured_media":11573,"parent":1816,"menu_order":32,"comment_status":"closed","ping_status":"closed","template":"","meta":{"_acf_changed":false,"footnotes":""},"class_list":["post-276","page","type-page","status-publish","has-post-thumbnail","hentry","post","post-with-thumbnail","post-with-thumbnail-large"],"acf":[],"yoast_head":"<!-- This site is optimized with the Yoast SEO plugin v27.3 - https:\/\/yoast.com\/product\/yoast-seo-wordpress\/ -->\n<title>Doctorado - Departamento de Ingenier\u00eda de Transporte y Log\u00edstica<\/title>\n<meta name=\"robots\" content=\"index, follow, max-snippet:-1, max-image-preview:large, max-video-preview:-1\" \/>\n<link rel=\"canonical\" href=\"https:\/\/www.ing.uc.cl\/transporte-y-logistica\/postgrado\/doctorado\/\" \/>\n<meta property=\"og:locale\" content=\"es_ES\" \/>\n<meta property=\"og:type\" content=\"article\" \/>\n<meta property=\"og:title\" content=\"Doctorado - Departamento de Ingenier\u00eda de Transporte y Log\u00edstica\" \/>\n<meta property=\"og:description\" content=\"Doctorado en Ciencias de la Ingenier\u00eda, \u00c1rea Industrial y Transporte El objetivo del Programa de Doctorado en Ciencias de la Ingenier\u00eda, es formar investigadores al m\u00e1s alto nivel, que posean un amplio dominio en un sector de su disciplina en Ciencias de la Ingenier\u00eda. Adem\u00e1s, deben ser capaces de desarrollar conocimiento cient\u00edfico\/tecnol\u00f3gico realizando una investigaci\u00f3n [&hellip;]\" \/>\n<meta property=\"og:url\" content=\"https:\/\/www.ing.uc.cl\/transporte-y-logistica\/postgrado\/doctorado\/\" \/>\n<meta property=\"og:site_name\" content=\"Departamento de Ingenier\u00eda de Transporte y Log\u00edstica\" \/>\n<meta property=\"article:modified_time\" content=\"2025-03-18T16:05:23+00:00\" \/>\n<meta property=\"og:image\" content=\"https:\/\/www.ing.uc.cl\/transporte-y-logistica\/wp-content\/uploads\/2023\/10\/doctoradoimagendestacada.png\" \/>\n\t<meta property=\"og:image:width\" content=\"1200\" \/>\n\t<meta property=\"og:image:height\" content=\"628\" \/>\n\t<meta property=\"og:image:type\" content=\"image\/png\" \/>\n<meta name=\"twitter:card\" content=\"summary_large_image\" \/>\n<meta name=\"twitter:label1\" content=\"Tiempo de lectura\" \/>\n\t<meta name=\"twitter:data1\" content=\"2 minutos\" \/>\n<script type=\"application\/ld+json\" class=\"yoast-schema-graph\">{\"@context\":\"https:\\\/\\\/schema.org\",\"@graph\":[{\"@type\":\"WebPage\",\"@id\":\"https:\\\/\\\/www.ing.uc.cl\\\/transporte-y-logistica\\\/postgrado\\\/doctorado\\\/\",\"url\":\"https:\\\/\\\/www.ing.uc.cl\\\/transporte-y-logistica\\\/postgrado\\\/doctorado\\\/\",\"name\":\"Doctorado - Departamento de Ingenier\u00eda de Transporte y Log\u00edstica\",\"isPartOf\":{\"@id\":\"https:\\\/\\\/www.ing.uc.cl\\\/transporte-y-logistica\\\/#website\"},\"primaryImageOfPage\":{\"@id\":\"https:\\\/\\\/www.ing.uc.cl\\\/transporte-y-logistica\\\/postgrado\\\/doctorado\\\/#primaryimage\"},\"image\":{\"@id\":\"https:\\\/\\\/www.ing.uc.cl\\\/transporte-y-logistica\\\/postgrado\\\/doctorado\\\/#primaryimage\"},\"thumbnailUrl\":\"https:\\\/\\\/www.ing.uc.cl\\\/transporte-y-logistica\\\/wp-content\\\/uploads\\\/2023\\\/10\\\/doctoradoimagendestacada.png\",\"datePublished\":\"2021-04-09T21:08:41+00:00\",\"dateModified\":\"2025-03-18T16:05:23+00:00\",\"breadcrumb\":{\"@id\":\"https:\\\/\\\/www.ing.uc.cl\\\/transporte-y-logistica\\\/postgrado\\\/doctorado\\\/#breadcrumb\"},\"inLanguage\":\"es\",\"potentialAction\":[{\"@type\":\"ReadAction\",\"target\":[\"https:\\\/\\\/www.ing.uc.cl\\\/transporte-y-logistica\\\/postgrado\\\/doctorado\\\/\"]}]},{\"@type\":\"ImageObject\",\"inLanguage\":\"es\",\"@id\":\"https:\\\/\\\/www.ing.uc.cl\\\/transporte-y-logistica\\\/postgrado\\\/doctorado\\\/#primaryimage\",\"url\":\"https:\\\/\\\/www.ing.uc.cl\\\/transporte-y-logistica\\\/wp-content\\\/uploads\\\/2023\\\/10\\\/doctoradoimagendestacada.png\",\"contentUrl\":\"https:\\\/\\\/www.ing.uc.cl\\\/transporte-y-logistica\\\/wp-content\\\/uploads\\\/2023\\\/10\\\/doctoradoimagendestacada.png\",\"width\":1200,\"height\":628},{\"@type\":\"BreadcrumbList\",\"@id\":\"https:\\\/\\\/www.ing.uc.cl\\\/transporte-y-logistica\\\/postgrado\\\/doctorado\\\/#breadcrumb\",\"itemListElement\":[{\"@type\":\"ListItem\",\"position\":1,\"name\":\"Portada\",\"item\":\"https:\\\/\\\/www.ing.uc.cl\\\/transporte-y-logistica\\\/\"},{\"@type\":\"ListItem\",\"position\":2,\"name\":\"Postgrado\",\"item\":\"https:\\\/\\\/www.ing.uc.cl\\\/transporte-y-logistica\\\/postgrado\\\/\"},{\"@type\":\"ListItem\",\"position\":3,\"name\":\"Doctorado\"}]},{\"@type\":\"WebSite\",\"@id\":\"https:\\\/\\\/www.ing.uc.cl\\\/transporte-y-logistica\\\/#website\",\"url\":\"https:\\\/\\\/www.ing.uc.cl\\\/transporte-y-logistica\\\/\",\"name\":\"Departamento de Ingenier\u00eda de Transporte y Log\u00edstica\",\"description\":\"DITL\",\"potentialAction\":[{\"@type\":\"SearchAction\",\"target\":{\"@type\":\"EntryPoint\",\"urlTemplate\":\"https:\\\/\\\/www.ing.uc.cl\\\/transporte-y-logistica\\\/?s={search_term_string}\"},\"query-input\":{\"@type\":\"PropertyValueSpecification\",\"valueRequired\":true,\"valueName\":\"search_term_string\"}}],\"inLanguage\":\"es\"}]}<\/script>\n<!-- \/ Yoast SEO plugin. -->","yoast_head_json":{"title":"Doctorado - Departamento de Ingenier\u00eda de Transporte y Log\u00edstica","robots":{"index":"index","follow":"follow","max-snippet":"max-snippet:-1","max-image-preview":"max-image-preview:large","max-video-preview":"max-video-preview:-1"},"canonical":"https:\/\/www.ing.uc.cl\/transporte-y-logistica\/postgrado\/doctorado\/","og_locale":"es_ES","og_type":"article","og_title":"Doctorado - Departamento de Ingenier\u00eda de Transporte y Log\u00edstica","og_description":"Doctorado en Ciencias de la Ingenier\u00eda, \u00c1rea Industrial y Transporte El objetivo del Programa de Doctorado en Ciencias de la Ingenier\u00eda, es formar investigadores al m\u00e1s alto nivel, que posean un amplio dominio en un sector de su disciplina en Ciencias de la Ingenier\u00eda. Adem\u00e1s, deben ser capaces de desarrollar conocimiento cient\u00edfico\/tecnol\u00f3gico realizando una investigaci\u00f3n [&hellip;]","og_url":"https:\/\/www.ing.uc.cl\/transporte-y-logistica\/postgrado\/doctorado\/","og_site_name":"Departamento de Ingenier\u00eda de Transporte y Log\u00edstica","article_modified_time":"2025-03-18T16:05:23+00:00","og_image":[{"width":1200,"height":628,"url":"https:\/\/www.ing.uc.cl\/transporte-y-logistica\/wp-content\/uploads\/2023\/10\/doctoradoimagendestacada.png","type":"image\/png"}],"twitter_card":"summary_large_image","twitter_misc":{"Tiempo de lectura":"2 minutos"},"schema":{"@context":"https:\/\/schema.org","@graph":[{"@type":"WebPage","@id":"https:\/\/www.ing.uc.cl\/transporte-y-logistica\/postgrado\/doctorado\/","url":"https:\/\/www.ing.uc.cl\/transporte-y-logistica\/postgrado\/doctorado\/","name":"Doctorado - Departamento de Ingenier\u00eda de Transporte y Log\u00edstica","isPartOf":{"@id":"https:\/\/www.ing.uc.cl\/transporte-y-logistica\/#website"},"primaryImageOfPage":{"@id":"https:\/\/www.ing.uc.cl\/transporte-y-logistica\/postgrado\/doctorado\/#primaryimage"},"image":{"@id":"https:\/\/www.ing.uc.cl\/transporte-y-logistica\/postgrado\/doctorado\/#primaryimage"},"thumbnailUrl":"https:\/\/www.ing.uc.cl\/transporte-y-logistica\/wp-content\/uploads\/2023\/10\/doctoradoimagendestacada.png","datePublished":"2021-04-09T21:08:41+00:00","dateModified":"2025-03-18T16:05:23+00:00","breadcrumb":{"@id":"https:\/\/www.ing.uc.cl\/transporte-y-logistica\/postgrado\/doctorado\/#breadcrumb"},"inLanguage":"es","potentialAction":[{"@type":"ReadAction","target":["https:\/\/www.ing.uc.cl\/transporte-y-logistica\/postgrado\/doctorado\/"]}]},{"@type":"ImageObject","inLanguage":"es","@id":"https:\/\/www.ing.uc.cl\/transporte-y-logistica\/postgrado\/doctorado\/#primaryimage","url":"https:\/\/www.ing.uc.cl\/transporte-y-logistica\/wp-content\/uploads\/2023\/10\/doctoradoimagendestacada.png","contentUrl":"https:\/\/www.ing.uc.cl\/transporte-y-logistica\/wp-content\/uploads\/2023\/10\/doctoradoimagendestacada.png","width":1200,"height":628},{"@type":"BreadcrumbList","@id":"https:\/\/www.ing.uc.cl\/transporte-y-logistica\/postgrado\/doctorado\/#breadcrumb","itemListElement":[{"@type":"ListItem","position":1,"name":"Portada","item":"https:\/\/www.ing.uc.cl\/transporte-y-logistica\/"},{"@type":"ListItem","position":2,"name":"Postgrado","item":"https:\/\/www.ing.uc.cl\/transporte-y-logistica\/postgrado\/"},{"@type":"ListItem","position":3,"name":"Doctorado"}]},{"@type":"WebSite","@id":"https:\/\/www.ing.uc.cl\/transporte-y-logistica\/#website","url":"https:\/\/www.ing.uc.cl\/transporte-y-logistica\/","name":"Departamento de Ingenier\u00eda de Transporte y Log\u00edstica","description":"DITL","potentialAction":[{"@type":"SearchAction","target":{"@type":"EntryPoint","urlTemplate":"https:\/\/www.ing.uc.cl\/transporte-y-logistica\/?s={search_term_string}"},"query-input":{"@type":"PropertyValueSpecification","valueRequired":true,"valueName":"search_term_string"}}],"inLanguage":"es"}]}},"_links":{"self":[{"href":"https:\/\/www.ing.uc.cl\/transporte-y-logistica\/wp-json\/wp\/v2\/pages\/276","targetHints":{"allow":["GET"]}}],"collection":[{"href":"https:\/\/www.ing.uc.cl\/transporte-y-logistica\/wp-json\/wp\/v2\/pages"}],"about":[{"href":"https:\/\/www.ing.uc.cl\/transporte-y-logistica\/wp-json\/wp\/v2\/types\/page"}],"author":[{"embeddable":true,"href":"https:\/\/www.ing.uc.cl\/transporte-y-logistica\/wp-json\/wp\/v2\/users\/6"}],"replies":[{"embeddable":true,"href":"https:\/\/www.ing.uc.cl\/transporte-y-logistica\/wp-json\/wp\/v2\/comments?post=276"}],"version-history":[{"count":52,"href":"https:\/\/www.ing.uc.cl\/transporte-y-logistica\/wp-json\/wp\/v2\/pages\/276\/revisions"}],"predecessor-version":[{"id":12897,"href":"https:\/\/www.ing.uc.cl\/transporte-y-logistica\/wp-json\/wp\/v2\/pages\/276\/revisions\/12897"}],"up":[{"embeddable":true,"href":"https:\/\/www.ing.uc.cl\/transporte-y-logistica\/wp-json\/wp\/v2\/pages\/1816"}],"wp:featuredmedia":[{"embeddable":true,"href":"https:\/\/www.ing.uc.cl\/transporte-y-logistica\/wp-json\/wp\/v2\/media\/11573"}],"wp:attachment":[{"href":"https:\/\/www.ing.uc.cl\/transporte-y-logistica\/wp-json\/wp\/v2\/media?parent=276"}],"curies":[{"name":"wp","href":"https:\/\/api.w.org\/{rel}","templated":true}]}}